{"id":10905,"date":"2023-05-07T22:52:41","date_gmt":"2023-05-07T20:52:41","guid":{"rendered":"https:\/\/www.parafiawierzbno.com.pl\/?page_id=10905"},"modified":"2023-05-28T07:46:15","modified_gmt":"2023-05-28T05:46:15","slug":"ogloszenia-maj-2023","status":"publish","type":"page","link":"https:\/\/www.parafiawierzbno.com.pl\/?page_id=10905","title":{"rendered":"Og\u0142oszenia &#8211; Maj 2023"},"content":{"rendered":"<p><a title=\"Og\u0142oszenia parafialne\" href=\"https:\/\/www.parafiawierzbno.com.pl\/?page_id=225\">Powr\u00f3t do listy og\u0142osze\u0144<\/a><\/p>\n<h4 style=\"text-align: center;\"><strong>ZES\u0141ANIE DUCHA \u015aWI\u0118TEGO<br \/>\n28 maja 2023<br \/>\n<\/strong><strong>OG\u0141OSZENIA DUSZPASTERSKIE<\/strong><\/h4>\n<p>1. W dzisiejsz\u0105 uroczysto\u015b\u0107 Zes\u0142ania Ducha \u015awi\u0119tego, nazywan\u0105 w Polsce Zielonymi \u015awi\u0105tkami, ko\u0144czy si\u0119 okres Wielkanocy. Ko\u015bci\u00f3\u0142 modli si\u0119: \u201ePanie, nasz Bo\u017ce, spraw, aby zgodnie z obietnic\u0105 Twojego Syna Duch \u015awi\u0119ty da\u0142 nam g\u0142\u0119biej zrozumie\u0107 tajemnice Eucharystii i doprowadzi\u0142 nas do ca\u0142ej prawdy\u201d. On umacnia to, co s\u0142abe, prostuje to, co b\u0142\u0119dne, rozgrzewa ozi\u0119b\u0142e i przynosi b\u0142ogos\u0142awie\u0144stwo pokoju. A my, poddaj\u0105c si\u0119 Jego \u015bwiat\u0142u i Jego ciep\u0142u, jak uczniowie zgromadzeni wok\u00f3\u0142 Maryi w Wieczerniku, mo\u017cemy o&nbsp;tym za\u015bwiadczy\u0107 w codziennym \u017cyciu. Nie l\u0119kajmy si\u0119, On wszystkiego nas nauczy. Tylko otw\u00f3rzmy si\u0119 na Jego \u015bwiat\u0142o i pami\u0119tajmy, \u017ce ka\u017cda Eucharystia jest wci\u0105\u017c dokonuj\u0105c\u0105 si\u0119 Pi\u0119\u0107dziesi\u0105tnic\u0105!<\/p>\n<p>2. Dzisiaj taca ekonomiczna. W kwietniu z\u0142o\u017cono 1858 z\u0142. B\u00f3g zap\u0142a\u0107.<\/p>\n<p>3.Jutro, w poniedzia\u0142ek, 29 maja (tradycyjnie drugi dzie\u0144 Zielonych \u015awi\u0105t), obchodzimy \u015bwi\u0119to Naj\u015bwi\u0119tszej Maryi Panny Matki Ko\u015bcio\u0142a. Poniedzia\u0142kowe \u015bwi\u0119to podkre\u015bla rol\u0119, jak\u0105 Maryja pe\u0142ni w historii zbawienia i w mistycznym Ciele Chrystusa \u2013 Ko\u015bciele. Msze \u015bwi\u0119te o godz. 9.00 i 18.00.<\/p>\n<p>4. W \u015brod\u0119, 31 maja, przypada \u015bwi\u0119to Nawiedzenia Naj\u015bwi\u0119tszej Maryi Panny. Ona jest \u015bwi\u0105tyni\u0105 Ducha \u015awi\u0119tego od chwili Zwiastowania i niesie go innym, jak swojej krewnej \u2013 El\u017cbiecie podczas nawiedzenia, aby m\u00f3g\u0142 si\u0119 dalej rozlewa\u0107 na ca\u0142e stworzenie.<\/p>\n<p>5. W tym tygodniu wchodzimy w miesi\u0105c czerwiec po\u015bwi\u0119cony Naj\u015bwi\u0119tszemu Sercu Pana Jezusa. W naszym ko\u015bciele codziennie o godz. 18.30 b\u0119dziemy celebrowali nabo\u017ce\u0144stwa czerwcowe, podczas kt\u00f3rych odmawiamy Litani\u0119 do Serca Pana Jezusa. Licznie ucz\u0119szczajmy na te nabo\u017ce\u0144stwa, aby wynagrodzi\u0107 Panu Bogu wszystkie nasze grzechy i nieprawo\u015bci. Podobnie jak w maju, niech ta czerwcowa modlitwa b\u0119dzie te\u017c celebrowana w domach, przy przydro\u017cnych kapliczkach i krzy\u017cach. Jest bowiem wyrazem naszej wiary w wielkie mi\u0142osierdzie Bo\u017ce.<\/p>\n<p>6. W czwartek, 1 czerwca, b\u0119dziemy prze\u017cywali \u015bwi\u0119to Jezusa Chrystusa, Najwy\u017cszego i&nbsp;Wiecznego Kap\u0142ana. W Ko\u015bciele w Polsce jest ono obchodzone od 2013 roku. Niech to b\u0119dzie dzie\u0144 szczeg\u00f3lnej modlitwy naszej wsp\u00f3lnoty parafialnej za powo\u0142anych do kap\u0142a\u0144stwa, o ich \u015bwi\u0119to\u015b\u0107 i wytrwa\u0142o\u015b\u0107 w kap\u0142a\u0144skim pos\u0142ugiwaniu. Nasz\u0105 modlitewn\u0105 pami\u0119ci\u0105 obejmiemy te\u017c diakon\u00f3w i kleryk\u00f3w naszej diecezji, kt\u00f3rzy przygotowuj\u0105 si\u0119 do kap\u0142a\u0144stwa.<\/p>\n<p>7. W obchodzony r\u00f3wnie\u017c w najbli\u017cszy czwartek Mi\u0119dzynarodowy Dzie\u0144 Dziecka na Eucharysti\u0119 o godz. 18.00 zapraszam przede wszystkim dzieci z rodzicami, aby wsp\u00f3lnie modli\u0107 si\u0119 o czyste i dobre serca dla nich, o ich duchowy wzrost i bezpiecze\u0144stwo w trudnych czasach. Po Mszy \u015bwi\u0119tej specjalne b\u0142ogos\u0142awie\u0144stwo dzieci.<\/p>\n<p>8. W tym tygodniu przypada pierwszy czwartek, pierwszy pi\u0105tek i pierwsza sobota miesi\u0105ca. &nbsp;W naszym ko\u015bciele w pi\u0105tek adoracja Naj\u015bwi\u0119tszego Sakramentu od godz. 17.00.<\/p>\n<p>9. W przysz\u0142\u0105 niedziel\u0119, 4 czerwca, b\u0119dziemy obchodzili uroczysto\u015b\u0107 Naj\u015bwi\u0119tszej Tr\u00f3jcy. Jednocze\u015bnie b\u0119dzie to doroczny Dzie\u0144 dzi\u0119kczynienia. Procesja po Mszy \u015bwi\u0119tej o godz. 11.00.<\/p>\n<p>10. Dzieci I-wszokomunijne z\u0142o\u017cy\u0142y na misje 610 z\u0142. B\u00f3g zap\u0142a\u0107<\/p>\n<p>11. Na remont dzwonnicy ofiar\u0119 po 100 z\u0142., z\u0142o\u017cyli Teresa Szyma\u0144ska i rodzina Jaworowskich z Wierzbna. B\u00f3g zap\u0142a\u0107.<\/p>\n<p>12. Dzi\u0119kuj\u0119 za sprz\u0105tanie ko\u015bcio\u0142a rodzinom Dariusz Radzio, Miros\u0142awa Trojanowska, Jan G\u00f3jski, Halina Wiel\u0105dek z Lasu Jaworskiego. &nbsp;W przysz\u0142ym tygodniu zapraszam rodziny &nbsp;S\u0142awomir Szcz\u0119sny, Czes\u0142aw Chmielewski, Pawe\u0142 Smolarski z Sobonia .<\/p>\n<p>13. Na stoliku wy\u0142o\u017cony jest nowy numer Echa katolickiego.<\/p>\n<p>14. Wszystkim solenizantom i jubilatom, kt\u00f3rzy b\u0119d\u0105 prze\u017cywali swoje \u015bwi\u0119to w najbli\u017cszych dniach, \u017cycz\u0119 Bo\u017cego b\u0142og. i obfito\u015bci Bo\u017cych \u0142ask.<\/p>\n<p>15. Do przyj\u0119cia sakramentu ma\u0142\u017ce\u0144stwa przygotowuj\u0105 si\u0119 Weronika Karczewska panna z Pobratym, par. M.B. Kr\u00f3lowej Korony Polskiej i Micha\u0142 Brzuszkiewicz kawaler z Jaworka, par. tut. Zap. I. Pami\u0119tajmy w naszych modlitwach o przygotowuj\u0105cych si\u0119 do przyj\u0119cia sakramentu ma\u0142\u017ce\u0144stwa.<\/p>\n<p>&nbsp;<\/p>\n<h4 style=\"text-align: center;\"><strong>WNIEBOWST\u0104PIENIE PA\u0143SKIE<br \/>\n21 maja 2023<br \/>\n<\/strong><strong>OG\u0141OSZENIA DUSZPASTERSKIE<\/strong><\/h4>\n<p>1. Dzi\u015b uroczysto\u015b\u0107 Wniebowst\u0105pienia Pa\u0144skiego. W Ko\u015bciele jest obchodzona ju\u017c od V&nbsp;wieku. Chrystus Pan, zanim opu\u015bci\u0142 ziemi\u0119, powiedzia\u0142 do Aposto\u0142\u00f3w: \u201eA Ja, gdy zostan\u0119 nad ziemi\u0119 wywy\u017cszony, przyci\u0105gn\u0119 wszystkich do siebie\u201d (J 12,32). I t\u0142umaczy\u0142 im, \u017ce Jego odej\u015bcie jest potrzebne, aby m\u00f3g\u0142 zes\u0142a\u0107 Ducha Pocieszyciela. Po z\u0142o\u017conej z samego siebie Ofierze Nowego i Wiecznego Przymierza wszed\u0142 do chwa\u0142y Ojca, aby wstawia\u0107 si\u0119 za nami, aby przygotowa\u0107 nam miejsce. My wpatrujemy si\u0119 w g\u00f3r\u0119, ka\u017cdego dnia pod\u0105\u017camy za Nim, obieramy ten w\u0142a\u015bnie kierunek, krocz\u0105c po ziemskich drogach wiary. Moc do tej w\u0119dr\u00f3wki czerpiemy z samego Chrystusa obecnego w Eucharystii, odwag\u0119 i si\u0142y \u2013 z Ducha \u015awi\u0119tego, kt\u00f3ry nieustannie nas wspiera i pociesza.<\/p>\n<p>2. W dniu wczorajszym dziewi\u0119cioro dzieci po raz pierwszy przyj\u0119\u0142o do swojego serca Pana Jezusa. M\u00f3dlmy si\u0119 za nich, aby ca\u0142e \u017cycie trwa\u0142y w jedno\u015bci ze Zbawicielem. Dzi\u0119kuj\u0119 rodzicom tych dzieci za dar o\u0142tarza \u2013 lavabo, naczynie do obmycia.<\/p>\n<p>3. W kalendarzu liturgicznym pod dat\u0105 24 maja umieszczone zosta\u0142o specjalne liturgiczne wspomnienie Naj\u015bwi\u0119tszej Maryi Panny Wspomo\u017cycielki Wiernych. Ona po wniebowst\u0105pieniu Chrystusa z Gronem Dwunastu i uczni\u00f3w trwa\u0142a na modlitwie w&nbsp;oczekiwaniu na Ducha Pocieszyciela. Dlatego w\u0142a\u015bnie do Niej Ko\u015bci\u00f3\u0142 ucieka\u0142 si\u0119 od pocz\u0105tku we wszystkich potrzebach i troskach. I dzi\u015b wierzymy, \u017ce Maryja jest Szafark\u0105 Bo\u017cych \u0142ask i dba o swoje dzieci.<\/p>\n<p>4. W pi\u0105tek, 26 maja, przypada Dzie\u0144 Matki. Niech nie zabraknie wdzi\u0119cznej pami\u0119ci o&nbsp;naszych mamach, tych \u017cyj\u0105cych i tych, kt\u00f3re Pan B\u00f3g przywo\u0142a\u0142 ju\u017c do siebie. Na Eucharystii o godz. 18.00 przez wstawiennictwo Naj\u015bwi\u0119tszej z wszystkich matek, Maryi, b\u0119dziemy dzi\u0119kowa\u0107 Bogu za nasze mamy, za ich dobre serca i r\u0119ce, b\u0119dziemy prosi\u0107 o potrzebne \u0142aski w ich codziennym utrudzeniu.<\/p>\n<p>6. W przysz\u0142\u0105 niedziel\u0119, 28 maja, przypada uroczysto\u015b\u0107 Zes\u0142ania Ducha \u015awi\u0119tego, tak zwane Zielone \u015awi\u0105tki. Warto te\u017c pami\u0119ta\u0107, \u017ce niedziela ta ko\u0144czy okres Wielkanocy i \u017ce to ostatni moment, aby zado\u015b\u0107uczyni\u0107 przykazaniu ko\u015bcielnemu nakazuj\u0105cemu spowied\u017a i Komuni\u0119 \u015awi\u0119t\u0105 wielkanocn\u0105. Wigili\u0119 tej uroczysto\u015bci b\u0119dziemy \u015bwi\u0119towa\u0107 ju\u017c w sobot\u0119, 27 maja. Do tej uroczysto\u015bci &nbsp;przygotowujemy si\u0119 przez specjaln\u0105 nowenn\u0119. W\u0142\u0105czmy si\u0119 do tej modlitwy podczas liturgii w naszym ko\u015bciele lub prywatnie odmawiajmy j\u0105 w domu.<\/p>\n<p>7. W naszym ko\u015bciele w maju codziennie&nbsp; nabo\u017ce\u0144stwa majowe ku czci Matki Naj\u015bwi\u0119tszej o godz. 18.0 \u2013 w poniedzia\u0142ek natomiast&nbsp; we wtorek,&nbsp; \u015brod\u0119, za\u015b we&nbsp; czwartek, pi\u0105tek i sobot\u0119 o godz. 18.30&nbsp; We\u017amy udzia\u0142 w tym modlitewnym uwielbieniu Matki naszego Pana i naszej. W tak wielu sprawach osobistych, rodzinnych i narodowych mo\u017cemy i powinni\u015bmy prosi\u0107 o Jej wstawiennictwo.<\/p>\n<p>8. Zosta\u0142y postawione rusztowania. Na wtorek, \u015brod\u0119 i czwartek zapraszam pan\u00f3w do zbijania tynk\u00f3w. Prosz\u0119 o przyniesienie ze sob\u0105 d\u0142ut i m\u0142otk\u00f3w<\/p>\n<p>9. Dzisiaj po\u015bwi\u0119cenie p\u00f3l w Wierzbnie w godz. 15.30, natomiast we wtorek w Jan\u00f3wku,&nbsp; w pi\u0105tek Sobo\u0144 na zako\u0144czenie Msza swi\u0119ta, w sobot\u0119&nbsp; Jaworek pocz\u0105tek&nbsp; o godz. 16.00 .<\/p>\n<p>10. Do puszek dla rodziny Wojty\u0144skich z W\u00f3lki z\u0142o\u017cono 4211 z\u0142. B\u00f3g zap\u0142a\u0107.<\/p>\n<p>11. Przysz\u0142a niedziela \u2013 ostatnia miesi\u0105ca. Taca ekonomiczna na remont dzwonnicy.<\/p>\n<p>12. Dzi\u0119kuj\u0119 za sprz\u0105tanie ko\u015bcio\u0142a rodzinom rodzic\u00f3w dzieci z kl. III. W przysz\u0142ym tygodniu zapraszam rodziny &nbsp;Dariusz Radzio, Miros\u0142awa Trojanowska, Jan G\u00f3jski, Halina Wiel\u0105dek z Lasu Jaworskiego<\/p>\n<p>13. Na stoliku wy\u0142o\u017cony jest nowy numer Echa katolickiego.<\/p>\n<p>14. Wszystkim solenizantom i jubilatom, kt\u00f3rzy b\u0119d\u0105 prze\u017cywali swoje \u015bwi\u0119to w najbli\u017cszych dniach, \u017cycz\u0119 Bo\u017cego b\u0142og. i obfito\u015bci Bo\u017cych \u0142ask.<\/p>\n<h4 style=\"text-align: center;\"><strong>SZ\u00d3STA NIEDZIELA WIELKANOCY<br \/>\n14 maja 2023<br \/>\n<\/strong><strong>OG\u0141OSZENIA DUSZPASTERSKIE<\/strong><\/h4>\n<p>1. Przez kolejne dni maja kroczymy z Maryj\u0105, opromienieni i rado\u015bni Pasch\u0105 Jej Syna. Dzi\u015b, w sz\u00f3st\u0105 niedziel\u0119 Wielkanocy, gromadzimy si\u0119 wok\u00f3\u0142 o\u0142tarza, \u017ceby to misterium paschalne mog\u0142o przemieni\u0107 ca\u0142e nasze \u017cycie. Przyjmowanie sakrament\u00f3w \u015bwi\u0119tych, zw\u0142aszcza pe\u0142ny udzia\u0142 w Eucharystii, ws\u0142uchiwanie si\u0119 w s\u0142owo Bo\u017ce \u2013 to wszystko otwiera nas na Najwy\u017cszego, kt\u00f3ry zadziwia swoj\u0105 moc\u0105, dobroci\u0105 i bezinteresowno\u015bci\u0105. Tak rodzi si\u0119 nasza wiara, nadzieja i mi\u0142o\u015b\u0107 \u2013 dobro, kt\u00f3rym mo\u017cna i trzeba si\u0119 dzieli\u0107 z innymi. W\u0142a\u015bnie w ten spos\u00f3b stajemy si\u0119 sol\u0105 dla ziemi, nadajemy w\u0142a\u015bciwy sens naszej doczesno\u015bci.<\/p>\n<p>2. Dzisiaj zbi\u00f3rka do puszek dla poszkodowanej w po\u017carze rodziny Wojty\u0144skich z W\u00f3lki.<\/p>\n<p>3. W poniedzia\u0142ek rozpoczniemy doroczne Dni modlitw o urodzaje i za kraje g\u0142oduj\u0105ce. Do \u015brody w\u0142\u0105cznie przez wstawiennictwo Maryi b\u0119dziemy prosili o Bo\u017ce b\u0142ogos\u0142awie\u0144stwo dla ci\u0119\u017cko pracuj\u0105cych na roli, o sprzyjaj\u0105c\u0105 pogod\u0119 dla wzrostu zasiew\u00f3w i obfitych plon\u00f3w, aby nikomu w naszej ojczy\u017anie i na ca\u0142ym \u015bwiecie nie brakowa\u0142o chleba powszedniego.<\/p>\n<p>4. Za\u015b we wtorek, 16 maja, przypada \u015bwi\u0119to kolejnego patrona Polski, \u015awi\u0119tego Andrzeja Boboli, kap\u0142ana i m\u0119czennika. \u017by\u0142 na prze\u0142omie XVI i XVII wieku. Dnia 16 maja 1657 roku zosta\u0142 schwytany przez Kozak\u00f3w. Mimo okrutnych tortur, nie wyrzek\u0142 si\u0119 wiary w Jezusa Chrystusa. Niech ten \u015awi\u0119ty Patron b\u0119dzie dla nas wzorem bezkompromisowo\u015bci wiary i&nbsp;przywi\u0105zania do Zbawiciela, a zarazem or\u0119downikiem w trudnym budowaniu \u0142adu i jedno\u015bci w naszej ojczy\u017anie i we wsp\u00f3lnocie narod\u00f3w.<\/p>\n<p>5. W czwartek, 18 maja, przypada 103. rocznica urodzin \u015awi\u0119tego Jana Paw\u0142a II. Tego dnia podzi\u0119kujmy Bo\u017cej Opatrzno\u015bci za wielki dar jego d\u0142ugiego pontyfikatu, za przyk\u0142ad mocnej wiary i heroicznej mi\u0142o\u015bci, jaki nam pozostawi\u0142. Wbrew wszelkim atakom na jego osob\u0119 wpatrujmy si\u0119 w jego \u015bwi\u0119te \u017cycie, aby na jego wz\u00f3r ka\u017cdego dnia, krok po kroku by\u0107 bli\u017cej Pana Boga. I jak on ca\u0142kowicie zawierzmy Maryi nasze rodziny i nasze osobiste codzienne sprawy.<\/p>\n<p>6. W naszym ko\u015bciele w maju codziennie&nbsp; nabo\u017ce\u0144stwa majowe ku czci Matki Naj\u015bwi\u0119tszej o godz. 18.0 \u2013 w poniedzia\u0142ek, wtorek,&nbsp; \u015brod\u0119, za\u015b we&nbsp; czwartek, pi\u0105tek i sobot\u0119 o godz. 18.30 &nbsp;We\u017amy udzia\u0142 w tym modlitewnym uwielbieniu Matki naszego Pana i naszej. W tak wielu sprawach osobistych, rodzinnych i narodowych mo\u017cemy i powinni\u015bmy prosi\u0107 o Jej wstawiennictwo.<\/p>\n<p>7. Zosta\u0142y postawione rusztowania. Na \u015brod\u0119, czwartek i pi\u0105tek zapraszam pan\u00f3w do zbijania tynk\u00f3w.<\/p>\n<p>8. W pi\u0105tek o godz. 16.00 spowied\u017a dla uczni\u00f3w kl. III i ich rodzin a w sobot\u0119 o godz. 11.00 uroczysto\u015b\u0107 I-wszej Komunii \u015bwi\u0119tej.<\/p>\n<p>9. W przysz\u0142\u0105 niedziel\u0119 przypada uroczysto\u015b\u0107 Wniebowst\u0105pienia Pa\u0144skiego, za\u015b w pi\u0105tek rozpoczniemy przez nowenn\u0119 &nbsp;przygotowania do uroczysto\u015bci Zes\u0142ania Ducha \u015awi\u0119tego.&nbsp;<\/p>\n<p>10. W przysz\u0142\u0105 niedziel\u0119 po Mszy \u015bwi\u0119tej o godz. 11.00 kr\u00f3tka inscenizacja przybli\u017caj\u0105ca nam posta\u0107 ks. Stanis\u0142awa Brz\u00f3ski.<\/p>\n<p>11. Po\u015bwi\u0119cenie p\u00f3l w Wierzbnie w przysz\u0142\u0105 niedziel\u0119 o godz. 15.30<\/p>\n<p>12. 16 maja w godz. od 9.00 do 15.00 w \u015bwietlicy w Karczewcu pracownicy O\u015brodka Doradztwa Rolniczego b\u0119d\u0105 s\u0142u\u017cyli pomoc\u0105 w wype\u0142nianiu wniosk\u00f3w o p\u0142atno\u015bci bezpo\u015brednie w 2023 r.<\/p>\n<p>13. Dzi\u0119kuj\u0119 za sprz\u0105tanie ko\u015bcio\u0142a rodzinom Marek Wiel\u0105dek, Bogus\u0142aw Aleksandrowicz, Robert Matusik z&nbsp; Lasu Jaworskiego. W przysz\u0142ym tygodniu zapraszam rodzic\u00f3w dzieci z kl. III.<\/p>\n<p>14. Na stoliku wy\u0142o\u017cony jest nowy numer Echa katolickiego.<\/p>\n<p>15. Wszystkim solenizantom i jubilatom, kt\u00f3rzy b\u0119d\u0105 prze\u017cywali swoje \u015bwi\u0119to w najbli\u017cszych dniach, \u017cycz\u0119 Bo\u017cego b\u0142og. i obfito\u015bci Bo\u017cych \u0142ask.<\/p>\n<h4 style=\"text-align: center;\"><strong>PI\u0104TA NIEDZIELA WIELKANOCY<\/strong><br \/>\n<strong>7 maja 2023<\/strong><br \/>\n<strong>OG\u0141OSZENIA DUSZPASTERSKIE<\/strong><\/h4>\n<p>1. Dzi\u015b kolejna \u2013 pi\u0105ta niedziela Wielkanocy. Gromadzimy si\u0119 na Eucharystii, kt\u00f3ra jest darem niesko\u0144czonej mi\u0142o\u015bci Boga. Mo\u017cemy ten Wielkanocny Sakrament przyj\u0105\u0107 i pozwoli\u0107, aby przemienia\u0142 nas wewn\u0119trznie, czyni\u0142 nas coraz bardziej podobnymi do Chrystusa. Wszyscy jeste\u015bmy zaproszeni, aby ju\u017c tu, na ziemi, zacz\u0105\u0107 wchodzi\u0107 w \u015bwi\u0119t\u0105 rzeczywisto\u015b\u0107 Nieba. Najdoskonalsz\u0105 Nauczycielk\u0105 na tej drodze jest dla nas Maryja \u2013 Ta, kt\u00f3ra wypowiedziawszy przy zwiastowaniu \u201efiat\u201d, nigdy go nie cofn\u0119\u0142a, nigdy nie odst\u0105pi\u0142a od Bo\u017cego Syna, sz\u0142a z Nim a\u017c na Kalwari\u0119, trwa\u0142a w komunii za\u0142o\u017conej przez Niego wsp\u00f3lnoty \u2013 Ko\u015bcio\u0142a.<\/p>\n<p>2. A w poniedzia\u0142ek, 8 maja, przypada uroczysto\u015b\u0107 \u015awi\u0119tego Stanis\u0142awa, biskupa i&nbsp;m\u0119czennika, g\u0142\u00f3wnego patrona Polski. Jest on wzorem dla tych, kt\u00f3rzy kropla po kropli maj\u0105 oddawa\u0107 codziennie swoje \u017cycie dla gromadzenia Chrystusowej owczarni. B\u0119dziemy wi\u0119c prosi\u0107 \u015awi\u0119tego Stanis\u0142awa o wstawiennictwo, aby powo\u0142ania kap\u0142a\u0144skie, budz\u0105ce si\u0119 na polskiej ziemi, by\u0142y naprawd\u0119 godne i \u015bwi\u0119te.<\/p>\n<p>3. W sobot\u0119, 13 maja, w liturgii wspominamy Matk\u0119 Bo\u017c\u0105 Fatimsk\u0105 oraz rocznic\u0119 zamachu na \u015awi\u0119tego Jana Paw\u0142a II. Wobec nieustaj\u0105cych atak\u00f3w na jego osob\u0119, maj\u0105c przed oczami wydarzenia z 13 maja 1981 roku, tym bardziej wpatrujmy si\u0119 w jego \u015bwi\u0119te \u017cycie, na jego wz\u00f3r starajmy si\u0119 \u017cy\u0107 w pe\u0142nej komunii z Panem Bogiem i ca\u0142kowicie zawierzmy Maryi nasze rodziny i nasze osobiste codzienne sprawy.<\/p>\n<p>4.&nbsp; W naszym ko\u015bciele w maju codziennie &nbsp;nabo\u017ce\u0144stwa majowe ku czci Matki Naj\u015bwi\u0119tszej o godz. 18.30 \u2013 w poniedzia\u0142ek, \u015brod\u0119, pi\u0105tek, za\u015b we wtorek, czwartek i sobot\u0119 o godz. 18.00 &nbsp;We\u017amy udzia\u0142 w tym modlitewnym uwielbieniu Matki naszego Pana i naszej. W tak wielu sprawach osobistych, rodzinnych i narodowych mo\u017cemy i powinni\u015bmy prosi\u0107 o Jej wstawiennictwo.<\/p>\n<p>5. W poniedzia\u0142ek, \u015brod\u0119 i pi\u0105tek o godz. 16.30 spotkanie dla dzieci z kl. III.<\/p>\n<p>6. W tym tygodniu o godz. 16.00 po\u015bwi\u0119cenie p\u00f3l \u2013 we wtorek Las Jaworski i Helen\u00f3w, we czwartek Wygl\u0119d\u00f3wek, w sobot\u0119 W\u00f3lka i \u015awidno, w niedziel\u0119 Wierzbno.<\/p>\n<p>7. W przysz\u0142\u0105 niedziel\u0119 po Mszy \u015bwi\u0119tej o godz. 9.00 zmiana tajemnic r\u00f3\u017ca\u0144ca dla Rodzic\u00f3w modl\u0105cych si\u0119 za dzieci, o 10.30 r\u00f3\u017caniec za zmar\u0142ych polecanych w wypominkach spoza parafii, a po Mszy \u015bwi\u0119tej o godz. 11.00 zmiana tajemnic r\u00f3\u017ca\u0144ca K\u017bR m\u0119\u017cczyzn.<\/p>\n<p>8. Ofiary sk\u0142adane dzisiaj na tac\u0119 s\u0105 przeznaczone na WSD w Siedlcach.<\/p>\n<p>9. W przysz\u0142\u0105 niedziel\u0119 zbi\u00f3rka do puszek dla poszkodowanej w po\u017carze rodziny Wojty\u0144skich z W\u00f3lki.<\/p>\n<p>10. Dzi\u0119kuj\u0119 za sprz\u0105tanie ko\u015bcio\u0142a rodzinom Zofia Leszczy\u0144ska, Pawe\u0142 Polkowski, Stanis\u0142aw Wiel\u0105dek z&nbsp; Lasu Jaworskiego. W przysz\u0142ym tygodniu zapraszam rodziny Marek Wiel\u0105dek, Bogus\u0142aw Aleksandrowicz, Robert Matusik z&nbsp; Lasu Jaworskiego<\/p>\n<p>11. Na stoliku wy\u0142o\u017cony jest nowy numer Echa katolickiego.<\/p>\n<p>12. Wszystkim solenizantom i jubilatom, kt\u00f3rzy b\u0119d\u0105 prze\u017cywali swoje \u015bwi\u0119to w najbli\u017cszych dniach, \u017cycz\u0119 Bo\u017cego b\u0142og. i obfito\u015bci Bo\u017cych \u0142ask.<\/p>\n","protected":false},"excerpt":{"rendered":"<p>Powr\u00f3t do listy og\u0142osze\u0144 ZES\u0141ANIE DUCHA \u015aWI\u0118TEGO 28 maja 2023 OG\u0141OSZENIA DUSZPASTERSKIE 1. W dzisiejsz\u0105 uroczysto\u015b\u0107 Zes\u0142ania Ducha \u015awi\u0119tego, nazywan\u0105 w Polsce Zielonymi \u015awi\u0105tkami, ko\u0144czy si\u0119 okres Wielkanocy. Ko\u015bci\u00f3\u0142 modli si\u0119: \u201ePanie, nasz Bo\u017ce, spraw, aby zgodnie z obietnic\u0105 Twojego Syna Duch \u015awi\u0119ty da\u0142 nam g\u0142\u0119biej zrozumie\u0107 tajemnice Eucharystii i doprowadzi\u0142 nas do ca\u0142ej prawdy\u201d. On umacnia to, co s\u0142abe, prostuje to, co b\u0142\u0119dne, rozgrzewa ozi\u0119b\u0142e i przynosi b\u0142ogos\u0142awie\u0144stwo pokoju. A my, poddaj\u0105c si\u0119 Jego \u015bwiat\u0142u i Jego ciep\u0142u, jak uczniowie zgromadzeni wok\u00f3\u0142 Maryi w Wieczerniku, mo\u017cemy o&nbsp;tym za\u015bwiadczy\u0107 w codziennym \u017cyciu. Nie l\u0119kajmy si\u0119, On wszystkiego nas nauczy. Tylko otw\u00f3rzmy si\u0119 na Jego \u015bwiat\u0142o i pami\u0119tajmy, \u017ce ka\u017cda Eucharystia jest wci\u0105\u017c dokonuj\u0105c\u0105 si\u0119 Pi\u0119\u0107dziesi\u0105tnic\u0105! 2. Dzisiaj taca ekonomiczna. W kwietniu z\u0142o\u017cono 1858 z\u0142. B\u00f3g zap\u0142a\u0107. 3.Jutro, w poniedzia\u0142ek, 29 maja (tradycyjnie drugi dzie\u0144 Zielonych \u015awi\u0105t), obchodzimy \u015bwi\u0119to Naj\u015bwi\u0119tszej Maryi Panny Matki Ko\u015bcio\u0142a. Poniedzia\u0142kowe \u015bwi\u0119to podkre\u015bla rol\u0119, jak\u0105 Maryja pe\u0142ni \u2026 <a class=\"continue-reading-link\" href=\"https:\/\/www.parafiawierzbno.com.pl\/?page_id=10905\">Czytaj dalej <span class=\"meta-nav\">&rarr; <\/span><\/a><\/p>\n","protected":false},"author":1,"featured_media":0,"parent":225,"menu_order":0,"comment_status":"closed","ping_status":"closed","template":"","meta":{"ngg_post_thumbnail":0},"_links":{"self":[{"href":"https:\/\/www.parafiawierzbno.com.pl\/index.php?rest_route=\/wp\/v2\/pages\/10905"}],"collection":[{"href":"https:\/\/www.parafiawierzbno.com.pl\/index.php?rest_route=\/wp\/v2\/pages"}],"about":[{"href":"https:\/\/www.parafiawierzbno.com.pl\/index.php?rest_route=\/wp\/v2\/types\/page"}],"author":[{"embeddable":true,"href":"https:\/\/www.parafiawierzbno.com.pl\/index.php?rest_route=\/wp\/v2\/users\/1"}],"replies":[{"embeddable":true,"href":"https:\/\/www.parafiawierzbno.com.pl\/index.php?rest_route=%2Fwp%2Fv2%2Fcomments&post=10905"}],"version-history":[{"count":6,"href":"https:\/\/www.parafiawierzbno.com.pl\/index.php?rest_route=\/wp\/v2\/pages\/10905\/revisions"}],"predecessor-version":[{"id":10921,"href":"https:\/\/www.parafiawierzbno.com.pl\/index.php?rest_route=\/wp\/v2\/pages\/10905\/revisions\/10921"}],"up":[{"embeddable":true,"href":"https:\/\/www.parafiawierzbno.com.pl\/index.php?rest_route=\/wp\/v2\/pages\/225"}],"wp:attachment":[{"href":"https:\/\/www.parafiawierzbno.com.pl\/index.php?rest_route=%2Fwp%2Fv2%2Fmedia&parent=10905"}],"curies":[{"name":"wp","href":"https:\/\/api.w.org\/{rel}","templated":true}]}}