{"id":10940,"date":"2023-07-02T23:01:35","date_gmt":"2023-07-02T21:01:35","guid":{"rendered":"https:\/\/www.parafiawierzbno.com.pl\/?page_id=10940"},"modified":"2023-07-30T21:45:25","modified_gmt":"2023-07-30T19:45:25","slug":"ogloszenia-lipiec-2023","status":"publish","type":"page","link":"https:\/\/www.parafiawierzbno.com.pl\/?page_id=10940","title":{"rendered":"Og\u0142oszenia &#8211; Lipiec 2023"},"content":{"rendered":"<p><a title=\"Og\u0142oszenia parafialne\" href=\"https:\/\/www.parafiawierzbno.com.pl\/?page_id=225\">Powr\u00f3t do listy og\u0142osze\u0144<\/a><\/p>\n<h4 style=\"text-align: center;\"><strong>SIEDEMNASTA NIEDZIELA W CI\u0104GU ROKU<br \/>\n30 lipca 2023<br \/>\n<\/strong><strong>OG\u0141OSZENIA DUSZPASTERSKIE<\/strong><\/h4>\n<p>1. W najbli\u017cszym tygodniu przekroczymy progi sierpnia. To miesi\u0105c dla nas szczeg\u00f3lny na p\u0142aszczy\u017anie religijnej, jak i historycznej. W tym miesi\u0105cu ze wszystkich stron Polski i&nbsp;Europy setki tysi\u0119cy pielgrzym\u00f3w zd\u0105\u017caj\u0105 na Jasn\u0105 G\u00f3r\u0119. \u0141\u0105czmy si\u0119 w modlitwie z tymi, kt\u00f3rzy podj\u0119li trud wyj\u015bcia na p\u0105tnicze szlaki. W\u0142\u0105czmy si\u0119 te\u017c w wielk\u0105 modlitw\u0119 o&nbsp;trze\u017awo\u015b\u0107 naszego narodu. Mo\u017ce dla wyrwania z na\u0142ogu pija\u0144stwa czy narkomanii kogo\u015b bliskiego, znajomego warto ofiarowa\u0107 Panu Bogu czasow\u0105 lub ca\u0142kowit\u0105 abstynencj\u0119! Naszym po\u015brednikiem w modlitwie o trze\u017awo\u015b\u0107 jest \u015awi\u0119ty Maksymilian Maria Kolbe.<\/p>\n<p>2. Dzisiaj taca ekonomiczna. W czerwcu z\u0142o\u017cono 1496 z\u0142. B\u00f3g zap\u0142a\u0107.<\/p>\n<p>3.We wtorek, 1 sierpnia, przypada odpust Porcjunkuli, zwi\u0105zany z postaci\u0105 \u015awi\u0119tego Franciszka z Asy\u017cu. Warunkiem jego uzyskania jest wzbudzenie w\u0142a\u015bciwej intencji, stan \u0142aski u\u015bwi\u0119caj\u0105cej, modlitwa w intencjach wyznaczonych przez papie\u017ca oraz nawiedzenie parafialnego ko\u015bcio\u0142a. Dok\u0142adnie odpust ten mo\u017cna uzyska\u0107 w czasie od po\u0142udnia 1 sierpnia do p\u00f3\u0142nocy 2 sierpnia. Skorzystajmy z tej nadzwyczajnej \u0142aski darowania kar doczesnych za grzechy odpuszczone w sakramencie pojednania, a jeszcze przez nas nie naprawione.<\/p>\n<p>4. Tego samego dnia mija 79. rocznica wybuchu powstania warszawskiego. Poleg\u0142ym za wolno\u015b\u0107 ojczyzny winni jeste\u015bmy przynajmniej nasz\u0105 modlitewn\u0105 pami\u0119\u0107.<\/p>\n<p>5. We czwartek b\u0119dziemy go\u015bcili Pielgrzymk\u0119 Bia\u0142ostock\u0105. Prosz\u0119 o przygotowanie pierog\u00f3w, ciasta, inne produkty te\u017c mile widziane. Zapraszam Panie do przygotowania kolacji dla pielgrzym\u00f3w. Natomiast w sobot\u0119 b\u0119dziemy go\u015bcili pielgrzymk\u0119 rowerow\u0105.<\/p>\n<p>Zach\u0119cam do duchowej pielgrzymki. Karty duchowego uczestnictwa wy\u0142o\u017cone s\u0105 na stoliku.<\/p>\n<p>6. W pi\u0105tek, 4 sierpnia, w liturgii wspominamy \u015awi\u0119tego Jana Mari\u0119 Vianneya, patrona wszystkich proboszcz\u00f3w.<\/p>\n<p>7. W tym tygodniu przypada pierwszy czwartek, pierwszy pi\u0105tek i pierwsza sobota miesi\u0105ca. W czwartek podzi\u0119kujemy za dar Eucharystii i&nbsp;kap\u0142a\u0144stwa, b\u0119dziemy prosili o nowe i \u015bwi\u0119te powo\u0142ania do pracy w Pa\u0144skiej Winnicy, tak\u017ce z naszej wsp\u00f3lnoty parafialnej. W pi\u0105tek pragniemy wype\u0142ni\u0107 pro\u015bb\u0119 Pana Jezusa o&nbsp;modlitw\u0119 wynagradzaj\u0105c\u0105 za grzechy nasze i ca\u0142ego \u015bwiata, co uczynimy podczas adoracji Naj\u015bwi\u0119tszego Sakramentu od godz. 17.00 oraz podczas pierwszopi\u0105tkowego nabo\u017ce\u0144stwa. A&nbsp;w sobot\u0119 uczcimy Matk\u0119 Naj\u015bwi\u0119tsz\u0105 i powierzymy Jej matczynej opiece ca\u0142\u0105 nasz\u0105 codzienno\u015b\u0107. Przysz\u0142a niedziela, pierwsza miesi\u0105ca \u2013 po Mszy \u015bw. o godz. 11.00 nabo\u017ce\u0144stwo adoracyjne i procesja Eucharystyczna.<\/p>\n<p>8. W przysz\u0142\u0105 niedziel\u0119, 6 sierpnia, przypada \u015bwi\u0119to Przemienienia Pa\u0144skiego. W Ko\u015bciele obchodzone jest ju\u017c od VI wieku, a w Polsce znane od XI wieku. Akt przemienienia pozwala Aposto\u0142om i nam zrozumie\u0107, jak mizerne i niepe\u0142ne s\u0105 nasze wyobra\u017cenia o Bogu. To lekcja pokory wobec majestatu pot\u0119gi Bo\u017cej. I dzisiaj ka\u017cdego z nas Chrystus wzywa do przemiany.<\/p>\n<p>9. W minionym tygodniu na remont dzwonnicy z\u0142o\u017cono 500 z\u0142. Ofiara bezimienna. B\u00f3g zap\u0142a\u0107.<\/p>\n<p>10. Dzi\u0119kuj\u0119 za sprz\u0105tanie ko\u015bcio\u0142a rodzinom Mieczys\u0142awa Lipi\u0144ska, Dariusz Wojty\u0144ski, Bronis\u0142aw Sobiepanek ze&nbsp; \u015awidna . W przysz\u0142ym tygodniu zapraszam rodziny Jan, Mateusz i Micha\u0142 Tomkiewiczowie, Rafa\u0142 Jasi\u0144ski ze&nbsp; \u015awidna .<\/p>\n<p>11. Na stoliku wy\u0142o\u017cony jest nowy numer Echa katolickiego.<\/p>\n<p>12. Wszystkim solenizantom i jubilatom, kt\u00f3rzy b\u0119d\u0105 prze\u017cywali swoje \u015bwi\u0119to w najbli\u017cszych dniach, \u017cycz\u0119 Bo\u017cego b\u0142og. i obfito\u015bci Bo\u017cych \u0142ask.<\/p>\n<h4 style=\"text-align: center;\"><strong>SZESNASTA NIEDZIELA W CI\u0104GU ROKU<br \/>\n23 lipca 2023<br \/>\n<\/strong><strong>OG\u0141OSZENIA DUSZPASTERSKIE<\/strong><\/h4>\n<p>1. W dzisiejsz\u0105 niedziel\u0119, w blisko\u015bci \u015brodowego wspomnienia liturgicznego \u015awi\u0119tych Joachima i Anny, w ca\u0142ym Ko\u015bciele powszechnym obchodzimy \u015awiatowy Dzie\u0144 Dziadk\u00f3w i&nbsp;Os\u00f3b Starszych. Kiedy Papie\u017c Franciszek w 2021 roku ustanawia\u0142 \u015awiatowy Dzie\u0144 Dziadk\u00f3w i Os\u00f3b Starszych i wpisuj\u0105c ten dzie\u0144 do kalendarza obchod\u00f3w ko\u015bcielnych, pragn\u0105\u0142 podkre\u015bli\u0107 ich obecno\u015b\u0107 i rol\u0119 tak\u017ce w rodzinach oraz&nbsp;lokalnych spo\u0142eczno\u015bciach.<\/p>\n<p>2. Dzisiaj te\u017c z racji przypadaj\u0105cego we wtorek liturgicznego wspomnienia \u015awi\u0119tego Krzysztofa, patrona kierowc\u00f3w i podr\u00f3\u017cuj\u0105cych, po wszystkich Mszach \u015awi\u0119tych pob\u0142ogos\u0142awimy pojazdy mechaniczne i b\u0119dziemy si\u0119 modlili o roztropne ich wykorzystywanie. Ofiary sk\u0142adane przy tej okazji s\u0105 przeznaczone na zakup pojazd\u00f3w dla misjonarzy.<\/p>\n<p>3. We wtorek, 25 lipca, obchodzimy \u015bwi\u0119to \u015awi\u0119tego Jakuba Aposto\u0142a. Zosta\u0142 powo\u0142any jako jeden z pierwszych uczni\u00f3w. Spo\u015br\u00f3d Aposto\u0142\u00f3w jest pierwszym, a po Szczepanie drugim m\u0119czennikiem Ko\u015bcio\u0142a. Jego kr\u00f3tkie \u017cycie nie jest pora\u017ck\u0105, a raczej \u015bwiadczy o tym, \u017ce tylko mi\u0142o\u015b\u0107 i pokorna s\u0142u\u017cba s\u0105 drog\u0105 do prawdziwej wielko\u015bci.<\/p>\n<p>4. W \u015brod\u0119, 26 lipca, w liturgii wspominamy \u015awi\u0119tych Joachima i Ann\u0119, rodzic\u00f3w Naj\u015bwi\u0119tszej Maryi Panny. W dzisiejszych trudnych czasach pomniejszania roli rodziny warto zwr\u00f3ci\u0107 si\u0119 w modlitwie do tych \u015awi\u0119tych Ma\u0142\u017conk\u00f3w, prosz\u0105c o pomoc w budowaniu silnej Bogiem polskiej rodziny. M\u00f3dlmy si\u0119 te\u017c za naszych rodzic\u00f3w i dziadk\u00f3w, tych \u017cyj\u0105cych oraz powo\u0142anych ju\u017c do wieczno\u015bci.<\/p>\n<p>5. W sobot\u0119, 29 lipca, przypada liturgiczne \u2013 na mocy decyzji papie\u017ca Franciszka \u2013 wsp\u00f3lne wspomnienie \u015awi\u0119tych Marty, Marii i \u0141azarza. Uzasadniaj\u0105c papiesk\u0105 decyzj\u0119 o&nbsp;wpisaniu &nbsp;Og\u00f3lnego Kalendarza Rzymskiego, Kongregacja ds. Kultu Bo\u017cego przypomnia\u0142a, \u017ce w ich domu w Betanii Pan Jezus do\u015bwiadczy\u0142 rodzinnej atmosfery i przyja\u017ani. Wpatrujmy si\u0119 w ich przyk\u0142ad, aby\u015bmy tak samo jak oni otwartym sercem przyjmowali Pana Jezusa, jednocze\u015bnie pilnie s\u0142uchali Jego nauki i z wdzi\u0119czno\u015bci\u0105 przyjmowali \u0142aski, kt\u00f3rymi nas obdarza.<\/p>\n<p>6. Przysz\u0142a niedziela \u2013 ostatnia miesi\u0105ca. Taca ekonomiczna<\/p>\n<p>7. Dzi\u0119kuj\u0119 za sprz\u0105tanie ko\u015bcio\u0142a rodzinom Andrzej Patoka, Tadeusz Giersz, S\u0142awomir Tafil z &nbsp;Sobonia. W przysz\u0142ym tygodniu zapraszam rodziny Mieczys\u0142awa Lipi\u0144ska, Dariusz Wojty\u0144ski, Bronis\u0142aw Sobiepanek ze&nbsp; \u015awidna .<\/p>\n<p>8. Na stoliku wy\u0142o\u017cony jest nowy numer Echa katolickiego.<\/p>\n<p>9. Wszystkim solenizantom i jubilatom, kt\u00f3rzy b\u0119d\u0105 prze\u017cywali swoje \u015bwi\u0119to w najbli\u017cszych dniach, \u017cycz\u0119 Bo\u017cego b\u0142og. i obfito\u015bci Bo\u017cych \u0142ask.<\/p>\n<p>10. W minionym tygodniu do wieczno\u015bci odesz\u0142a + Maria Trepte l. 78 pochodz\u0105ca z Warszawy. Pogrzeb we wtorek. Wieczny odpoczynek racz jej da\u0107 Panie\u2026<\/p>\n<h4 style=\"text-align: center;\"><strong>PI\u0118TNASTA NIEDZIELA W CI\u0104GU ROKU<br \/>\n16 lipca 2023<br \/>\n<\/strong><strong>OG\u0141OSZENIA DUSZPASTERSKIE<\/strong><\/h4>\n<p>1. Pami\u0119tajmy o w\u0142a\u015bciwym wykorzystaniu podarowanego nam czasu wakacji. To nie jest czas wolny od przykaza\u0144 Bo\u017cych i ko\u015bcielnych! Niech sprzyja pog\u0142\u0119bieniu naszych relacji z&nbsp;Bogiem, umocnieniu wiary, nawr\u00f3ceniu. Temu w\u0142a\u015bnie s\u0142u\u017cy ka\u017cda niedzielna Eucharystia. Nie rezygnujmy z tego najcenniejszego realnego spotkania z Panem Jezusem, tak \u0142atwo zastawiaj\u0105c si\u0119 wakacjami, oddaleniem \u015bwi\u0105tyni. Wierzy\u0107 w Chrystusa \u2013 to znaczy by\u0107 Jego \u015bwiadkiem wobec bli\u017anich i \u015bwiata; to znaczy by\u0107 \u015bwiat\u0142em dla wsp\u00f3\u0142czesnego \u015bwiata!<\/p>\n<p>2. W sobot\u0119, &nbsp;22 lipca, w kalendarzu liturgicznym przypada \u015bwi\u0119to \u015awi\u0119tej Marii Magdaleny, patronki dobrej przemiany. Magdalena, wierna uczennica Chrystusa, by\u0142a przy Jego \u015bmierci i&nbsp;pierwsza ujrza\u0142a Go po zmartwychwstaniu wczesnym rankiem dnia paschalnego (Mk 16,9). Zyska\u0142a tytu\u0142 aposto\u0142ki Aposto\u0142\u00f3w, poniewa\u017c to ona pierwsza zanios\u0142a im radosn\u0105 wie\u015b\u0107 o&nbsp;zmartwychwstaniu Pana.<\/p>\n<p>3. W przysz\u0142\u0105 niedziel\u0119, 23 lipca, w blisko\u015bci wspomnienia \u015awi\u0119tych Joachima i Anny (26&nbsp;lipca), przypada trzeci \u015awiatowy Dzie\u0144 Dziadk\u00f3w i Os\u00f3b Starszych. Jako temat tego Dnia papie\u017c Franciszek wybra\u0142 s\u0142owa: \u201eMi\u0142osierdzie Jego z pokolenia na pokolenie\u201d (\u0141k 1, 50). \u015awiatowy Dzie\u0144 Dziadk\u00f3w i Os\u00f3b Starszych to nie tylko przypomnienie i&nbsp;docenienie ich niezast\u0105pionej roli. Papie\u017c Franciszek pragnie podkre\u015bli\u0107 &nbsp;ich obecno\u015b\u0107 i rol\u0119 w&nbsp;rodzinach oraz&nbsp;spo\u0142eczno\u015bciach lokalnych. \u201eCz\u0119sto zapomina si\u0119 o dziadkach. Nie zapominajmy o&nbsp;bogactwie stania na stra\u017cy korzeni\u201d W&nbsp;naszej wsp\u00f3lnocie mamy wiele os\u00f3b w&nbsp;podesz\u0142ym wieku, tym bardziej i nie tylko w t\u0119 przysz\u0142\u0105 niedziel\u0119 b\u0105d\u017amy blisko nich i&nbsp;polecajmy ich szczeg\u00f3lnej opiece opatrzno\u015bci Bo\u017cej.<\/p>\n<p>4. Poniewa\u017c we wtorek, 25 lipca, czcimy \u015awi\u0119tego Krzysztofa, m\u0119czennika z po\u0142owy III&nbsp;wieku, patrona kierowc\u00f3w i podr\u00f3\u017cuj\u0105cych, ju\u017c w przysz\u0142\u0105 niedziel\u0119 w naszej parafii pob\u0142ogos\u0142awimy pojazdy mechaniczne i b\u0119dziemy si\u0119 modlili o roztropne ich wykorzystywanie. Niech ta modlitwa nie ogranicza si\u0119 do jednego dnia w&nbsp;roku. Niech nam nigdy nie zabraknie rozs\u0105dku i wyobra\u017ani na drodze.<\/p>\n<p>5. Spotkanie rady parafialnej &nbsp;w przysz\u0142\u0105 niedziel\u0119 o godz. 16.00<\/p>\n<p>6. Na remont dzwonnicy ofiar\u0119&nbsp; 1000 z\u0142., z\u0142o\u017cy\u0142a rodzina Popowskich z Wierzbna i 300 z\u0142., Janusz Doma\u0144ski z Jaworka . B\u00f3g zap\u0142a\u0107.<\/p>\n<p>7. Dzi\u0119kuj\u0119 za sprz\u0105tanie ko\u015bcio\u0142a rodzinom Teresa \u0141ukasiak, Zbigniew \u0141ukasiak, Janusz \u0141ukasiak z &nbsp;Sobonia. W przysz\u0142ym tygodniu zapraszam rodziny Andrzej Patoka, Tadeusz Giersz, S\u0142awomir Tafil z&nbsp; Sobonia .<\/p>\n<p>8. Na stoliku wy\u0142o\u017cony jest nowy numer Echa katolickiego.<\/p>\n<p>9. Do przyj\u0119cia sakramentu ma\u0142\u017ce\u0144stwa przygotowuj\u0105 si\u0119 Magdalena Laskowska panna, zam. Ogr\u00f3dek, par. \u015bw. Bart\u0142omieja w Gr\u0119bkowie i Pawe\u0142 Pi\u00f3rek, kaw. zam. Wierzbno, par. tut. Zap. III<\/p>\n<p>10. Wszystkim solenizantom i jubilatom, kt\u00f3rzy b\u0119d\u0105 prze\u017cywali swoje \u015bwi\u0119to w najbli\u017cszych dniach, \u017cycz\u0119 Bo\u017cego b\u0142og. i obfito\u015bci Bo\u017cych \u0142ask.<\/p>\n<h4 style=\"text-align: center;\"><strong>CZTERNASTA NIEDZIELA W CI\u0104GU ROKU<br \/>\n9 lipca 2023<br \/>\n<\/strong><strong>OG\u0141OSZENIA DUSZPASTERSKIE<\/strong><\/h4>\n<p>1. Dzi\u015b kolejna lipcowa niedziela, 14. w tak zwanym okresie zwyk\u0142ym roku liturgicznego. W&nbsp;czasie wakacji i urlop\u00f3w nie zapominajmy o \u015bwi\u0119towaniu Dnia Pa\u0144skiego. Niech na trasach wakacyjnych w\u0119dr\u00f3wek nie zabraknie \u015bwi\u0105ty\u0144. W ka\u017cdej z nich na spotkanie z nami czeka Zbawiciel \u2013 Jezus Chrystus. Pami\u0119tajmy, aby nasze zachowanie w czasie ich zwiedzania by\u0142o nacechowane powag\u0105 i nale\u017cn\u0105 czci\u0105 dla Boga obecnego w Naj\u015bwi\u0119tszym Sakramencie. Pami\u0119tajmy o godnym stroju, o ciszy i cho\u0107by kr\u00f3tkiej modlitwie uwielbienia.<\/p>\n<p>2. &nbsp;Dzisiaj po Mszy \u015bwi\u0119tej o godz. 9.00 zmiana tajemnic r\u00f3\u017ca\u0144ca dla Rodzic\u00f3w modl\u0105cych si\u0119 za dzieci a po Mszy \u015bwi\u0119tej o godz. 11.00 dla K\u017bR m\u0119\u017cczyzn. Natomiast o godz. 10.30 r\u00f3\u017caniec za zmar\u0142ych polecanych w wypominkach z Jan\u00f3wka i Wygl\u0119d\u00f3wka.<\/p>\n<p>3. We wtorek, 11 lipca, obchodzimy \u015bwi\u0119to \u015awi\u0119tego Benedykta (480-547), opata, patrona Europy. Za\u0142o\u017cony przez niego zakon benedyktyn\u00f3w przyczyni\u0142 si\u0119 do znacznego pog\u0142\u0119bienia \u017cycia religijnego w Ko\u015bciele, ale i szeroko rozumianej kultury. Z tej racji papie\u017c \u015awi\u0119ty Pawe\u0142 VI w 1964 roku obwo\u0142a\u0142 \u015awi\u0119tego Benedykta g\u0142\u00f3wnym patronem Europy. Ora et labora \u2013 M\u00f3dl si\u0119 i pracuj! \u2013 to spos\u00f3b \u015awi\u0119tego Benedykta na dobre chrze\u015bcija\u0144skie \u017cycie. Do Polski benedyktyni przybyli wraz ze \u015awi\u0119tym Wojciechem (\u2020997). Najbardziej znanym opactwem benedykty\u0144skim jest u nas Tyniec.<\/p>\n<p>4. Prosz\u0119, aby na dzie\u0144 przed planowanymi pracami na cmentarzu zg\u0142asza\u0107 je na plebanii. Przypomn\u0119 te\u017c , \u017ce za wymian\u0119 czy postawienie nowego pomnika wnosimy stosown\u0105 op\u0142at\u0119.<\/p>\n<p>5. Dzi\u0119kuj\u0119 za sprz\u0105tanie ko\u015bcio\u0142a rodzinom Kazimierz Kra\u015bny, Miros\u0142aw Skar\u017cy\u0144ski, Jacek Kiessner z&nbsp; Sobonia.&nbsp; W przysz\u0142ym tygodniu zapraszam rodziny Teresa \u0141ukasiak, Zbigniew \u0141ukasiak, Janusz \u0141ukasiak z&nbsp; Sobonia .<\/p>\n<p>6. Na stoliku wy\u0142o\u017cony jest nowy numer Echa katolickiego.<\/p>\n<p>7. Do przyj\u0119cia sakramentu ma\u0142\u017ce\u0144stwa przygotowuj\u0105 si\u0119 Magdalena Laskowska panna, zam. Ogr\u00f3dek, par. \u015bw. Bart\u0142omieja w Gr\u0119bkowie i Pawe\u0142 Pi\u00f3rek, kaw. zam. Wierzbno, par. tut. Zap. II<\/p>\n<p>8. Wszystkim solenizantom i jubilatom, kt\u00f3rzy b\u0119d\u0105 prze\u017cywali swoje \u015bwi\u0119to w najbli\u017cszych dniach, \u017cycz\u0119 Bo\u017cego b\u0142og. i obfito\u015bci Bo\u017cych \u0142ask.<\/p>\n<h4 style=\"text-align: center;\"><strong>TRZYNASTA NIEDZIELA W CI\u0104GU ROKU<br \/>\n2 lipca 2023<br \/>\n<\/strong><strong>OG\u0141OSZENIA DUSZPASTERSKIE<\/strong><\/h4>\n<p>1. Dzi\u015b pierwsza lipcowa niedziela. Niech trwaj\u0105ce wakacje, zw\u0142aszcza naszych dzieci i&nbsp;m\u0142odzie\u017cy, stan\u0105 si\u0119 okazj\u0105 do pog\u0142\u0119bienia wiary prze\u017cywanej w bezpo\u015brednim kontakcie z&nbsp;przyrod\u0105. Przez pi\u0119kno ziemi przemawia do nas sam Stw\u00f3rca. Zechciejmy dla Niego otworzy\u0107 nasze serca i umys\u0142y. Jednocze\u015bnie nie zapominajmy, \u017ce ka\u017cdy z nas, jako katolik, ma obowi\u0105zek uczestniczenia w niedzielnej Mszy \u015awi\u0119tej, kt\u00f3ra jest \u017ar\u00f3d\u0142em o\u017cywczej \u0142aski, przynosi pok\u00f3j i zbawienie. Zaproszeni s\u0105 wszyscy, a najbardziej ci, kt\u00f3rym si\u0119 wydaje, \u017ce s\u0105 niegodni. B\u00f3g w ka\u017cdym mo\u017ce dokona\u0107 nowego stworzenia. Zatem dbaj\u0105c o cia\u0142o, zadbajmy tak\u017ce o naszego ducha. Zadbajmy, aby nasza wiara, nadzieja i mi\u0142o\u015b\u0107 ci\u0105gle si\u0119 pog\u0142\u0119bia\u0142a i&nbsp;umacnia\u0142a!<\/p>\n<p>2. W poniedzia\u0142ek, 3 lipca, obchodzimy \u015bwi\u0119to kolejnego Aposto\u0142a \u2013 \u015awi\u0119tego Tomasza, kt\u00f3ry pokona\u0142 niemoc w\u0142asnej wiary i, jak g\u0142osi tradycja, zani\u00f3s\u0142 nauk\u0119 Chrystusa a\u017c do Indii, gdzie zgin\u0105\u0142 \u015bmierci\u0105 m\u0119cze\u0144sk\u0105. Wszyscy i wsz\u0119dzie jeste\u015bmy odpowiedzialni za Ko\u015bci\u00f3\u0142. Jako wierz\u0105cy musimy o tym pami\u0119ta\u0107!<\/p>\n<p>3. W tym tygodniu przypada pierwszy czwartek i pierwszy pi\u0105tek miesi\u0105ca. W czwartek podczas Mszy \u015awi\u0119tej o godz. 18.00 dzi\u0119kujemy za dar Eucharystii i kap\u0142a\u0144stwa, prosimy o&nbsp;nowe i \u015bwi\u0119te powo\u0142ania do pracy w Pa\u0144skiej Winnicy, tak\u017ce z naszej wsp\u00f3lnoty parafialnej. W pi\u0105tek pragniemy wype\u0142ni\u0107 pro\u015bb\u0119 Pana Jezusa o&nbsp;modlitw\u0119 wynagradzaj\u0105c\u0105 za grzechy nasze i ca\u0142ego \u015bwiata, co uczynimy podczas adoracji Naj\u015bwi\u0119tszego Sakramentu od godz. 17.00 oraz podczas pierwszopi\u0105tkowego nabo\u017ce\u0144stwa o godz. 18.00.<\/p>\n<p>4. W przysz\u0142\u0105 niedziel\u0119 po Mszy \u015bwi\u0119tej o godz. 9.00 zmiana tajemnic r\u00f3\u017ca\u0144ca dla Rodzic\u00f3w modl\u0105cych si\u0119 za dzieci a po Mszy \u015bwi\u0119tej o godz. 11.00 dla K\u017bR m\u0119\u017cczyzn. Natomiast o godz. 10.30 r\u00f3\u017caniec za zmar\u0142ych polecanych w wypominkach z Jan\u00f3wka i Wygl\u0119d\u00f3wka.<\/p>\n<p>5. Na remont dzwonnicy ofiar\u0119&nbsp; 400 z\u0142., z\u0142o\u017cy\u0142a rodzina Ol\u0119dzkich z Jaworka . B\u00f3g zap\u0142a\u0107.<\/p>\n<p>6. Dzi\u0119kuj\u0119 za sprz\u0105tanie ko\u015bcio\u0142a rodzinom Kazimierz Zalewski, Andrzej Siwiak, Zofia Rogala z&nbsp; Sobonia.&nbsp; W przysz\u0142ym tygodniu zapraszam rodziny Kazimierz Kra\u015bny, Miros\u0142aw Skar\u017cy\u0144ski, Jacek Kiessner z&nbsp; Sobonia .<\/p>\n<p>7. Na stoliku wy\u0142o\u017cony jest nowy numer Echa katolickiego.<\/p>\n<p>8. Wszystkim solenizantom i jubilatom, kt\u00f3rzy b\u0119d\u0105 prze\u017cywali swoje \u015bwi\u0119to w najbli\u017cszych dniach, \u017cycz\u0119 Bo\u017cego b\u0142og. i obfito\u015bci Bo\u017cych \u0142ask.<\/p>\n<p>9. Do przyj\u0119cia sakramentu ma\u0142\u017ce\u0144stwa przygotowuj\u0105 si\u0119 Magdalena Laskowska panna, zam. Ogr\u00f3dek, par. \u015bw. Bart\u0142omieja w Gr\u0119bkowie i Pawe\u0142 Pi\u00f3rek, kaw. zam. Wierzbno, par. tut. Zap. I<\/p>\n","protected":false},"excerpt":{"rendered":"<p>Powr\u00f3t do listy og\u0142osze\u0144 SIEDEMNASTA NIEDZIELA W CI\u0104GU ROKU 30 lipca 2023 OG\u0141OSZENIA DUSZPASTERSKIE 1. W najbli\u017cszym tygodniu przekroczymy progi sierpnia. To miesi\u0105c dla nas szczeg\u00f3lny na p\u0142aszczy\u017anie religijnej, jak i historycznej. W tym miesi\u0105cu ze wszystkich stron Polski i&nbsp;Europy setki tysi\u0119cy pielgrzym\u00f3w zd\u0105\u017caj\u0105 na Jasn\u0105 G\u00f3r\u0119. \u0141\u0105czmy si\u0119 w modlitwie z tymi, kt\u00f3rzy podj\u0119li trud wyj\u015bcia na p\u0105tnicze szlaki. W\u0142\u0105czmy si\u0119 te\u017c w wielk\u0105 modlitw\u0119 o&nbsp;trze\u017awo\u015b\u0107 naszego narodu. Mo\u017ce dla wyrwania z na\u0142ogu pija\u0144stwa czy narkomanii kogo\u015b bliskiego, znajomego warto ofiarowa\u0107 Panu Bogu czasow\u0105 lub ca\u0142kowit\u0105 abstynencj\u0119! Naszym po\u015brednikiem w modlitwie o trze\u017awo\u015b\u0107 jest \u015awi\u0119ty Maksymilian Maria Kolbe. 2. Dzisiaj taca ekonomiczna. W czerwcu z\u0142o\u017cono 1496 z\u0142. B\u00f3g zap\u0142a\u0107. 3.We wtorek, 1 sierpnia, przypada odpust Porcjunkuli, zwi\u0105zany z postaci\u0105 \u015awi\u0119tego Franciszka z Asy\u017cu. Warunkiem jego uzyskania jest wzbudzenie w\u0142a\u015bciwej intencji, stan \u0142aski u\u015bwi\u0119caj\u0105cej, modlitwa w intencjach wyznaczonych przez papie\u017ca oraz nawiedzenie parafialnego ko\u015bcio\u0142a. Dok\u0142adnie odpust ten mo\u017cna uzyska\u0107 w \u2026 <a class=\"continue-reading-link\" href=\"https:\/\/www.parafiawierzbno.com.pl\/?page_id=10940\">Czytaj dalej <span class=\"meta-nav\">&rarr; <\/span><\/a><\/p>\n","protected":false},"author":1,"featured_media":0,"parent":225,"menu_order":0,"comment_status":"closed","ping_status":"closed","template":"","meta":{"ngg_post_thumbnail":0},"_links":{"self":[{"href":"https:\/\/www.parafiawierzbno.com.pl\/index.php?rest_route=\/wp\/v2\/pages\/10940"}],"collection":[{"href":"https:\/\/www.parafiawierzbno.com.pl\/index.php?rest_route=\/wp\/v2\/pages"}],"about":[{"href":"https:\/\/www.parafiawierzbno.com.pl\/index.php?rest_route=\/wp\/v2\/types\/page"}],"author":[{"embeddable":true,"href":"https:\/\/www.parafiawierzbno.com.pl\/index.php?rest_route=\/wp\/v2\/users\/1"}],"replies":[{"embeddable":true,"href":"https:\/\/www.parafiawierzbno.com.pl\/index.php?rest_route=%2Fwp%2Fv2%2Fcomments&post=10940"}],"version-history":[{"count":7,"href":"https:\/\/www.parafiawierzbno.com.pl\/index.php?rest_route=\/wp\/v2\/pages\/10940\/revisions"}],"predecessor-version":[{"id":10954,"href":"https:\/\/www.parafiawierzbno.com.pl\/index.php?rest_route=\/wp\/v2\/pages\/10940\/revisions\/10954"}],"up":[{"embeddable":true,"href":"https:\/\/www.parafiawierzbno.com.pl\/index.php?rest_route=\/wp\/v2\/pages\/225"}],"wp:attachment":[{"href":"https:\/\/www.parafiawierzbno.com.pl\/index.php?rest_route=%2Fwp%2Fv2%2Fmedia&parent=10940"}],"curies":[{"name":"wp","href":"https:\/\/api.w.org\/{rel}","templated":true}]}}