{"id":10970,"date":"2023-09-03T12:52:49","date_gmt":"2023-09-03T10:52:49","guid":{"rendered":"https:\/\/www.parafiawierzbno.com.pl\/?page_id=10970"},"modified":"2023-09-24T20:08:44","modified_gmt":"2023-09-24T18:08:44","slug":"ogloszenia-wrzesien-2023","status":"publish","type":"page","link":"https:\/\/www.parafiawierzbno.com.pl\/?page_id=10970","title":{"rendered":"Og\u0142oszenia &#8211; Wrzesie\u0144 2023"},"content":{"rendered":"<p><a title=\"Og\u0142oszenia parafialne\" href=\"https:\/\/www.parafiawierzbno.com.pl\/?page_id=225\">Powr\u00f3t do listy og\u0142osze\u0144<\/a><\/p>\n<h4 style=\"text-align: center;\"><strong>DWUDZIESTA PI\u0104TA NIEDZIELA W CI\u0104GU ROKU<br \/>\n24 wrze\u015bnia 2023<br \/>\n<\/strong><strong>OG\u0141OSZENIA DUSZPASTERSKIE<\/strong><\/h4>\n<p>1. Dzisiejsza niedziela w spos\u00f3b szczeg\u00f3lny w Ko\u015bciele jest po\u015bwi\u0119cona migrantom i&nbsp;uchod\u017acom. Ma nas uwra\u017cliwi\u0107 na do\u015bwiadczanie niesprawiedliwo\u015bci, krzywdy i cz\u0119sto na nieludzki los tych, kt\u00f3rzy z r\u00f3\u017cnych powod\u00f3w opuszczaj\u0105 swoj\u0105 ojczyzn\u0119, poszukuj\u0105 dla siebie i swoich bliskich bezpiecznego miejsca w innych krajach. Osobistymi modlitwami obejmijmy ludzi, kt\u00f3rzy opu\u015bcili sw\u00f3j dom rodzinny przez tocz\u0105ce si\u0119 wojny, prze\u015bladowania i terror. Pro\u015bmy Opatrzno\u015b\u0107 Bo\u017c\u0105, aby dzi\u0119ki pomocy dobrych ludzi znale\u017ali dla siebie bezpieczne mieszkanie.<\/p>\n<p>2. Dzisiaj ostatnia niedziela wrze\u015bnia. Taca ekonomiczna. W sierpniu z\u0142o\u017cono 2835 z\u0142. B\u00f3g zap\u0142a\u0107.<\/p>\n<p>3. W pi\u0105tek, 29 wrze\u015bnia, w kalendarzu liturgicznym przypada \u015bwi\u0119to \u015awi\u0119tych Archanio\u0142\u00f3w: Micha\u0142a, Gabriela i Rafa\u0142a. A w poniedzia\u0142ek, 2 pa\u017adziernika, wspominamy \u015awi\u0119tych Anio\u0142\u00f3w Str\u00f3\u017c\u00f3w. Mo\u017ce na co dzie\u0144 nie zawsze pami\u0119tamy, \u017ce to mi\u0142osierny B\u00f3g troszczy si\u0119 o ka\u017cdego, posy\u0142aj\u0105c swoich Anio\u0142\u00f3w, kt\u00f3rzy chroni\u0105 nas i nam pomagaj\u0105. To nie wymy\u015blona bajka dla dzieci. Anio\u0142y s\u0105 bowiem namacalnym przejawem obecno\u015bci Boga w \u015bwiecie, Jego g\u0142osem. \u0141\u0105cz\u0105 niebo z ziemi\u0105. Dlatego korzystajmy z ich po\u015brednictwa, pro\u015bmy o pomoc, zw\u0142aszcza w trudnych sprawach, kiedy zaczyna brakowa\u0107 nadziei.<\/p>\n<p>4. W przysz\u0142\u0105 niedziel\u0119 wchodzimy w pa\u017adziernik \u2013 miesi\u0105c modlitwy r\u00f3\u017ca\u0144cowej. Ju\u017c dzisiaj zach\u0119cam wszystkich parafian: dzieci, m\u0142odzie\u017c i doros\u0142ych, do licznego udzia\u0142u w&nbsp;codziennej Mszy \u015awi\u0119tej i w nabo\u017ce\u0144stwie r\u00f3\u017ca\u0144cowym, kt\u00f3re w naszym ko\u015bciele b\u0119dziemy celebrowali o godz. 18.00, w niedziele po Mszy \u015bwi\u0119tej o godz. 11.00 Tych za\u015b, kt\u00f3rym trudniej dotrze\u0107 do ko\u015bcio\u0142a, prosz\u0119 o&nbsp;wsp\u00f3lne odmawianie r\u00f3\u017ca\u0144ca w domach. W naszych modlitwach pami\u0119tajmy te\u017c o&nbsp;studentach rozpoczynaj\u0105cych rok akademicki.<\/p>\n<p>5. Przysz\u0142a niedziela pierwsza miesi\u0105ca, po nabo\u017ce\u0144stwie r\u00f3\u017ca\u0144cowym procesja Eucharystyczna.<\/p>\n<p>6. Dzi\u0119kuj\u0119 za sprz\u0105tanie ko\u015bcio\u0142a rodzinom rodziny Kazimierz Grabowski, Katarzyna Chabiera, Andrzej Chabiera z Wierzbna . W przysz\u0142ym tygodniu zapraszam rodziny S\u0142awomir Zajkowski, Mariusz Chabiera, Danuta Szmankowska z Wierzbna .<\/p>\n<p>7. Na stoliku wy\u0142o\u017cony jest nowy numer Echa katolickiego oraz kalendarz misyjny w cenie 6 z\u0142.<\/p>\n<p>8. Wszystkim solenizantom i jubilatom, kt\u00f3rzy b\u0119d\u0105 prze\u017cywali swoje \u015bwi\u0119to w najbli\u017cszych dniach, \u017cycz\u0119 Bo\u017cego b\u0142og. i obfito\u015bci Bo\u017cych \u0142ask.<\/p>\n<p>9. W minionym tygodniu do wieczno\u015bci odersz\u0142a + Ewa Marecka l. 59&nbsp; z W\u0119growa, pochowana na miejscowym cmentarzu. Wieczny odpoczynek racz&nbsp; jej Panie\u2026.<\/p>\n<h4 style=\"text-align: center;\"><strong>DWUDZIESTA TRZECIA NIEDZIELA W CI\u0104GU ROKU<br \/>\n10 wrze\u015bnia 2023<br \/>\n<\/strong><strong>OG\u0141OSZENIA DUSZPASTERSKIE<\/strong><\/h4>\n<p>1. Dzisiaj rozpoczynaj\u0105 si\u0119 Kwartalne dni modlitw za dzieci, m\u0142odzie\u017c i wychowawc\u00f3w. S\u0105 one cz\u0119\u015bci\u0105 Tygodnia Wychowania, Nasze modlitwy w intencji dzieci, m\u0142odzie\u017c i wychowawc\u00f3w b\u0119d\u0105 trwa\u0142y codziennie przez ca\u0142y tydzie\u0144, do przysz\u0142ej niedzieli w\u0142\u0105cznie.<\/p>\n<p>2. We wtorek, 12 wrze\u015bnia, w liturgii wspominamy Naj\u015bwi\u0119tsze Imi\u0119 Maryi. Wspomnienie to ma bardzo wyra\u017any polski akcent, bo ustanowi\u0142 je papie\u017ca Innocentego XI jako dzi\u0119kczynienie za ocalenie chrze\u015bcija\u0144skiej Europy przed nawa\u0142\u0105 tureck\u0105 w 1683 roku, do czego przyczyni\u0142 si\u0119 kr\u00f3l Jan III Sobieski.<\/p>\n<p>3. W czwartek, 14 wrze\u015bnia, przypada \u015bwi\u0119to Podwy\u017cszenia Krzy\u017ca \u015awi\u0119tego. Krzy\u017c jest naszym chrze\u015bcija\u0144skim god\u0142em \u2013 znakiem m\u0119ki i \u015bmierci naszego Odkupiciela. Jednak po nim by\u0142o zmartwychwstanie i wniebowst\u0105pienie! Krzy\u017c jest wi\u0119c tak\u017ce znakiem naszej nadziei. Pami\u0119tajmy te\u017c, \u017ce Chrystusowym krzy\u017cem staje si\u0119 o\u0142tarz w naszej \u015bwi\u0105tyni i we wszystkich ko\u015bcio\u0142ach na ca\u0142ym \u015bwiecie. Na nim podczas Eucharystii Chrystus ponawia swoj\u0105 Paschaln\u0105 Ofiar\u0119 \u201eza \u017cycie \u015bwiata\u201d.<\/p>\n<p>4. W s\u0105siedztwie \u015bwi\u0119ta Podwy\u017cszenia Krzy\u017ca \u015awi\u0119tego w kalendarzu liturgicznym pod dat\u0105 15 wrze\u015bnia umieszczono wspomnienie Matki Bo\u017cej Bolesnej. Przez to wspomnienie mo\u017cemy u\u015bwiadomi\u0107 sobie cierpienia, jakie by\u0142y udzia\u0142em Maryi, kt\u00f3ra \u2013 jak nikt inny \u2013 by\u0142a zjednoczona z Chrystusem r\u00f3wnie\u017c w Jego m\u0119ce, cierpieniu i \u015bmierci. St\u0105d wzywamy J\u0105 jako Wsp\u00f3\u0142odkupicielk\u0119.<\/p>\n<p>5. W przysz\u0142\u0105 niedziel\u0119 w naszej parafii b\u0119dziemy go\u015bcili kleryka z naszego seminarium, kt\u00f3ry razem z nami b\u0119dzie si\u0119 modli\u0142. Ofiary sk\u0142adane na tac\u0119 b\u0119d\u0105 przeznaczone na WSD naszej diecezji.<\/p>\n<p>6. Dzi\u0119kuj\u0119 za sprz\u0105tanie ko\u015bcio\u0142a rodzinom Helena Bia\u0142ousz, Jan Karaban, Ma\u0142gorzata Malinowska&nbsp; z Wierzbna . W przysz\u0142ym tygodniu zapraszam rodziny Przemys\u0142aw \u015awiderski, Henryk \u0141ukasiak, Grzegorz Bia\u0142ousz z Wierzbna .<\/p>\n<p>7. Na stoliku wy\u0142o\u017cony jest nowy numer Echa katolickiego oraz kalendarz misyjny w cenie 6 z\u0142.<\/p>\n<p>8. Wszystkim solenizantom i jubilatom, kt\u00f3rzy b\u0119d\u0105 prze\u017cywali swoje \u015bwi\u0119to w najbli\u017cszych dniach, \u017cycz\u0119 Bo\u017cego b\u0142og. i obfito\u015bci Bo\u017cych \u0142ask.<\/p>\n<h4 style=\"text-align: center;\"><strong>DWUDZIESTA DRUGA NIEDZIELA W CI\u0104GU ROKU<br \/>\n3 wrze\u015bnia 2023<br \/>\n<\/strong><strong>OG\u0141OSZENIA DUSZPASTERSKIE<\/strong><\/h4>\n<p>1. Od pocz\u0105tku wrze\u015bnia modlitwy o pok\u00f3j i dobre wychowanie m\u0142odego pokolenia. Warto wi\u0119c dzi\u015b przypomnie\u0107 s\u0142owa \u015awi\u0119tego Jana Paw\u0142a II: \u201eOsi\u0105gniemy pok\u00f3j, wychowuj\u0105c do pokoju! [\u2026] Ko\u015bci\u00f3\u0142 nie przestaje powtarza\u0107: pok\u00f3j jest obowi\u0105zkiem\u201d . Pro\u015bmy Chrystusa \u2013 Ksi\u0119cia Pokoju, aby nasze dzieci wzrasta\u0142y w poczuciu bezpiecze\u0144stwa i&nbsp;w&nbsp;harmonii, a ojczyzna nasza unikn\u0119\u0142a okrucie\u0144stwa terroryzmu.<\/p>\n<p>2. W poniedzia\u0142ek, 4 wrze\u015bnia rozpoczyna si\u0119 nowy rok szkolny i katechetyczny a w przysz\u0142\u0105 niedziel\u0119 na Mszy \u015bwi\u0119tej o godz. 11.00 po\u015bwi\u0119cenie przybor\u00f3w szkolnych.<\/p>\n<p>3. W tym tygodniu przypada pierwszy czwartek miesi\u0105ca. Podczas Mszy \u015awi\u0119tej o godz. 18.00 b\u0119dziemy dzi\u0119kowali za dar Eucharystii i kap\u0142a\u0144stwa, b\u0119dziemy r\u00f3wnie\u017c prosili o liczne i&nbsp;\u015bwi\u0119te powo\u0142ania kap\u0142a\u0144skie r\u00f3wnie\u017c z naszej wsp\u00f3lnoty parafialnej.<\/p>\n<p>4. Tak\u017ce wrzesie\u0144, podobnie jak sierpie\u0144, przemierzamy z Maryj\u0105. W pi\u0105tek, 8 wrze\u015bnia, przypada jedno z najstarszych \u015bwi\u0105t maryjnych: Narodzenie Naj\u015bwi\u0119tszej Maryi Panny. W&nbsp;naszej polskiej tradycji znane jest jako \u015bwi\u0119to Matki Bo\u017cej Siewnej. Polecaj\u0105c Bo\u017cej Opatrzno\u015bci, za przyczyn\u0105 i wstawiennictwem Matki Naj\u015bwi\u0119tszej przysz\u0142oroczne plony, pami\u0119tajmy, \u017ce i my jeste\u015bmy \u201euprawn\u0105 rol\u0105\u201d, na kt\u00f3r\u0105 pada ziarno s\u0142owa Bo\u017cego. Jaki owoc wydaje ono w moim \u017cyciu \u2013 oto pytanie, jakie w kontek\u015bcie tego \u015bwi\u0119ta warto sobie samemu postawi\u0107. Msze \u015bwi\u0119te z po\u015bwi\u0119ceniem ziarna o godz. 9.00 i 11.00.<\/p>\n<p>5. W przysz\u0142\u0105 niedziel\u0119 po Mszy \u015bwi\u0119tej o godz. 9.00 zmiana tajemnic r\u00f3\u017ca\u0144ca dla Rodzic\u00f3w modl\u0105cych si\u0119 za dzieci, o 10.30 r\u00f3\u017caniec za zmar\u0142ych polecanych w wypominkach z Wierzbna, a po Mszy \u015bwi\u0119tej o godz. 11.00 zmiana tajemnic r\u00f3\u017ca\u0144ca dla K\u017bR m\u0119\u017cczyzn.<\/p>\n<p>6. W przysz\u0142ym roku w lutym b\u0119dziemy prze\u017cywa\u0107 misje parafialne, dlatego w przysz\u0142\u0105 niedziel\u0119 b\u0119dziemy go\u015bci\u0107 ks. Mariusza Zaniewicza \u2013 Dyrektora Wydzia\u0142u Duszpasterskiego, kt\u00f3ry wprowadzi nas w tematyk\u0119 misji.<\/p>\n<p>7. Serdecznie dzi\u0119kuj\u0119 scholi za przygotowanie oprawy muzycznej na Mszy \u015bwi\u0119tej Do\u017cynkowej oraz KGW za uporz\u0105dkowanie terenu wok\u00f3\u0142 ko\u015bcio\u0142a i przygotowanie dekoracji przed ko\u015bcio\u0142em<\/p>\n<p>8. W minionym tygodniu na remont dzwonnicy ofiar\u0119 200 z\u0142., z\u0142o\u017cy\u0142 S\u0142awomir Bergiel ze \u015awidna.<\/p>\n<p>9. Dzi\u0119kuj\u0119 za sprz\u0105tanie ko\u015bcio\u0142a rodzinom Agnieszka Michalczyk, Szczepan Tomkiewicz, Adam Trzeci\u0144ski&nbsp; z Wierzbna . W przysz\u0142ym tygodniu zapraszam rodziny Helena Bia\u0142ousz, Jan Karaban, Ma\u0142gorzata Malinowska z Wierzbna .<\/p>\n<p>10. Na stoliku wy\u0142o\u017cony jest nowy numer Echa katolickiego.<\/p>\n<p>11. Do przyj\u0119cia sakramentu ma\u0142\u017ce\u0144stwa przygotowuj\u0105 si\u0119 Monika Jolanta Kra\u015bna , panna zam. w Soboniu par. tut. i Micha\u0142 B\u0142a\u017cejczyk, kaw. zam. w Rudnie par. \u015bw. Miko\u0142aja Bp w Dobrem. Zap.III.<\/p>\n<p>12. Wszystkim solenizantom i jubilatom, kt\u00f3rzy b\u0119d\u0105 prze\u017cywali swoje \u015bwi\u0119to w najbli\u017cszych dniach, \u017cycz\u0119 Bo\u017cego b\u0142og. i obfito\u015bci Bo\u017cych \u0142ask.<\/p>\n<p>13. W minionym tygodniu do wieczno\u015bci odszed\u0142 + Mariusz De\u0142bakowski l. 51&nbsp; z Wierzbna. Wieczny odpoczynek racz&nbsp; da\u0107 Panie\u2026.<\/p>\n","protected":false},"excerpt":{"rendered":"<p>Powr\u00f3t do listy og\u0142osze\u0144 DWUDZIESTA PI\u0104TA NIEDZIELA W CI\u0104GU ROKU 24 wrze\u015bnia 2023 OG\u0141OSZENIA DUSZPASTERSKIE 1. Dzisiejsza niedziela w spos\u00f3b szczeg\u00f3lny w Ko\u015bciele jest po\u015bwi\u0119cona migrantom i&nbsp;uchod\u017acom. Ma nas uwra\u017cliwi\u0107 na do\u015bwiadczanie niesprawiedliwo\u015bci, krzywdy i cz\u0119sto na nieludzki los tych, kt\u00f3rzy z r\u00f3\u017cnych powod\u00f3w opuszczaj\u0105 swoj\u0105 ojczyzn\u0119, poszukuj\u0105 dla siebie i swoich bliskich bezpiecznego miejsca w innych krajach. Osobistymi modlitwami obejmijmy ludzi, kt\u00f3rzy opu\u015bcili sw\u00f3j dom rodzinny przez tocz\u0105ce si\u0119 wojny, prze\u015bladowania i terror. Pro\u015bmy Opatrzno\u015b\u0107 Bo\u017c\u0105, aby dzi\u0119ki pomocy dobrych ludzi znale\u017ali dla siebie bezpieczne mieszkanie. 2. Dzisiaj ostatnia niedziela wrze\u015bnia. Taca ekonomiczna. W sierpniu z\u0142o\u017cono 2835 z\u0142. B\u00f3g zap\u0142a\u0107. 3. W pi\u0105tek, 29 wrze\u015bnia, w kalendarzu liturgicznym przypada \u015bwi\u0119to \u015awi\u0119tych Archanio\u0142\u00f3w: Micha\u0142a, Gabriela i Rafa\u0142a. A w poniedzia\u0142ek, 2 pa\u017adziernika, wspominamy \u015awi\u0119tych Anio\u0142\u00f3w Str\u00f3\u017c\u00f3w. Mo\u017ce na co dzie\u0144 nie zawsze pami\u0119tamy, \u017ce to mi\u0142osierny B\u00f3g troszczy si\u0119 o ka\u017cdego, posy\u0142aj\u0105c swoich Anio\u0142\u00f3w, kt\u00f3rzy chroni\u0105 nas i nam pomagaj\u0105. \u2026 <a class=\"continue-reading-link\" href=\"https:\/\/www.parafiawierzbno.com.pl\/?page_id=10970\">Czytaj dalej <span class=\"meta-nav\">&rarr; <\/span><\/a><\/p>\n","protected":false},"author":1,"featured_media":0,"parent":225,"menu_order":0,"comment_status":"closed","ping_status":"closed","template":"","meta":{"ngg_post_thumbnail":0},"_links":{"self":[{"href":"https:\/\/www.parafiawierzbno.com.pl\/index.php?rest_route=\/wp\/v2\/pages\/10970"}],"collection":[{"href":"https:\/\/www.parafiawierzbno.com.pl\/index.php?rest_route=\/wp\/v2\/pages"}],"about":[{"href":"https:\/\/www.parafiawierzbno.com.pl\/index.php?rest_route=\/wp\/v2\/types\/page"}],"author":[{"embeddable":true,"href":"https:\/\/www.parafiawierzbno.com.pl\/index.php?rest_route=\/wp\/v2\/users\/1"}],"replies":[{"embeddable":true,"href":"https:\/\/www.parafiawierzbno.com.pl\/index.php?rest_route=%2Fwp%2Fv2%2Fcomments&post=10970"}],"version-history":[{"count":7,"href":"https:\/\/www.parafiawierzbno.com.pl\/index.php?rest_route=\/wp\/v2\/pages\/10970\/revisions"}],"predecessor-version":[{"id":10984,"href":"https:\/\/www.parafiawierzbno.com.pl\/index.php?rest_route=\/wp\/v2\/pages\/10970\/revisions\/10984"}],"up":[{"embeddable":true,"href":"https:\/\/www.parafiawierzbno.com.pl\/index.php?rest_route=\/wp\/v2\/pages\/225"}],"wp:attachment":[{"href":"https:\/\/www.parafiawierzbno.com.pl\/index.php?rest_route=%2Fwp%2Fv2%2Fmedia&parent=10970"}],"curies":[{"name":"wp","href":"https:\/\/api.w.org\/{rel}","templated":true}]}}