{"id":11353,"date":"2025-07-06T22:28:37","date_gmt":"2025-07-06T20:28:37","guid":{"rendered":"https:\/\/www.parafiawierzbno.com.pl\/?page_id=11353"},"modified":"2025-08-02T10:28:03","modified_gmt":"2025-08-02T08:28:03","slug":"ogloszenia-lipiec-2025","status":"publish","type":"page","link":"https:\/\/www.parafiawierzbno.com.pl\/?page_id=11353","title":{"rendered":"Og\u0142oszenia &#8211; Lipiec 2025"},"content":{"rendered":"<p><a title=\"Og\u0142oszenia parafialne\" href=\"https:\/\/www.parafiawierzbno.com.pl\/?page_id=225\">Powr\u00f3t do listy og\u0142osze\u0144<\/a><\/p>\n<h4 style=\"text-align: center;\">SIEDEMNASTA NIEDZIELA W CI\u0104GU ROKU<br \/>\n27 lipca 2025<br \/>\nOG\u0141OSZENIA DUSZPASTERSKIE<\/h4>\n<p>1. W dzisiejsz\u0105 niedziel\u0119 z ustanowienia papie\u017ca Franciszka przypada \u015awiatowy Dzie\u0144 Dziadk\u00f3w i Os\u00f3b Starszych. Papie\u017c zach\u0119ca do \u015bwi\u0119towania tego Dnia razem, do og\u0142oszenia w parafiach i wsp\u00f3lnotach, aby p\u00f3j\u015b\u0107 odwiedzi\u0107 osoby starsze, kt\u00f3re s\u0105 najbardziej samotne, w domu lub tam, gdzie przebywaj\u0105. Zaprasza nas, aby zrobi\u0107 wszystko, by nikt nie prze\u017cywa\u0142 tego Dnia w samotno\u015bci.&nbsp;&nbsp;<\/p>\n<p>2. Dzisiaj taca ekonomiczna . W czerwcu z\u0142o\u017cono 1532 z\u0142. B\u00f3g zap\u0142a\u0107.<\/p>\n<p>3. W tym tygodniu&nbsp; przekroczymy progi sierpnia. To miesi\u0105c dla nas szczeg\u00f3lny na p\u0142aszczy\u017anie religijnej, jak i historycznej. W tym miesi\u0105cu setki tysi\u0119cy pielgrzym\u00f3w zd\u0105\u017caj\u0105 na Jasn\u0105 G\u00f3r\u0119. \u0141\u0105czmy si\u0119 w modlitwie z tymi, kt\u00f3rzy podj\u0119li trud wyj\u015bcia na p\u0105tnicze szlaki. W\u0142\u0105czmy si\u0119 te\u017c w wielk\u0105 modlitw\u0119 o&nbsp;trze\u017awo\u015b\u0107 naszego narodu.<\/p>\n<p>4. W\u0142a\u015bnie w pi\u0105tek, 1 sierpnia, przypada Odpust Porcjunkuli, zwi\u0105zany z postaci\u0105 \u015awi\u0119tego Franciszka z Asy\u017cu. Warunkiem jego uzyskania jest wzbudzenie w\u0142a\u015bciwej intencji, stan \u0142aski u\u015bwi\u0119caj\u0105cej, modlitwa w intencjach wyznaczonych przez papie\u017ca oraz nawiedzenie parafialnego ko\u015bcio\u0142a. Dok\u0142adnie odpust ten mo\u017cna uzyska\u0107 w czasie od po\u0142udnia 1 sierpnia do p\u00f3\u0142nocy 2 sierpnia. Skorzystajmy z tej nadzwyczajnej \u0142aski darowania kar doczesnych za grzechy odpuszczone w sakramencie pojednania, a jeszcze przez nas nie naprawione.<\/p>\n<p>4. Dnia 1 sierpnia obchodzimy te\u017c 81. rocznic\u0119 wybuchu powstania warszawskiego. Poleg\u0142ym za wolno\u015b\u0107 ojczyzny winni jeste\u015bmy przynajmniej nasz\u0105 modlitewn\u0105 pami\u0119\u0107.<\/p>\n<p>5. W tym tygodniu przypada Pierwszy Pi\u0105tek i Pierwsza Sobota miesi\u0105ca. W Pierwszy Pi\u0105tek &nbsp;adoracja Naj\u015bwi\u0119tszego Sakramentu od godz. 17.00. W Pierwsz\u0105 Sobot\u0119 oddajemy cze\u015b\u0107 Niepokalanemu Sercu Naj\u015bwi\u0119tszej Maryi Panny. Przysz\u0142a niedziela \u2013 pierwsza&nbsp; miesi\u0105ca, po Mszy \u015bwi\u0119tej o godz. 11.00 adoracja i &nbsp;procesja Eucharystyczna.<\/p>\n<p>6. Dzi\u0119kuj\u0119 za posprz\u0105tanie lo\u017cy i zakrystii w ko\u015bciele Ma\u0142gorzata Bia\u0142ousz, Katarzyna Chabiera z W\u00f3lki, Monika Matusik, Aneta Miklaszewska, Andrzej Mr\u00f3z, Justyna \u015awiderska, Dariusz Wr\u00f3blewski. Przygotowanie ch\u00f3ru do demonta\u017cu organ\u00f3w: Aneta, Antonina i Stanis\u0142aw Miklaszewscy<\/p>\n<p>7. W przysz\u0142\u0105 niedziel\u0119 b\u0119dziemy go\u015bci\u0107 pielgrzymk\u0119 bia\u0142ostock\u0105<\/p>\n<p>8. &nbsp;Dzi\u0119kuj\u0119 za sprz\u0105tanie ko\u015bcio\u0142a rodzinom Miros\u0142awa Chrupek, Hipolit Patoka, S\u0142awomir Mr\u00f3z z&nbsp; Jaworka. W przysz\u0142ym tygodniu zapraszam rodziny Jolanta Ol\u0119dzka, Irena Szatkowska, Sabina Brzuszkiewicz Jaworka.<\/p>\n<p>9. Na stoliku wy\u0142o\u017cony jest nowy numer Echa katolickiego.<\/p>\n<p>10. Wszystkim solenizantom i jubilatom, kt\u00f3rzy b\u0119d\u0105 prze\u017cywali swoje \u015bwi\u0119to w najbli\u017cszych dniach, \u017cycz\u0119 Bo\u017cego b\u0142og. i obfito\u015bci Bo\u017cych \u0142ask.<\/p>\n<p>11. Do przyj\u0119cia sakramentu ma\u0142\u017ce\u0144stwa przygotowuj\u0105 si\u0119 Konrad Wrzosek, kaw. zam. w Niecierzy W\u0142o\u015bcia\u0144skiej, par. Wniebowzi\u0119cia Naj\u015b. Maryi Panny w Niecierzy W\u0142o\u015bcia\u0144skiej i Klaudia Mr\u00f3z, panna zam. w Jaworku par. tut. Zap. III.<\/p>\n<p>12. W tym tygodniu odesz\u0142a do wieczno\u015bci + Teresa Ch\u0142opik l. 73,z Mi\u0144ska Mazowieckiego, &nbsp;pogrzeb we wtorek. Wieczny odpoczynek racz jej da\u0107 Panie\u2026.<\/p>\n<h4 style=\"text-align: center;\">SZESNASTA NIEDZIELA W CI\u0104GU ROKU<br \/>\n20 lipca 2025<br \/>\nOG\u0141OSZENIA DUSZPASTERSKIE<\/h4>\n<p>1. Pami\u0119tajmy o w\u0142a\u015bciwym wykorzystaniu podarowanego nam czasu wakacji. To nie jest czas wolny od przykaza\u0144 Bo\u017cych i ko\u015bcielnych. Niech sprzyja pog\u0142\u0119bieniu naszych relacji z&nbsp;Bogiem, umocnieniu wiary, nawr\u00f3ceniu. Temu w\u0142a\u015bnie s\u0142u\u017cy ka\u017cda niedzielna Eucharystia. Nie rezygnujmy z tego najcenniejszego realnego spotkania z Panem Jezusem, tak \u0142atwo zas\u0142aniaj\u0105c si\u0119 wakacjami, oddaleniem \u015bwi\u0105tyni. Wierzy\u0107 w Chrystusa \u2013 to znaczy by\u0107 Jego \u015bwiadkiem wobec bli\u017anich i \u015bwiata; to znaczy by\u0107 \u015bwiat\u0142em dla wsp\u00f3\u0142czesnego \u015bwiata.<\/p>\n<p>2. W najbli\u017cszy wtorek, 22 lipca, w kalendarzu liturgicznym przypada \u015bwi\u0119to \u015awi\u0119tej Marii Magdaleny, patronki dobrej przemiany. Magdalena, wierna uczennica Chrystusa, by\u0142a przy Jego \u015bmierci i pierwsza ujrza\u0142a Go po zmartwychwstaniu wczesnym rankiem dnia paschalnego (Mk 16,9).<\/p>\n<p>3. Natomiast w \u015brod\u0119, 23 lipca, kalendarz liturgiczny przynosi \u015bwi\u0119to \u015awi\u0119tej Brygidy (ok.&nbsp;1302-1373), patronki Europy. Warto spojrze\u0107 na jej pi\u0119kne \u017cycie (\u017cony, matki, a potem zakonnicy). Jest ono \u015bwiadectwem, \u017ce ka\u017cdy stan mo\u017ce by\u0107 przestrzeni\u0105 spotkania z Bogiem.<\/p>\n<p>4. W pi\u0105tek, 25 lipca, obchodzimy \u015bwi\u0119to \u015awi\u0119tego Jakuba Aposto\u0142a. Spo\u015br\u00f3d Aposto\u0142\u00f3w jest pierwszym, a po Szczepanie drugim m\u0119czennikiem Ko\u015bcio\u0142a. Ju\u017c w 44 roku na rozkaz Heroda zosta\u0142 \u015bci\u0119ty mieczem<\/p>\n<p>5. Tego samego dnia czcimy te\u017c \u015awi\u0119tego Krzysztofa, m\u0119czennika z po\u0142owy III wieku, patrona kierowc\u00f3w i podr\u00f3\u017cuj\u0105cych, or\u0119downika w \u015bmiertelnych niebezpiecze\u0144stwach.<\/p>\n<p>6. Przysz\u0142\u0105 niedziel\u0119 z inicjatywy papie\u017ca Franciszka b\u0119dziemy prze\u017cywali jako \u015awiatowy Dzie\u0144 Dziadk\u00f3w i Os\u00f3b Starszych, a to z racji przypadaj\u0105cego dzie\u0144 wcze\u015bniej \u2013 w sobot\u0119, 26&nbsp;lipca, liturgicznego wspomnienia \u015awi\u0119tych Joachima i Anny, rodzic\u00f3w Naj\u015bwi\u0119tszej Maryi Panny.<\/p>\n<p>7. Przysz\u0142a niedziela \u2013 ostatnia miesi\u0105ca, taca ekonomiczna.<\/p>\n<p>8. &nbsp;Dzi\u0119kuj\u0119 za sprz\u0105tanie ko\u015bcio\u0142a rodzinom Bogdan W\u0105sowski, Pawe\u0142 Wieliczko, S\u0142awomir Krasuski z&nbsp; Jaworka. W przysz\u0142ym tygodniu zapraszam rodziny Miros\u0142awa Chrupek, Hipolit Patoka, S\u0142awomir Mr\u00f3z z Jaworka.<\/p>\n<p>9. Na stoliku wy\u0142o\u017cony jest nowy numer Echa katolickiego.<\/p>\n<p>10. Wszystkim solenizantom i jubilatom, kt\u00f3rzy b\u0119d\u0105 prze\u017cywali swoje \u015bwi\u0119to w najbli\u017cszych dniach, \u017cycz\u0119 Bo\u017cego b\u0142og. i obfito\u015bci Bo\u017cych \u0142ask.<\/p>\n<p>12. Do przyj\u0119cia sakramentu ma\u0142\u017ce\u0144stwa przygotowuj\u0105 si\u0119 Konrad Wrzosek, kaw. zam. w Niecierzy W\u0142o\u015bcia\u0144skiej, par. Wniebowzi\u0119cia Naj\u015b. Maryi Panny w Niecierzy W\u0142o\u015bcia\u0144skiej i Klaudia Mr\u00f3z, panna zam. w Jaworku par. tut. Zap. II.<\/p>\n<h4 style=\"text-align: center;\"><strong>PI\u0118TNASTA NIEDZIELA W CI\u0104GU ROKU<\/strong><br \/>\n<strong>13 lipca 2025<\/strong><br \/>\n<strong>OG\u0141OSZENIA DUSZPASTERSKIE<\/strong><\/h4>\n<p>1. Dzi\u015b przypada kolejna lipcowa niedziela. W czasie wakacji i urlop\u00f3w nie zapominajmy o&nbsp;\u015bwi\u0119towaniu dnia Pa\u0144skiego. Niech na trasach wakacyjnych w\u0119dr\u00f3wek nie zabraknie \u015bwi\u0105ty\u0144. W ka\u017cdej z nich na spotkanie z nami czeka Zbawiciel \u2013 Jezus Chrystus. Pami\u0119tajmy, aby nasze zachowanie w czasie ich zwiedzania by\u0142o nacechowane powag\u0105 i nale\u017cn\u0105 czci\u0105 dla Boga obecnego w Naj\u015bwi\u0119tszym Sakramencie. Pami\u0119tajmy o godnym stroju, o ciszy i cho\u0107by kr\u00f3tkiej modlitwie uwielbienia.<\/p>\n<p>2. W \u015brod\u0119, 16 lipca, w liturgii wspominamy Naj\u015bwi\u0119tsz\u0105 Maryj\u0119 Pann\u0119 z G\u00f3ry Karmel i histori\u0119 szkaplerza, kt\u00f3ra swymi korzeniami si\u0119ga XII wieku. W\u0142a\u015bnie na G\u00f3rze Karmel. To wspomnienie przypomina nam o wa\u017cnym rysie duchowo\u015bci chrze\u015bcija\u0144skiej, a mianowicie o szkaplerzu. Matka Bo\u017ca objawi\u0142a go genera\u0142owi karmelit\u00f3w w Cambridge (Anglia) Szymonowi Stockowi w 1251 roku. Obieca\u0142a te\u017c ka\u017cdemu, kto b\u0119dzie go nosi\u0142 do \u015bmierci, \u017ce nie zazna ognia piekielnego i \u017cadnego innego niebezpiecze\u0144stwa.<\/p>\n<p>3. W przysz\u0142\u0105 niedziel\u0119, przypadaj\u0105c\u0105 przed liturgicznym wspomnieniem \u015awi\u0119tego Krzysztofa, m\u0119czennika z po\u0142owy III wieku, patrona kierowc\u00f3w i podr\u00f3\u017cuj\u0105cych, or\u0119downika w \u015bmiertelnych niebezpiecze\u0144stwach. B\u0142ogos\u0142awie\u0144stwo kierowc\u00f3w, samochod\u00f3w i innych pojazd\u00f3w b\u0119dzie po ka\u017cdej Mszy \u015awi\u0119tej. Ofiary sk\u0142adane przy tej okazji s\u0105 przeznaczone na zakup \u015brodk\u00f3w transportu dla misjonarzy.<\/p>\n<p>4. Komunikat ks. Biskupa o pielgrzymce\u2026.<\/p>\n<p>5. . Dzi\u0119kuj\u0119 za sprz\u0105tanie ko\u015bcio\u0142a rodzinom Tadeusz Szaniawski z&nbsp; Jaworka. W przysz\u0142ym tygodniu zapraszam rodziny Bogdan W\u0105sowski, Pawe\u0142 Wieliczko, S\u0142awomir Krasuski z Jaworka.<\/p>\n<p>6. Na stoliku wy\u0142o\u017cony jest nowy numer Echa katolickiego.<\/p>\n<p>7. Wszystkim solenizantom i jubilatom, kt\u00f3rzy b\u0119d\u0105 prze\u017cywali swoje \u015bwi\u0119to w najbli\u017cszych dniach, \u017cycz\u0119 Bo\u017cego b\u0142og. i obfito\u015bci Bo\u017cych \u0142ask.<\/p>\n<p>8. Do przyj\u0119cia sakramentu ma\u0142\u017ce\u0144stwa przygotowuj\u0105 si\u0119 Konrad Wrzosek, kaw. zam. w Niecierzy W\u0142o\u015bcia\u0144skiej, par. Wniebowzi\u0119cia Naj\u015b. Maryi Panny w Niecierzy W\u0142o\u015bcia\u0144skiej i Klaudia Mr\u00f3z, panna zam. w Jaworku par. tut. Zap. I<\/p>\n<p>9. W minionym tygodniu z do wieczno\u015bci odesz\u0142a + Irena Wr\u00f3blewska l. 81 z Wierzbna. Wieczny odpoczynek racz jej da\u0107 Panie\u2026.<\/p>\n<h4 style=\"text-align: center;\"><strong>CZTERNASTA NIEDZIELA W CI\u0104GU ROKU<br \/>\n6 lipca 2025<br \/>\n<\/strong><strong>OG\u0141OSZENIA DUSZPASTERSKIE<\/strong><\/h4>\n<p>1. Dzi\u015b przypada pierwsza lipcowa niedziela. Niech trwaj\u0105ce wakacje i urlopy b\u0119d\u0105 okazj\u0105 do pog\u0142\u0119bienia wiary prze\u017cywanej w bezpo\u015brednim kontakcie z przyrod\u0105. Przez pi\u0119kno ziemi przemawia do nas sam Stw\u00f3rca. Zechciejmy dla Niego otworzy\u0107 nasze serca i umys\u0142y. Jednocze\u015bnie nie zapominajmy, \u017ce ka\u017cdy z nas, jako katolik, ma obowi\u0105zek uczestniczenia w&nbsp;niedzielnej Mszy \u015awi\u0119tej, kt\u00f3ra jest \u017ar\u00f3d\u0142em o\u017cywczej \u0142aski, przynosi pok\u00f3j i zbawienie.<\/p>\n<p>2. W dzisiejsz\u0105 niedziel\u0119 przypada \u015bwi\u0119to patronalne Apostolstwa Chorych, zwi\u0105zane ze wspomnieniem Naj\u015bwi\u0119tszej Maryi Panny Uzdrowienia Chorych. Nasz\u0105 modlitewn\u0105 pami\u0119ci\u0105 obejmijmy tych, kt\u00f3rzy staraj\u0105 si\u0119 pomaga\u0107 duchowo wszystkim chorym, cierpi\u0105cym i&nbsp;seniorom z naszej wsp\u00f3lnoty parafialnej.<\/p>\n<p>3. W pi\u0105tek, 11 lipca, obchodzimy \u015bwi\u0119to \u015awi\u0119tego Benedykta (480-547), opata, patrona Europy. Za\u0142o\u017cony przez niego zakon benedyktyn\u00f3w przyczyni\u0142 si\u0119 do pog\u0142\u0119bienia \u017cycia religijnego w Ko\u015bciele, ale i szeroko rozumianej kultury. Z tej racji papie\u017c \u015awi\u0119ty Pawe\u0142 VI w&nbsp;1964 roku og\u0142osi\u0142 \u015awi\u0119tego Benedykta g\u0142\u00f3wnym patronem Europy. Ora et labora \u2013 M\u00f3dl si\u0119 i pracuj! \u2013 to spos\u00f3b \u015awi\u0119tego Benedykta na dobre chrze\u015bcija\u0144skie \u017cycie.<\/p>\n<p>4. W przysz\u0142\u0105 niedziel\u0119 po Mszy \u015bwi\u0119tej o godz. 9.00 zmiana tajemnic r\u00f3\u017ca\u0144ca dla Rodzic\u00f3w modl\u0105cych si\u0119 za dzieci, o 10.30 r\u00f3\u017caniec za zmar\u0142ych polecanych w wypominkach z Sobonia a po Mszy \u015bwi\u0119tej o godz. 11.00 zmiana &nbsp;tajemnic r\u00f3\u017ca\u0144ca dla K\u017bR m\u0119\u017cczyzn.<\/p>\n<p>5. Prosz\u0119 aby zg\u0142osili si\u0119 kandydaci do bierzmowania, kt\u00f3rzy nie byli na ostatnim spotkaniu.<\/p>\n<p>6. W minionym miesi\u0105cu na remont ko\u015bcio\u0142a wp\u0142acono 2 tys. z\u0142. Og\u00f3\u0142em do tej pory zebrali\u015bmy 22, 5 tys. plus 30 tys. z kol\u0119dy. Koszt ca\u0142kowity remontu wg kosztorysu to 140 tys.<\/p>\n<p>7. Dzi\u0119kuj\u0119 za ciasto dla pielgrzym\u00f3w mieszka\u0144com Jaworka, , Sobonia, Wierzbna, W\u00f3lki&nbsp; i s\u0142odkie bu\u0142ki &nbsp;Kindze Gromulskiej z Dobrego. Dzi\u0119kuj\u0119 te\u017c paniom za przygotowanie posi\u0142ku.<\/p>\n<p>8. Nie zapominajmy o tych, dla kt\u00f3rych lato jest czasem wyt\u0119\u017conej pracy, zw\u0142aszcza o pracuj\u0105cych na roli, na budowach, w szpitalach, transporcie, pozostaj\u0105cych na koniecznych dy\u017curach. M\u00f3dlmy si\u0119, aby Pan B\u00f3g b\u0142ogos\u0142awi\u0142 w ich trudzie. Oni cz\u0119sto pracuj\u0105, aby inni mogli wypoczywa\u0107. M\u00f3dlmy si\u0119 tak\u017ce o \u017cyciodajny deszcz.<\/p>\n<p>9. Dzi\u0119kuj\u0119 za sprz\u0105tanie ko\u015bcio\u0142a rodzinom Piotr Kucharski, Janusz Doma\u0144ski, Maciej Grabarczyk z&nbsp; Jaworka. W przysz\u0142ym tygodniu zapraszam rodziny Bogdan W\u0105sowski, Pawe\u0142 Wieliczko, Tadeusz Szaniawski z Jaworka.<\/p>\n<p>10. Na stoliku wy\u0142o\u017cony jest nowy numer Echa katolickiego.<\/p>\n<p>11. Wszystkim solenizantom i jubilatom, kt\u00f3rzy b\u0119d\u0105 prze\u017cywali swoje \u015bwi\u0119to w najbli\u017cszych dniach, \u017cycz\u0119 Bo\u017cego b\u0142og. i obfito\u015bci Bo\u017cych \u0142ask.<\/p>\n","protected":false},"excerpt":{"rendered":"<p>Powr\u00f3t do listy og\u0142osze\u0144 SIEDEMNASTA NIEDZIELA W CI\u0104GU ROKU 27 lipca 2025 OG\u0141OSZENIA DUSZPASTERSKIE 1. W dzisiejsz\u0105 niedziel\u0119 z ustanowienia papie\u017ca Franciszka przypada \u015awiatowy Dzie\u0144 Dziadk\u00f3w i Os\u00f3b Starszych. Papie\u017c zach\u0119ca do \u015bwi\u0119towania tego Dnia razem, do og\u0142oszenia w parafiach i wsp\u00f3lnotach, aby p\u00f3j\u015b\u0107 odwiedzi\u0107 osoby starsze, kt\u00f3re s\u0105 najbardziej samotne, w domu lub tam, gdzie przebywaj\u0105. Zaprasza nas, aby zrobi\u0107 wszystko, by nikt nie prze\u017cywa\u0142 tego Dnia w samotno\u015bci.&nbsp;&nbsp; 2. Dzisiaj taca ekonomiczna . W czerwcu z\u0142o\u017cono 1532 z\u0142. B\u00f3g zap\u0142a\u0107. 3. W tym tygodniu&nbsp; przekroczymy progi sierpnia. To miesi\u0105c dla nas szczeg\u00f3lny na p\u0142aszczy\u017anie religijnej, jak i historycznej. W tym miesi\u0105cu setki tysi\u0119cy pielgrzym\u00f3w zd\u0105\u017caj\u0105 na Jasn\u0105 G\u00f3r\u0119. \u0141\u0105czmy si\u0119 w modlitwie z tymi, kt\u00f3rzy podj\u0119li trud wyj\u015bcia na p\u0105tnicze szlaki. W\u0142\u0105czmy si\u0119 te\u017c w wielk\u0105 modlitw\u0119 o&nbsp;trze\u017awo\u015b\u0107 naszego narodu. 4. W\u0142a\u015bnie w pi\u0105tek, 1 sierpnia, przypada Odpust Porcjunkuli, zwi\u0105zany z postaci\u0105 \u015awi\u0119tego Franciszka z Asy\u017cu. Warunkiem jego \u2026 <a class=\"continue-reading-link\" href=\"https:\/\/www.parafiawierzbno.com.pl\/?page_id=11353\">Czytaj dalej <span class=\"meta-nav\">&rarr; <\/span><\/a><\/p>\n","protected":false},"author":1,"featured_media":0,"parent":225,"menu_order":0,"comment_status":"closed","ping_status":"closed","template":"","meta":{"ngg_post_thumbnail":0},"_links":{"self":[{"href":"https:\/\/www.parafiawierzbno.com.pl\/index.php?rest_route=\/wp\/v2\/pages\/11353"}],"collection":[{"href":"https:\/\/www.parafiawierzbno.com.pl\/index.php?rest_route=\/wp\/v2\/pages"}],"about":[{"href":"https:\/\/www.parafiawierzbno.com.pl\/index.php?rest_route=\/wp\/v2\/types\/page"}],"author":[{"embeddable":true,"href":"https:\/\/www.parafiawierzbno.com.pl\/index.php?rest_route=\/wp\/v2\/users\/1"}],"replies":[{"embeddable":true,"href":"https:\/\/www.parafiawierzbno.com.pl\/index.php?rest_route=%2Fwp%2Fv2%2Fcomments&post=11353"}],"version-history":[{"count":6,"href":"https:\/\/www.parafiawierzbno.com.pl\/index.php?rest_route=\/wp\/v2\/pages\/11353\/revisions"}],"predecessor-version":[{"id":11364,"href":"https:\/\/www.parafiawierzbno.com.pl\/index.php?rest_route=\/wp\/v2\/pages\/11353\/revisions\/11364"}],"up":[{"embeddable":true,"href":"https:\/\/www.parafiawierzbno.com.pl\/index.php?rest_route=\/wp\/v2\/pages\/225"}],"wp:attachment":[{"href":"https:\/\/www.parafiawierzbno.com.pl\/index.php?rest_route=%2Fwp%2Fv2%2Fmedia&parent=11353"}],"curies":[{"name":"wp","href":"https:\/\/api.w.org\/{rel}","templated":true}]}}