{"id":3027,"date":"2015-01-04T02:51:26","date_gmt":"2015-01-04T01:51:26","guid":{"rendered":"https:\/\/www.parafiawierzbno.com.pl\/?page_id=3027"},"modified":"2015-01-26T20:54:45","modified_gmt":"2015-01-26T19:54:45","slug":"ogloszenia-styczen-2015","status":"publish","type":"page","link":"https:\/\/www.parafiawierzbno.com.pl\/?page_id=3027","title":{"rendered":"Og\u0142oszenia &#8211; Stycze\u0144 2015"},"content":{"rendered":"<p><a title=\"Og\u0142oszenia parafialne\" href=\"https:\/\/www.parafiawierzbno.com.pl\/?page_id=225\">Powr\u00f3t do listy og\u0142osze\u0144<\/a><\/p>\n<h2 align=\"center\"><span style=\"color: #ff0000;\"><b>25 stycznia &#8211; III Niedziela zwyk\u0142a<\/b><\/span><\/h2>\n<p><b><i>1.<\/i><\/b> Dzi\u015b ko\u0144czymy <b>Tydzie\u0144 Modlitw o Jedno\u015b\u0107 Chrze\u015bcijan<\/b>. Ka\u017cdy chrze\u015bcijanin jest wezwany do budowania jedno\u015bci przez otwarcie na drugiego cz\u0142owieka i ch\u0119tn\u0105 pomoc swym bli\u017anim. W pi\u0105tek w liturgii wspominali\u015bmy bohaterskich M\u0119czennik\u00f3w z Pratulina b\u0142. Wincentego Lewoniuka i Towarzyszy, kt\u00f3rzy zgin\u0119li 24 stycznia 1874 r., broni\u0105c swojej \u015bwi\u0105tyni i jedno\u015bci z Papie\u017cem.<\/p>\n<p>Dzisiejsze ofiary na tac\u0119 s\u0105 przeznaczone na organizacj\u0119 \u015awiatowych Dni M\u0142odzie\u017cy w naszej diecezji. Je\u015bli kto\u015b pragnie naby\u0107 kaset\u0119 z Orszaku Trzech Kr\u00f3li, to prosz\u0119 zapisa\u0107 si\u0119 w zakrystii i p. Jaczewski w najbli\u017cszym czasie je dostarczy.<\/p>\n<p><b><i>2.<\/i><\/b> Serdecznie <b>dzi\u0119kuj\u0119 za sprz\u0105tanie ko\u015bcio\u0142a rodzinom z Wierzbna<\/b> i na najbli\u017csz\u0105 sobot\u0119 zapraszam: p. Szczepana Staniszewskiego, p. Danut\u0119 i Andrzeja Staniszewskich oraz p. Jerzego Jaworowskiego.<\/p>\n<p><b><i>3.<\/i><\/b> W przysz\u0142\u0105 niedziel\u0119 po Mszy \u015bw. o 9.00 <b>spotkanie z rodzicami i dzie\u0107mi klasy II, <\/b>przygotowuj\u0105cymi si\u0119 do I Komunii \u015bw<b>.<\/b>. Serdecznie zapraszam. Po sumie, z racji pierwszej niedzieli miesi\u0105ca, <b>adoracja Naj\u015bwi\u0119tszego Sakramentu<\/b> i zmianka tajemnic r\u00f3\u017ca\u0144cowych. Od lutego w ka\u017cd\u0105 niedziel\u0119 b\u0119dzie tak\u017ce Msza \u015bw. o 17.00.<\/p>\n<p><b><i>4.<\/i><\/b> W pi\u0105tek o <b>18.30<\/b> <b>spotkanie dla m\u0142odzie\u017cy w Gr\u0119bkowie<\/b>, przygotowuj\u0105ce do \u015awiatowych Dni M\u0142odzie\u017cy w 2016 r. M\u0142odzie\u017c ch\u0119tna do uczestnictwa w tym spotkaniu niech si\u0119 do mnie zg\u0142osi.<\/p>\n<p><b><i>5.<\/i><\/b> Wa\u017cna informacja dla narzeczonych. Dnia <b>21 i 28<\/b> <b>lutego<\/b> (w sobot\u0119) <b>od godz. 10.00 w sali przy plebanii w Gr\u0119bkowie odb\u0119d\u0105 si\u0119 nauki dla narzeczonych<\/b>, planuj\u0105cych w tym roku zawrze\u0107 sakrament ma\u0142\u017ce\u0144stwa.<\/p>\n<p><b><i>6.<\/i><\/b> W nowym nr \u201eEcha Katolickiego\u201d przeczytamy Kim s\u0105 \u015bwiadkowie Jehowy i jak z nimi rozmawia\u0107? Oraz znajdziemy ciekawe pomys\u0142y na zabaw\u0119 dzieci w domu w czasie ferii.<\/p>\n<p><b><i>7.<\/i><\/b> Do wieczno\u015bci Pan B\u00f3g powo\u0142a\u0142 <b>\u015bp. Jana Bieli\u0144skiego<\/b>. Msza \u015bw. w 7 dzie\u0144 po \u015bmierci we wtorek o\u00a0 7.30. <i>Wieczny odpoczynek racz mu da\u0107, Panie&#8230;.<\/i><\/p>\n<h2 align=\"center\"><span style=\"color: #ff0000;\"><b>18 stycznia &#8211; II Niedziela zwyk\u0142a<\/b><\/span><\/h2>\n<p><b><i>1.<\/i><\/b> Dzi\u015b rozpoczynamy <b>Tydzie\u0144 Modlitw o Jedno\u015b\u0107 Chrze\u015bcijan<\/b> i zako\u0144czymy go 25 stycznia. \u201eJezus rzek\u0142 do Samarytanki: \u00bbDaj mi pi\u0107!\u00ab\u201d \u2013 pod tym has\u0142em b\u0119dzie przebiega\u0142 tegoroczny Tydzie\u0144 Modlitw o Jedno\u015b\u0107 Chrze\u015bcijan. Po Mszy \u015bw. p. Tadeusz Jaczewski rozprowadza kasety z Orszaku, kt\u00f3re mog\u0105 by\u0107 mi\u0142\u0105 pami\u0105tk\u0105 dla naszych rodzin. Na 15.00 zapraszam na spotkanie formacyjne na plebanii wszystkich, kt\u00f3rzy tworz\u0105 grup\u0119 czytaj\u0105cych S\u0142owo Bo\u017ce i pragn\u0105cych w\u0142\u0105czy\u0107 si\u0119 w t\u0119 pos\u0142ug\u0119.<\/p>\n<p><strong><i>2<\/i><\/strong><i>.<\/i> Z serca dzi\u0119kuj\u0119 m\u0119\u017cczyznom, kt\u00f3rzy wczoraj bardzo sprawnie rozebrali szop\u0119 dla pok\u0142onu Trzech Kr\u00f3li. Dzi\u0119kuj\u0119 r\u00f3wnie\u017c rodzinom z Wierzbna za sprz\u0105tanie ko\u015bcio\u0142a. Na sobot\u0119 zapraszam: p. Krystyn\u0119 i Jana Ko\u015bciesza, Ann\u0119 i Miros\u0142awa Stankiewicz oraz p. Zbigniewa Staniszewskiego.<\/p>\n<p><strong><i>3.<\/i><\/strong> Informuj\u0119, \u017ce od 1 lutego wprowadzimy w niedziel\u0119 Msz\u0119 \u015bw. o 17.00, aby stworzy\u0107 mo\u017cliwo\u015b\u0107 uczestnictwa w Eucharystii dla pracuj\u0105cych w pieczarkarni i tych, kt\u00f3rzy nie mog\u0105 przyj\u015b\u0107 do ko\u015bcio\u0142a do po\u0142udnia. W lutym zach\u0119cam, aby zamawia\u0107 intencje Mszy \u015bw., jest jeszcze sporo wolnych dni.<\/p>\n<p><strong><i>4.<\/i><\/strong> W przysz\u0142\u0105 niedziel\u0119 taca b\u0119dzie przeznaczona na organizacj\u0119 \u015awiatowych Dni M\u0142odzie\u017cy w diecezji.<\/p>\n<p><strong><i>5.<\/i><\/strong> Zach\u0119camy do lektury nowy Nr \u201eEcha Katolickiego\u201d. Przeczytamy \u015bwiadectwo nawr\u00f3conego bioenergoterapeuty, oraz czy o zamachu we Francji dialog z islamem jest mo\u017cliwy?<\/p>\n<p><strong><i>6.<\/i><\/strong> Pan B\u00f3g powo\u0142a\u0142 do siebie \u015bp. Janin\u0119 Ku\u015bmierczyk z Jaworka. Z ofiar zebranych na pogrzebie b\u0119dzie sprawowanych 7 Mszy \u015bw. o zbawienie jej duszy. <i>Wieczny odpoczynek racz jej da\u0107, Panie&#8230;<\/i><\/p>\n<h2 align=\"center\"><span style=\"color: #ff0000;\"><b>11 stycznia\u00a0 &#8211; \u015awi\u0119to Chrztu Pa\u0144skiego<\/b><\/span><\/h2>\n<p><b>\u00a0<i>1.<\/i><\/b> Dzisiejsze <b>\u015bwi\u0119to Chrztu Pa\u0144skiego<\/b> ko\u0144czy okres Bo\u017cego Narodzenia, cho\u0107 tradycyjnie kol\u0119dy mo\u017cemy \u015bpiewa\u0107 do \u015bwi\u0119ta Ofiarowania Pa\u0144skiego, tj. do 2 lutego. Po Mszy o 9.00 spotkanie dla rodzic\u00f3w i dzieci przygotowuj\u0105cych si\u0119 do I Komunii \u015bw.<\/p>\n<p><b><i>2.<\/i><\/b> Z ca\u0142ego serca <b>dzi\u0119kuj\u0119 wszystkim za aktywny udzia\u0142 w przygotowaniu i przeprowadzeniu<\/b> <b>Orszaku Trzech Kr\u00f3li<\/b>. Cieszy mnie zaanga\u017cowanie mieszka\u0144c\u00f3w Wierzbna i Jaworka, tak\u017ce Cierpi\u0105t, Lasu Jaworskiego, Jan\u00f3wka i Swidna. Serdecznie dzi\u0119kuj\u0119 dru-hom stra\u017cakom, scholi i tym wszystkim, kto przygotowa\u0142 sceny oraz gor\u0105cy pocz\u0119stunek. Dzi\u0119kuj\u0119 wszystkim, kt\u00f3rzy przeszli tras\u0119 z Trzema Kr\u00f3lami i przynie\u015bli Panu Jezusowi w darze to, \u017ce cho\u0107 troch\u0119 zmarzli, ale wytrwali. W nowym nr \u201eEcha Katolickiego\u201d zobaczymy nasz\u0105 karet\u0119 z kr\u00f3lami i znajdziemy kr\u00f3tk\u0105 relacj\u0119 z tego \u015bwi\u0119ta w Wierzbnie. Prosz\u0119 <b>zapisywa\u0107 si\u0119 na film o naszym Orszaku<\/b>. Kasety b\u0119d\u0105 prawdopodobnie w niedziel\u0119 18 stycznia i b\u0119dzie je rozprowadza\u0142 p. Tadeusz Jaczewski.<\/p>\n<p><b><i>3.<\/i><\/b> Wczoraj zako\u0144czy\u0142em wizyt\u0119 kol\u0119dow\u0105 i z ca\u0142ego serca dzi\u0119kuj\u0119 za serdeczne przyj\u0119cie oraz szczere rozmowy. Na pro\u015bb\u0119 wielu parafian <b>od 1 lutego wprowadzamy w niedziel\u0119 Msz\u0119 \u015bw. o po\u0142udniu o 17.00, <\/b>na razie na pr\u00f3b\u0119 do \u015bwi\u0105t Wielkanocy<b>, <\/b>aby mogli uczestniczy\u0107 w Eucharystii ci, kt\u00f3rzy nie mog\u0105 przyj\u015b\u0107 na godz. 9.00 lub 12.00.<\/p>\n<p>Dzi\u0119kuj\u0119 za ofiary na ko\u015bci\u00f3\u0142 przy okazji wizyty kol\u0119dowej: mieszka\u0144cy <b>Sobonia<\/b> \u2013 1 400 z\u0142, <b>Jan\u00f3wka<\/b> &#8211;\u00a0 850 z\u0142, <b>Lasu Jaworskiego i Helenowa<\/b> \u2013 500 z\u0142, <b>W\u00f3lki<\/b> \u2013 550 z\u0142, <b>Swidna<\/b> \u2013 700 z\u0142, <b>Wygl\u0119d\u00f3wka<\/b> \u2013 450 z\u0142, <b>Jaworka<\/b> \u2013 1 750 z\u0142, <b>Wierzbna<\/b> (cz.1) \u2013 1 450 z\u0142 i <b>Wierzbna<\/b> (cz. 2) &#8211;\u00a0 1 800 z\u0142. W sumie \u2013 9 450 z\u0142. Serdeczne B\u00f3g zap\u0142a\u0107!<\/p>\n<p>Planuj\u0119 w tym roku wsp\u00f3lnymi si\u0142ami wyremontowa\u0107 parkan wok\u00f3\u0142 cmentarza, pobudowany w 1947 r. jeszcze za czas\u00f3w ks. Olszaka, a tak\u017ce wy\u0142o\u017cy\u0107 kostk\u0105 brukow\u0105 dwie alejki na cmentarzu. Troszczmy si\u0119 o nasz cmentarz i porz\u0105dek przy segregacji \u015bmieci, aby by\u0142 znakiem naszej mi\u0142o\u015bci i szacunku do zmar\u0142ych.<\/p>\n<p><b><i>4.<\/i><\/b> W niedziel\u0119 18 stycznia o <b>15.00<\/b> na plebanii <b>spotkanie formacyjne dla czytaj\u0105cych s\u0142owo Bo\u017ce<\/b> w naszej wsp\u00f3lnocie. Zapraszam r\u00f3wnie\u017c starszych ministrant\u00f3w i tych, kto pragnie w\u0142\u0105czy\u0107 si\u0119 w t\u0119 wa\u017cn\u0105 pos\u0142ug\u0119. Od 18 stycznia rozpoczynamy w Ko\u015bciele <b>Tydzie\u0144 Modlitw o Jedno\u015b\u0107 Chrze\u015bcijan<\/b>.<\/p>\n<p><b><i>5.<\/i><\/b> Serdecznie <b>dzi\u0119kuj\u0119 za sprz\u0105tanie ko\u015bcio\u0142a<\/b> i na sobot\u0119 zapraszam: p. Mieczys\u0142aw\u0119 i Jerzego Jachimowicz\u00f3w, p. Mieczys\u0142aw\u0119 Rychlik oraz rodzin\u0119 Florowskich z Wierzbna.<\/p>\n<p><b><i>6.<\/i><\/b> Zach\u0119cam do lektury \u201eEcha Katolickiego\u201d i gazety orszakowej. Gazety le\u017c\u0105 na stoliku za \u0142awkami.<\/p>\n<p><b><i>7.<\/i><\/b> Pan B\u00f3g powo\u0142a\u0142 do wieczno\u015bci <b>\u015bp. Lucjana Szatkowskiego<\/b> z Jaworka. Pogrzeb jutro o\u00a0 godz. 14.00. <i>Wieczny odpoczynek racz mu da\u0107, Panie&#8230;<\/i><\/p>\n<h2 align=\"center\"><span style=\"color: #ff0000;\"><b>4 stycznia \u2013 2 niedziela po Bo\u017cym Narodzeniu<\/b><\/span><\/h2>\n<p><b><i>1.<\/i><\/b> Dzi\u015b pierwsza niedziela stycznia i tradycyjnie po sumie zmianka tajemnic r\u00f3\u017ca\u0144cowych. <b>Intencje Apostolstwa Modlitwy na stycze\u0144<\/b>: <b><i>Og\u00f3lna<\/i><\/b> &#8211; Aby ludzie nale\u017c\u0105cy do r\u00f3\u017cnych tradycji religijnych i wszyscy ludzie dobrej woli wsp\u00f3\u0142pracowali w promowaniu pokoju; <b><i>Ewangelizacyjna<\/i><\/b> \u2013 Aby w tym roku, po\u015bwi\u0119conym \u017cyciu konsekrowanemu, zakonnicy i zakonnice odnale\u017ali rado\u015b\u0107 p\u0142yn\u0105c\u0105 z na\u015bladowania Chrystusa i gorliwie oddawali si\u0119 pos\u0142ugiwaniu ubogim. Zapraszam dzi\u015b <b>o 14.30<\/b> do Sali konferencyjnej w Urz\u0119dzie Gminy na <b>generaln\u0105 pr\u00f3b\u0119<\/b> przed Orszakiem Trzech Kr\u00f3li. Prosz\u0119 druh\u00f3w stra\u017cak\u00f3w z Wierzbna i Jaworka o 100% udzia\u0142 w Orszaku: zawierzam Wam kierowanie ruchem drogowym, czuwanie nad porz\u0105dkiem i prosz\u0119 o wyci\u0119cie ga\u0142\u0119zi drzew za cmentarzem, aby uczestnicy Orszaku z flagami mogli swobodnie przej\u015b\u0107.<\/p>\n<p><b><i>2.<\/i><\/b> We wtorek <b>Uroczysto\u015b\u0107 Objawienia Pa\u0144skiego<\/b>, Msza \u015bw. <b>o 9.00 i 11.00<\/b>. Po Komunii \u015bw. po\u015bwi\u0119cenie kredy i kadzid\u0142a. Ofiary na tac\u0119 s\u0105 przeznaczone na misje. <b>Zach\u0119cam wszystkich do udzia\u0142u w procesji Orszaku Trzech Kr\u00f3li<\/b>. Mamy 800 koron i \u015bpiewnik\u00f3w, a tak\u017ce oko\u0142o 150 pelerynek w trzech kolorach: czerwone dla orszaku Europejskiego Kr\u00f3la Kacpra, zielone dla Azjatyckiego Kr\u00f3la Melchiora i niebieskie dla orszaku Afryka\u0144skiego Kr\u00f3la Baltazara. G\u0142\u00f3wnym tematem tegorocznego Orszaku jest <b>\u201ePok\u00f3j i rado\u015b\u0107 w rodzinie\u201d.<\/b> Wsp\u00f3lnie b\u0119dziemy \u015bpiewa\u0107 kol\u0119dy i budowa\u0107 wielk\u0105 rodzin\u0119 dzieci Bo\u017cych. Serdecznie i go\u015bcinnie przyjmiemy wszystkich go\u015bci, kt\u00f3rzy przyb\u0119d\u0105 na Orszak. Po oddaniu pok\u0142onu Dzieci\u0119ciu w szopie przy ko\u015bciele, b\u0119dzie koncert kol\u0119d w wykonaniu scholi parafialnej i co\u015b gor\u0105cego do zjedzenia (bigos, zupa pieczarkowa i kie\u0142baska z grilla). Za kie\u0142bask\u0119 proponujemy niewielk\u0105 op\u0142at\u0119, aby cho\u0107 cz\u0119\u015bciowo zwr\u00f3ci\u0107 wydatki zwi\u0105zane z organizacj\u0105, b\u0119dzie tak\u017ce mo\u017cliwo\u015b\u0107 z\u0142o\u017cenia dobrowolnej ofiary do puszki.<\/p>\n<p><b><i>3.<\/i><\/b> W tym tygodniu <b>wizyta duszpasterska<\/b> wed\u0142ug nast\u0119puj\u0105cego porz\u0105dku: <i>poniedzia\u0142ek\u00a0 &#8211;<strong> \u015a<\/strong><b>widno<\/b>, \u015broda &#8211; <b>Wygl\u0119d\u00f3wek<\/b>, pi\u0105tek &#8211; <b>Jaworek <\/b>i w sobot\u0119 \u2013 <b>Wierzbno, cz. 2<\/b>.<\/i> Kol\u0119d\u0119 zaczynam od godz. 9.00.<\/p>\n<p><b><i>4.<\/i><\/b> W czwartek od <b>16.00 adoracja Naj\u015bwi\u0119tszego Sakramentu<\/b> i modlitwa o powo\u0142ania do kap\u0142a\u0144stwa i \u017cycia konsekrowanego. O 17.00 Msza \u015bw. za zmar\u0142ych polecanych Bo\u017cemu Mi\u0142osierdziu w wypominkach.<\/p>\n<p><b><i>5.<\/i><\/b> W najbli\u017csz\u0105 niedziel\u0119 <b>\u015awi\u0119to Chrztu Pa\u0144skiego<\/b>, kt\u00f3re ko\u0144czy okres Bo\u017cego Narodzenia. Po Mszy \u015bw. o 9.00 <b>spotkanie dla rodzic\u00f3w i dzieci przygotowuj\u0105cych si\u0119 do I Komunii \u015bw<\/b>. Informuj\u0119, \u017ce dzieci ze szko\u0142y b\u0119d\u0105 zbiera\u0107 na Orkiestr\u0119 \u015awi\u0105teczn\u0105.<\/p>\n<p><b><i>6.<\/i><\/b> Dzi\u0119kuj\u0119 za <b>sprz\u0105tanie ko\u015bcio\u0142a rodzinom z Wierzbna<\/b> i zapraszam na sobot\u0119: p. Jolant\u0119 i Sylwestra Durka, p. El\u017cbiet\u0119 i Eugeniusza Kudelskich oraz p. El\u017cbiet\u0119 i Wincentego Chabier\u00f3w.<\/p>\n<p><b><i>7.<\/i><\/b> Zach\u0119cam do lektury \u201eEcha Katolickiego\u201d. Znajdziemy ciekawe artyku\u0142y o Trzech Kr\u00f3lach i dop\u0142atach unijnych na wsi w latach 2014 &#8211; 2020. Prosz\u0119 zabra\u0107 kalendarze Echa na 2015 r.<\/p>\n<p><b><i>8.<\/i><\/b> Pan B\u00f3g powo\u0142a\u0142 do wieczno\u015bci <b>\u015bp. Janusza Zaboklickiego<\/b>. Jutro o 17.00 Msza \u015bw. w 7 dzie\u0144 po \u015bmierci. Z ofiar zebranych na pogrzebie b\u0119dzie sprawowanych 4 Msze \u015bw. <i>Wieczny odpoczynek racz mu da\u0107, Panie&#8230;<\/i><\/p>\n","protected":false},"excerpt":{"rendered":"<p>Powr\u00f3t do listy og\u0142osze\u0144 25 stycznia &#8211; III Niedziela zwyk\u0142a 1. Dzi\u015b ko\u0144czymy Tydzie\u0144 Modlitw o Jedno\u015b\u0107 Chrze\u015bcijan. Ka\u017cdy chrze\u015bcijanin jest wezwany do budowania jedno\u015bci przez otwarcie na drugiego cz\u0142owieka i ch\u0119tn\u0105 pomoc swym bli\u017anim. W pi\u0105tek w liturgii wspominali\u015bmy bohaterskich M\u0119czennik\u00f3w z Pratulina b\u0142. Wincentego Lewoniuka i Towarzyszy, kt\u00f3rzy zgin\u0119li 24 stycznia 1874 r., broni\u0105c swojej \u015bwi\u0105tyni i jedno\u015bci z Papie\u017cem. Dzisiejsze ofiary na tac\u0119 s\u0105 przeznaczone na organizacj\u0119 \u015awiatowych Dni M\u0142odzie\u017cy w naszej diecezji. Je\u015bli kto\u015b pragnie naby\u0107 kaset\u0119 z Orszaku Trzech Kr\u00f3li, to prosz\u0119 zapisa\u0107 si\u0119 w zakrystii i p. Jaczewski w najbli\u017cszym czasie je dostarczy. 2. Serdecznie dzi\u0119kuj\u0119 za sprz\u0105tanie ko\u015bcio\u0142a rodzinom z Wierzbna i na najbli\u017csz\u0105 sobot\u0119 zapraszam: p. Szczepana Staniszewskiego, p. Danut\u0119 i Andrzeja Staniszewskich oraz p. Jerzego Jaworowskiego. 3. W przysz\u0142\u0105 niedziel\u0119 po Mszy \u015bw. o 9.00 spotkanie z rodzicami i dzie\u0107mi klasy II, przygotowuj\u0105cymi si\u0119 do I Komunii \u015bw.. Serdecznie zapraszam. Po \u2026 <a class=\"continue-reading-link\" href=\"https:\/\/www.parafiawierzbno.com.pl\/?page_id=3027\">Czytaj dalej <span class=\"meta-nav\">&rarr; <\/span><\/a><\/p>\n","protected":false},"author":1,"featured_media":0,"parent":225,"menu_order":0,"comment_status":"closed","ping_status":"closed","template":"","meta":{"ngg_post_thumbnail":0},"_links":{"self":[{"href":"https:\/\/www.parafiawierzbno.com.pl\/index.php?rest_route=\/wp\/v2\/pages\/3027"}],"collection":[{"href":"https:\/\/www.parafiawierzbno.com.pl\/index.php?rest_route=\/wp\/v2\/pages"}],"about":[{"href":"https:\/\/www.parafiawierzbno.com.pl\/index.php?rest_route=\/wp\/v2\/types\/page"}],"author":[{"embeddable":true,"href":"https:\/\/www.parafiawierzbno.com.pl\/index.php?rest_route=\/wp\/v2\/users\/1"}],"replies":[{"embeddable":true,"href":"https:\/\/www.parafiawierzbno.com.pl\/index.php?rest_route=%2Fwp%2Fv2%2Fcomments&post=3027"}],"version-history":[{"count":7,"href":"https:\/\/www.parafiawierzbno.com.pl\/index.php?rest_route=\/wp\/v2\/pages\/3027\/revisions"}],"predecessor-version":[{"id":3048,"href":"https:\/\/www.parafiawierzbno.com.pl\/index.php?rest_route=\/wp\/v2\/pages\/3027\/revisions\/3048"}],"up":[{"embeddable":true,"href":"https:\/\/www.parafiawierzbno.com.pl\/index.php?rest_route=\/wp\/v2\/pages\/225"}],"wp:attachment":[{"href":"https:\/\/www.parafiawierzbno.com.pl\/index.php?rest_route=%2Fwp%2Fv2%2Fmedia&parent=3027"}],"curies":[{"name":"wp","href":"https:\/\/api.w.org\/{rel}","templated":true}]}}