{"id":3541,"date":"2015-09-06T11:37:18","date_gmt":"2015-09-06T09:37:18","guid":{"rendered":"https:\/\/www.parafiawierzbno.com.pl\/?page_id=3541"},"modified":"2015-09-27T09:45:36","modified_gmt":"2015-09-27T07:45:36","slug":"ogloszenia-wrzesien-2015","status":"publish","type":"page","link":"https:\/\/www.parafiawierzbno.com.pl\/?page_id=3541","title":{"rendered":"Og\u0142oszenia &#8211; Wrzesie\u0144 2015"},"content":{"rendered":"<p><a title=\"Og\u0142oszenia parafialne\" href=\"https:\/\/www.parafiawierzbno.com.pl\/?page_id=225\">Powr\u00f3t do listy og\u0142osze\u0144<\/a><\/p>\n<h2 align=\"center\"><span style=\"color: #ff0000;\"><b>27 wrze\u015bnia &#8211; XXVI Niedziela zwyk\u0142a<\/b><\/span><\/h2>\n<p><b><i>1.<\/i><\/b> Dzi\u015b Niedziela Synodalna pod has\u0142em:<b> \u201eSakramentalno\u015b\u0107 ma\u0142\u017ce\u0144stwa<\/b>\u201d. W sobot\u0119 na Mszy \u015bw. o <b>17.00 katecheza synodalna<\/b> o ma\u0142\u017ce\u0144stwie. Zapraszam wszystkich radnych i zesp\u00f3\u0142 synodalny.<\/p>\n<p>W naszej wsp\u00f3lnocie parafialnej prze\u017cywamy <b>40-Godzinne Nabo\u017ce\u0144stwo<\/b>. Chcemy by\u0107 z Chrystusem w Eucharystii i gor\u0105co modli\u0107 si\u0119 w intencji rodzin, a szczeg\u00f3lnie w intencji m\u0142odzie\u017cy, aby wzrasta\u0142a w wierze i we wsp\u00f3lnocie Ko\u015bcio\u0142a. Czas po\u015bwi\u0119cony modlitwie przed Naj\u015bwi\u0119tszym Sakramentem nigdy nie jest czasem straconym, ale b\u0142ogos\u0142awionym &#8211; tak m\u00f3wi\u0142 \u015bw. Jan Pawe\u0142 II. Program adoracji na poniedzia\u0142ek i wtorek jest wywieszony w gablocie przed ko\u015bcio\u0142em.<\/p>\n<p><b><i>2.<\/i><\/b> Z ca\u0142ego serca dzi\u0119kuj\u0119 za zaanga\u017cowanie i udzia\u0142 w <b>II Festynie Rodzinnym \u201eRodzina g\u00f3r\u0105!\u201d<\/b> Serdeczne \u201eB\u00f3g zap\u0142a\u0107!\u201d wszystkim za przygotowane pierogi i ciasto, dzi\u0119kuj\u0119 so\u0142tysom za ich zr\u0119czno\u015b\u0107 i udzia\u0142 w zawodach. Dzi\u0119kuj\u0119 rodzicom, dzieciom i m\u0142odzie\u017cy oraz druhom stra\u017cakom, bez kt\u00f3rych trudno by zorganizowa\u0107 tak\u0105 imprez\u0119. Pan Tadeusz Jaczewski przygotowuje <b>film o naszym festynie<\/b> i b\u0119dzie to cenna pami\u0105tka. Ch\u0119tni na p\u0142ytk\u0119 z filmem niech si\u0119 zapisz\u0105 na list\u0119, kt\u00f3ra le\u017cy na stoliku z gazetami.<\/p>\n<p><b><i>3.<\/i><\/b> We wtorek <b>\u015bwi\u0119to \u015bw. Archanio\u0142\u00f3w Micha\u0142a, Gabriela i Rafa\u0142a<\/b>. Zapraszam na Eucharysti\u0119 o 7.30 i 18.00. Apelem Jasnog\u00f3rskim zako\u0144czymy 40-Godzinne Nabo\u017ce\u0144stwo.<\/p>\n<p><b><i>4.<\/i><\/b> Od pa\u017adziernika Msza \u015bw. wieczorowa w dni powszednie i niedziele o godz. 17.00. Rozpoczynamy <b>Nabo\u017ce\u0144stwa R\u00f3\u017ca\u0144cowe<\/b> i zach\u0119cam do licznego udzia\u0142u wszystkich parafian. Dla dzieci i m\u0142odzie\u017cy, podobnie jak w ubieg\u0142ym roku, <b>konkurs aktywno\u015bci<\/b> w odmawianiu R\u00f3\u017ca\u0144ca, a w ka\u017cd\u0105 niedziel\u0119 na sumie losowanie nagr\u00f3d. Nabo\u017ce\u0144stwo R\u00f3\u017ca\u0144cowe w tygodniu po Mszy o 17.00 a w niedziel\u0119 o 11.30. W <b><i>niedziel\u0119<\/i><\/b> modlitwie przewodnicz\u0105 dzieci klas I i II z rodzicami, w <b><i>poniedzia\u0142ek<\/i><\/b> &#8211; dzieci z klasy III i IV szko\u0142y podstawowej, we <b><i>wtorek<\/i><\/b> \u2013 uczniowie klas V i VI, w <b><i>\u015brod\u0119<\/i><\/b> \u2013 m\u0142odzie\u017c I i II gimnazjum, w <b><i>czwartek<\/i><\/b> \u2013 III gimnazjum, w <b><i>pi\u0105tek<\/i><\/b> doro\u015bli, a w <b><i>sobot\u0119<\/i><\/b> \u2013 cz\u0142onkowie k\u00f3\u0142ek r\u00f3\u017ca\u0144cowych<\/p>\n<p><b><i>5.<\/i><\/b> W najbli\u017csz\u0105 niedziel\u0119 <b>ofiary na tac\u0119 s\u0105 przeznaczone na Caritas diecezjaln\u0105<\/b>. Ofiarami do puszek wesprzemy misje w Boliwii w Bulo Bulo. Po sumie (12.00) zmianka tajemnic r\u00f3\u017ca\u0144cowych. Jest nowy grafik na pa\u017adziernik dla zespo\u0142u czytaj\u0105cego S\u0142owo Bo\u017ce. Zapraszam do zakrystii.<\/p>\n<p><b><i>6.<\/i><\/b> W tym tygodniu <b>pierwszy czwartek miesi\u0105ca<\/b> i od 16.00 adoracja Naj\u015bwi\u0119tszego Sakramentu oraz modlitwa o powo\u0142ania kap\u0142a\u0144skie i do \u017cycia konsekrowanego. <b>Pierwszy pi\u0105tek miesi\u0105ca<\/b>: Msza \u015bw. o 7.30 i 17.00, od 9.00 odwiedzam ludzi chorych, pragn\u0105cych przyj\u0105\u0107 Chrystusa, a spowied\u017a p\u00f3\u0142 godziny przede Msz\u0105 \u015bw.<\/p>\n<p><b><i>7.<\/i><\/b> We wtorek na <b>sesji Rady Gminy <\/b>ma by\u0107 rozpatrywana zmiana ustawy z 1997 r., aby pozwoli\u0107 w Wierzbnie na sprzeda\u017c alkoholu w sklepie przy ko\u015bciele. <b>Apeluj\u0119 do radnych i parafian o m\u0105dr\u0105 reakcj\u0119, aby nie dopu\u015bci\u0107 do rozpijania ludzi<\/b>. Wtedy pijani b\u0119d\u0105 le\u017ce\u0107 pod ko\u015bcio\u0142em i pomnikiem Jana Paw\u0142a II. Osobi\u015bcie wystosuj\u0119 pismo wyra\u017caj\u0105ce protest w tej sprawie.<\/p>\n<p><b><i>8.<\/i><\/b> W dniach <b>11 i 12 pa\u017adziernika<\/b> organizuj\u0119 <b>Pielgrzymk\u0119 do Lichenia, G\u0142ogowiec, <\/b>gdzie urodzi\u0142a si\u0119 \u015bw. S. Faustyna Kowalska<b>, do Gniezna i Poznania<\/b>. W Poznaniu odwiedzimy Seminarium Chrystusowc\u00f3w i Al. Piotra Wr\u00f3blewskiego. Koszt\u00a0 pielgrzymki 100 z\u0142.<\/p>\n<p><b><i>9.<\/i><\/b> Dzi\u0119kuj\u0119 za sprz\u0105tanie ko\u015bcio\u0142a rodzinom z Wygl\u0119d\u00f3wka i na sobot\u0119 zapraszam: p. Stanis\u0142awa i Dariusza Koszewskich, p. Genowef\u0119 Jasi\u0144sk\u0105 oraz Jadwig\u0119 i Adama Jasi\u0144skich.<\/p>\n<p>Zapraszam na sobot\u0119 mieszka\u0144c\u00f3w Lasu Jaworskiego <b>do sprz\u0105tania na cmentarzu<\/b> i wywiezienia li\u015bci i ga\u0142\u0119zi na komostownik.<\/p>\n<p><b><i>10.<\/i><\/b> Sakramentu Ma\u0142\u017ce\u0144stwa przygotowuje si\u0119 <b>Pawe\u0142 K\u0119dzior<\/b>, cywilnie zwi\u0105zany, zam. w Wycz\u00f3\u0142kach par. pw. \u015bw. Stanis\u0142awa Bpa i M\u0119czennika w Czerwonce i <b>Patrycja Magdalena K\u0119dzior z d. Gersz<\/b>, cywilnie zwi\u0105zana, pochodz\u0105ca z Sobonia, zapowied\u017a druga. <b>Artur Szcz\u0119sny<\/b>, kawaler z Sobonia i <b>Marzena Morawska<\/b>, panna ze Starejwsi, par. \u015bw. Micha\u0142a Archanio\u0142a, zapowied\u017a pierwsza. Otoczmy ich naszymi modlitwami.<\/p>\n<p><b><i>11.<\/i><\/b> Wczoraj w naszej \u015bwi\u0105tyni zawarli Sakrament Ma\u0142\u017ce\u0144stwa <b>Aneta Patoka i Krzysztof Ko\u0142ak<\/b>. \u017byczymy Nowo\u017ce\u0144com obfito\u015bci Bo\u017cej \u0142aski i szcz\u0119\u015bcia w \u017cyciu ma\u0142\u017ce\u0144skim.<\/p>\n<p><b><i>12.<\/i><\/b> Zach\u0119cam do lektury nowy nr Echa Katolickiego. Znajdziemy ciekawe artyku\u0142y o receptach na wychowanie, o cechach prawdziwej m\u0119sko\u015bci, a tak\u017ce jak radzi\u0107 sobie w depresji.<\/p>\n<p><b><i>13.<\/i><\/b> Pan B\u00f3g powo\u0142a\u0142 do wieczno\u015bci <b>\u015bp. Apoloni\u0119 Szatkowsk\u0105 z Sobonia<\/b>. Z ofiar zebranych na pogrzebie b\u0119dzie sprawowanych 9 Mszy \u015bw. o zbawienie jej duszy. <i>Wieczny odpoczynek racz jej da\u0107, Panie&#8230;<\/i><\/p>\n<h2 align=\"center\"><span style=\"color: #ff0000;\"><b>20 wrze\u015bnia &#8211; XXV Niedziela zwyk\u0142a<\/b><\/span><\/h2>\n<p><b>1. <\/b>Dzi\u015b prze\u017cywamy <b>Dzie\u0144 \u015arodk\u00f3w Spo\u0142ecznego Przekazu<\/b>. Abp Wac\u0142aw Depo podkre\u015bli\u0142, \u017ce \u201e<i>media maj\u0105 szczeg\u00f3lne zadanie s\u0142u\u017cenia rodzinom, w kt\u00f3rych nigdy &#8211; pod \u017cadnym pozorem \u2013 nie mog\u0105 os\u0142abia\u0107 wi\u0119zi, a powinny je umacnia\u0107\u201d.<\/i> Otoczmy gor\u0105c\u0105 modlitw\u0105 <b>Papie\u017ca Franciszka<\/b>, odbywaj\u0105cego 10-dniow\u0105 pielgrzymk\u0119 na Kub\u0119 i do Stan\u00f3w Zjednoczonych.<\/p>\n<p><b>2. <\/b>W naszej spo\u0142eczno\u015bci lokalnej prze\u017cywamy <b>II Festyn Rodzinny \u201eRodzina g\u00f3r\u0105!\u201d.<\/b> Serdecznie dzi\u0119kuj\u0119 wszystkim za zaanga\u017cowanie w przygotowaniu dekoracji, baner\u00f3w, sceny i namiot\u00f3w. Wczoraj sumiennie pracowali parafianie i druhowie stra\u017cacy. Dzi\u0119kuj\u0119 za przygotowanie fant\u00f3w na loteri\u0119, a tak\u017ce pierog\u00f3w i ciast. Zach\u0119cam do wzi\u0119cia <b>udzia\u0142u w biegu rodzinnym o 12.30<\/b> na rozpocz\u0119cie Festynu. Niech wszyscy parafianie i nasi go\u015bcie poczuj\u0105 serdeczno\u015b\u0107 i go\u015bcinno\u015b\u0107 jak w dobrej polskiej rodzinie.<\/p>\n<p><b>3. <\/b>W \u015brod\u0119 o <b>15.00<\/b> zapraszam na Eucharysti\u0119 w remizie <b>w Jaworku<\/b>. B\u0119d\u0105 r\u00f3wnie\u017c wychowankowie MOWu.<\/p>\n<p><b>4. <\/b>Prosz\u0119, aby poszczeg\u00f3lne miejscowo\u015bci ju\u017c zabra\u0142y wie\u0144ce do\u017cynkowe, aby zmieni\u0107 troch\u0119 dekoracje w naszej \u015bwi\u0105tyni. Najbli\u017csza niedziela <b>27 wrze\u015bnia<\/b> jest <b>Niedziel\u0105 synodaln\u0105 <\/b>i b\u0119dzie prze\u017cywana od has\u0142em: <b>\u201eSakramentalno\u015b\u0107 ma\u0142\u017ce\u0144stwa\u201d<\/b>. R\u00f3wnie\u017c od najbli\u017cszej niedzieli, a tak\u017ce w poniedzia\u0142ek i wtorek b\u0119dziemy prze\u017cywa\u0107 w naszej parafii <b>40 \u2013 Godzinne nabo\u017ce\u0144stwo<\/b>. Szczeg\u00f3ln\u0105 intencj\u0105 b\u0119dzie modlitwa za m\u0142odzie\u017c, aby wzrasta\u0142a w wierze, nadziei i mi\u0142o\u015bci. Porz\u0105dek adoracji Naj\u015bwi\u0119tszego Sakramentu jest wywieszony w gablocie.<\/p>\n<p><b>5. Dzi\u0119kuj\u0119 rodzinom z Wygl\u0119d\u00f3wka<\/b> za sprz\u0105tanie ko\u015bcio\u0142a i zapraszam na sobot\u0119: p. Ew\u0119 i Kazimierza W\u0105sowskich, p. Zefiryn\u0119 i Adama Komorowskich oraz p. Jadwig\u0119 i Janusza Komorowskich.<\/p>\n<p><b>6. <\/b>Do Sakramentu Ma\u0142\u017ce\u0144stwa przygotowuje si\u0119 <b>Pawe\u0142 K\u0119dzior<\/b>, cywilnie zwi\u0105zany, zam. w Wycz\u00f3\u0142kach par. pw. \u015bw. Stanis\u0142awa Bpa i M\u0119czennika w Czerwonce i <b>Patrycja Magdalena K\u0119dzior z d. Gersz<\/b>, cywilnie zwi\u0105zana, pochodz\u0105ca z Sobonia, zapowied\u017a pierwsza. Otoczmy ich naszymi modlitwami.<\/p>\n<p><b>7. <\/b>Zach\u0119cam do lektury nowy Nr \u201eEcha Katolickiego\u201d. Znajdziemy ciekawe artyku\u0142y o przebaczeniu, kt\u00f3re prowadzi do wewn\u0119trznego uzdrowienia oraz cenne wskaz\u00f3wki: jak dzieciom m\u00f3wi\u0107 o Bogu.<\/p>\n<p><b>8. <\/b>Pan B\u00f3g powo\u0142a\u0142 do wieczno\u015bci<b> \u015bp. Jana Bogus\u0142awa Skar\u017cy\u0144skiego z Sobonia<\/b>. Zapraszam jutro na Msz\u0119 \u015bw. o 7.30. Z ofiar zebranych na pogrzebie b\u0119dzie sprawowanych 15 Mszy \u015bw. o zbawienie jego duszy. <i>Wieczny odpoczynek racz mu da\u0107, Panie&#8230;<\/i><b> <\/b><\/p>\n<p align=\"center\"><span style=\"color: #ff0000;\"><b>Porz\u0105dek adoracji 40-godzinnego Nabo\u017ce\u0144stwa: <\/b><b><i>27-29 wrze\u015bnia 2015 r.<\/i><\/b><\/span><b><\/b><\/p>\n<p align=\"center\"><b><span style=\"text-decoration: underline;\">Niedziela: 27 wrze\u015bnia:<\/span><\/b><\/p>\n<p><b>\u00a07.00 &#8211;<\/b> rozpocz\u0119cie adoracji Naj\u015bwi\u0119tszego Sakramentu<b>, siostry z K\u00f3\u0142ka R\u00f3\u017ca\u0144cowego Kobiet w Wierzbnie<\/b><\/p>\n<p><b>\u00a08.00 &#8211; <\/b>mieszka\u0144cy<b> Lasu Jaworskiego <\/b><\/p>\n<p><b>\u00a09.00 \u2013 Msza \u015bw. z homili\u0105 ks. Stanis\u0142awa Abramczuka <\/b><\/p>\n<p><b>10.00 \u2013 <\/b>mieszka\u0144cy<b> Jan\u00f3wka<\/b><\/p>\n<p><b>11.00 \u2013 Msza \u015bw. z homili\u0105 ks. Stanis\u0142awa Abramczuka<\/b><\/p>\n<p><b>12.00 \u2013 <\/b>mieszka\u0144cy <b>Wygl\u0119d\u00f3wka i Helenowa<\/b><\/p>\n<p><b>13.00 \u2013<\/b> mieszka\u0144cy<b> W\u00f3lki<\/b><\/p>\n<p><b>14.00 \u2013<\/b> mieszka\u0144cy<b> Jaworka<\/b><\/p>\n<p><b>15.00 &#8211;<i> Koronka do Mi\u0142osierdzia Bo\u017cego<\/i><\/b> mieszka\u0144cy<b> Sobonia<\/b><\/p>\n<p><b>16.00 &#8211;<\/b> mieszka\u0144cy<b> Helenowa<\/b><\/p>\n<p><b>17.00 &#8211;<\/b> mieszka\u0144cy <b>Cierpi\u0105t i Adamowa<\/b><\/p>\n<p><b>18.00 &#8211; Msza \u015bw. z homili\u0105 ks. Stanis\u0142awa Abramczuka<\/b><\/p>\n<p><b>19.00 \u2013<\/b> mieszka\u0144cy<b> Wierzbna <\/b>(od p. Szyma\u0144skiej do Urz\u0119du Gminy)<\/p>\n<p><b>20.00 \u2013<\/b> mieszka\u0144cy <b>Wierzbna<\/b> (od p. Gog\u0142oz\u00f3w do ko\u0144ca miejscowo\u015bci)<\/p>\n<p><b>21.00 \u2013 b\u0142ogos\u0142awie\u0144stwo ko\u0144cowe i Apel Jasnog\u00f3rski<\/b><\/p>\n<p align=\"center\"><b><span style=\"text-decoration: underline;\">Poniedzia\u0142ek, 28 wrze\u015bnia: <\/span><\/b><\/p>\n<p><b>\u00a07.30 \u2013 Msza \u015bwi\u0119ta<\/b><\/p>\n<p><b>\u00a08.00 &#8211; <\/b>rozpocz\u0119cie adoracji Naj\u015bwi\u0119tszego Sakramentu<b>, siostry z K\u00f3\u0142ka R\u00f3\u017ca\u0144cowego Kobiet w Wierzbnie<\/b><\/p>\n<p><b>\u00a09.00 \u2013 <\/b>mieszka\u0144cy<b> Lasu Jaworskiego<\/b><\/p>\n<p><b>10.00 \u2013 <\/b>mieszka\u0144cy<b> Helenowa<\/b><\/p>\n<p><b>11.00 \u2013 <\/b>mieszka\u0144cy<b> W\u00f3lki<\/b><\/p>\n<p><b>12.00 \u2013 <\/b>mieszka\u0144cy<b> Swidna<\/b><\/p>\n<p><b>13.00 \u2013 <\/b>mieszka\u0144cy<b> Wygl\u0119d\u00f3wka<\/b><\/p>\n<p><b>14.00 \u2013 <\/b>mieszka\u0144cy<b> Jan\u00f3wka<\/b><\/p>\n<p><b>15.00 \u2013 <\/b>mieszka\u0144cy<b> Jaworka,<i> Koronka do Mi\u0142osierdzia Bo\u017cego<\/i><\/b><\/p>\n<p><b>16.00 \u2013 <\/b>mieszka\u0144cy<b> Sobonia<\/b><\/p>\n<p><b>17.00 \u2013 <\/b>mieszka\u0144cy<b> Cierpi\u0105t i kandydaci do Bierzmowania<\/b><\/p>\n<p><b>18.00 \u2013 Msza \u015bw. z homili\u0105 ks. Stanis\u0142awa Abramczuka<\/b><\/p>\n<p><b>19.00 \u2013<\/b> mieszka\u0144cy<b> Wierzbna <\/b>(od p. Szyma\u0144skiej do Urz\u0119du Gminy)<\/p>\n<p><b>20.00 \u2013 <\/b>mieszka\u0144cy<b> Wierzbna <\/b>(od p. Gog\u0142oz\u00f3w do ko\u0144ca miejscowo\u015bci)<\/p>\n<p><b>21.00 \u2013 Apel Jasnog\u00f3rski i zako\u0144czenie adoracji Naj\u015bwi\u0119tszego Sakramentu.<\/b><\/p>\n<p align=\"center\"><b><span style=\"text-decoration: underline;\">Wtorek, 29 wrze\u015bnia:<\/span><\/b><\/p>\n<p><b>\u00a07.30 \u2013 Msza \u015bwi\u0119ta<\/b><\/p>\n<p><b>\u00a08.00<\/b> &#8211; rozpocz\u0119cie adoracji Naj\u015bwi\u0119tszego Sakramentu<b>, siostry z K\u00f3\u0142ka R\u00f3\u017ca\u0144cowego Kobiet w Wierzbnie<\/b><\/p>\n<p><b>\u00a09.00 &#8211;<\/b> mieszka\u0144cy<b> Lasu Jaworskiego <\/b><\/p>\n<p><b>10.00 <i>&#8211; \u00a0<\/i><\/b>mieszka\u0144cy<b> Helenowa<\/b><\/p>\n<p><b>11.00 &#8211;<\/b> mieszka\u0144cy<b> W\u00f3lki<\/b><\/p>\n<p><b>12.00 \u2013 <\/b>mieszka\u0144cy<b> Swidna<\/b><\/p>\n<p><b>13.00 &#8211;<\/b> mieszka\u0144cy<b> Wygl\u0119d\u00f3wka, m\u0142odzie\u017c z Gimnazjum<\/b><\/p>\n<p><b>14.00 \u2013<\/b> mieszka\u0144cy<b> Jan\u00f3wka<\/b><\/p>\n<p><b>15.00 &#8211;<\/b> mieszka\u0144cy<b> Jaworka,<i> Koronka do Mi\u0142osierdzia Bo\u017cego<\/i><\/b><\/p>\n<p><b>16.00 \u2013<\/b> mieszka\u0144cy<b> Sobonia<\/b><\/p>\n<p><b>17.00 \u2013<\/b> Wsp\u00f3lnota <b>Domowego Ko\u015bcio\u0142a<\/b><\/p>\n<p><b>18.00 \u2013 Msza \u015bw. z homili\u0105 ks. Stanis\u0142awa Abramczuka<\/b><\/p>\n<p><b>19.00 \u2013 <\/b>mieszka\u0144cy<b> Wierzbna<\/b>(od p. Szyma\u0144skiej do Urz\u0119du Gminy)<\/p>\n<p><b>20.00 \u2013<\/b> mieszka\u0144cy<b> Wierzbna <\/b>(od p. Gog\u0142oz\u00f3w do ko\u0144ca miejscowo\u015bci)<\/p>\n<p><b>21.00 \u2013 Apel Jasnog\u00f3rski<\/b><\/p>\n<h2 align=\"center\"><span style=\"color: #ff0000;\"><b>13 wrze\u015bnia &#8211; XIV Niedziela zwyk\u0142a<\/b><\/span><\/h2>\n<p><b><i>1.<\/i><\/b><b> <\/b>Dzi\u015b 24 Niedziela okresu zwyk\u0142ego. Po Mszy o 9.00 zmianka tajemnic r\u00f3\u017ca\u0144cowych dla wsp\u00f3lnoty rodzic\u00f3w modl\u0105cych si\u0119 za dzieci. Zach\u0119cam do w\u0142\u0105czenia si\u0119 do tej wsp\u00f3lnoty rodzic\u00f3w, zatroskanych o chrze\u015bcija\u0144skie wychowanie dzieci. Po Mszy \u015bw. o 18.00 <b>Nabo\u017ce\u0144stwo Fatimskie<\/b>. B\u0119dziemy prosi\u0107 wstawiennictwa Naj\u015bwi\u0119tszej Maryi Panny w intencji uchod\u017ac\u00f3w i kraj\u00f3w zachodniej Europy, aby nie zatraca\u0142y swych chrze\u015bcija\u0144skich korzeni.<\/p>\n<p><b><i>2.<\/i><\/b> Jutro \u015bwi\u0119to Podwy\u017cszenia Krzy\u017ca \u015awi\u0119tego. Zapraszam na Eucharysti\u0119 o godz. 18.00, kt\u00f3r\u0105 b\u0119dzie sprawowa\u0142 ks. Stanis\u0142aw. W poniedzia\u0142ek i wtorek mnie nie b\u0119dzie w parafii, w Gda\u0144sku odwiedz\u0119 s. Ew\u0119 chor\u0105 na nowotw\u00f3r. Serdecznie prosz\u0119 o modlitw\u0119 w jej intencji.<\/p>\n<p><b><i>3.<\/i><\/b> W \u015brod\u0119 rozpoczynamy <b>Triduum ku czci \u015bw. Stanis\u0142awa Kostki<\/b>, patrona dzieci i m\u0142odzie\u017cy. <b>W \u015brod\u0119<\/b> zapraszam od 17.30 w szczeg\u00f3lny spos\u00f3b <b>dzieci ze szko\u0142y podstawowej<\/b>. Kto jeszcze nie by\u0142 u spowiedzi z racji rozpocz\u0119cia roku szkolnego, to trzeba przyst\u0105pi\u0107 i zaprosi\u0107 Chrystusa do swego serca. Uroczysta Msza \u015bw. o 18.00 a potem ognisko i kie\u0142baski. W <b>czwartek<\/b> zapraszam m\u0142odzie\u017c gimnazjaln\u0105 i starsz\u0105, rozpoczynaj\u0105c\u0105 przygotowanie\u00a0 do sakramentu Bierzmowania. Okazja do spowiedzi, potem o 18.00 Eucharystia i katecheza dla kandydat\u00f3w do Bierzmowania. Informuj\u0119, \u017ce b\u0119dzie sprawdzana lista obecno\u015bci. W pi\u0105tek b\u0119dziemy prze\u017cywa\u0107 <b>\u015bwi\u0119to \u015bw. Stanis\u0142awa Kostki<\/b>. Uroczysta Eucharystia o 18.00, serdecznie zapraszam rodzic\u00f3w, dzieci i m\u0142odzie\u017c. Po Mszy spotkanie dla m\u0142odzie\u017cy w ramach przygotowania do SDM, obowi\u0105zkowe dla m\u0142odzie\u017cy przygotowuj\u0105cej si\u0119 do Sakramentu Bierzmowania.<\/p>\n<p><b><i>4.<\/i><\/b> W najbli\u017csz\u0105 niedziel\u0119 zapraszam wszystkich na <b>II Festyn Rodzinny<\/b> pod has\u0142em: <b>\u201eRodzina g\u00f3r\u0105!\u201d<\/b> Pocz\u0105tek po Eucharystii o 11.00 <b>biegiem rodzinnym<\/b> z parkingu przy ko\u015bciele na boisko szkolne. Od 12.30 do 22.00 bogaty program artystyczny i rekreacyjny na placu przy Zespole Szk\u00f3\u0142 w Wierzbnie. B\u0119dzie du\u017co atrakcji dla dzieci i m\u0142odzie\u017cy, dla rodzic\u00f3w i starszych. W stoisku gastronomicznym b\u0119dzie mo\u017cna smacznie zje\u015b\u0107 za symboliczne pieni\u0105dze. Serdecznie prosz\u0119 o przygotowanie pierog\u00f3w i ciasta oraz fant\u00f3w na loteri\u0119. Doch\u00f3d z festynu przeznaczony jest na nasz\u0105 szko\u0142\u0119. Wieczorem dyskoteka i pokaz sztucznych ogni.<\/p>\n<p><b><i>5.<\/i><\/b> Serdecznie <b>dzi\u0119kuj\u0119 rodzinom z Jan\u00f3wka<\/b> za sumienne pe\u0142nienie dy\u017curu troski o czysto\u015b\u0107 w ko\u015bciele. Na sobot\u0119 <b>do sprz\u0105tania<\/b> <b>zapraszam rodziny z Wygl\u0119d\u00f3wka<\/b>: p. Danut\u0119 i Jerzego Chabiera, Czes\u0142aw\u0119 i Mariana Milewskiego oraz p. Janin\u0119 Bartnick\u0105.<\/p>\n<p><b><i>6.<\/i><\/b> Dzi\u0119kuj\u0119 za <b>ofiary na potrzeby ko\u015bcio\u0142a<\/b>: Zenon \u0141abarzewski ze Swidna \u2013 100 z\u0142 i bezimienna z Rozbitego Kamienia \u2013 400 z\u0142. Serdeczne \u201eB\u00f3g zap\u0142a\u0107!\u201d<\/p>\n<p><b><i>7.<\/i><\/b> Zach\u0119cam do lektury nowy nr \u201eEcha Katolickiego\u201d. Przeczytamy o historii Koronki do Mi\u0142osierdzia Bo\u017cego, o diecezjalnej pielgrzymce os\u00f3b konsekrowanych, a tak\u017ce odpowied\u017a na pytanie: jak Polacy maj\u0105 si\u0119 zachowa\u0107 wobec uchod\u017ac\u00f3w?.<\/p>\n<h2 align=\"center\"><span style=\"color: #ff0000;\"><b>6 wrze\u015bnia &#8211; XXIII Niedziela zwyk\u0142a<\/b><\/span><\/h2>\n<p><b><i>1.<\/i><\/b> Dzi\u015b pierwsza niedziela wrze\u015bnia. Ofiarami do puszek wspieramy misje w Bulo Bulo i ks. Jaros\u0142awa. Po sumie adoracja Naj\u015bwi\u0119tszego Sakramentu, procesja Eucharystyczna oraz zmianka tajemnic r\u00f3\u017ca\u0144cowych. <b>Intencje Apostolstwa Modlitwy<\/b> na wrzesie\u0144: <b><i>og\u00f3lna<\/i><\/b><i> &#8211; Aby wzrasta\u0142y mo\u017cliwo\u015bci\u00a0 kszta\u0142cenia si\u0119 i pracy wszystkich ludzi m\u0142odych; <b>ewangelizacyjna <\/b>\u2013 Aby katecheci byli w swoim \u017cyciu konsekwentnymi \u015bwiadkami wiary, kt\u00f3r\u0105 g\u0142osz\u0105. <\/i><\/p>\n<p><b><i>2.<\/i><\/b><i> <\/i>We wtorek <b>\u015bwi\u0119to Narodzenia Naj\u015bwi\u0119tszej Maryi Panny<\/b>. Msza \u015bw. o 7.30 i 18.00. Po Komunii \u015bw. b\u0142ogos\u0142awie\u0144stwo ziarna do siewu.<i> <\/i><\/p>\n<p><b><i>3.<\/i><\/b><i> <\/i>Na pro\u015bb\u0119 m\u0142odzie\u017cy z MOWu dwa razy w miesi\u0105cu b\u0119dzie sprawowana o 15.00 <b>Msza \u015bw. w remizie stra\u017cackiej w Jaworku<\/b>. Zapraszamy te\u017c mieszka\u0144c\u00f3w Jaworka, kto tylko mo\u017ce, na Eucharysti\u0119 w najbli\u017csz\u0105 \u015brod\u0119 o 15.00.<\/p>\n<p><b><i>4.<\/i><\/b> W najbli\u017csz\u0105 sobot\u0119 <b>o 19.00<\/b> na plebanii <b>katecheza dla rodzic\u00f3w przed Chrztem \u015bw. dziecka<\/b> i rodzic\u00f3w chrzestnych.<\/p>\n<p><b><i>5.<\/i><\/b> W najbli\u017csz\u0105 niedziel\u0119 o Mszy \u015bw. po 9.00 zmianka tajemnic r\u00f3\u017ca\u0144cowych dla wsp\u00f3lnoty rodzic\u00f3w modl\u0105cych si\u0119 za dzieci. Po Mszy \u015bw. o 18.00 <b>Nabo\u017ce\u0144stwo Fatimskie<\/b>. Zach\u0119cam do licznego udzia\u0142u.<\/p>\n<p><b><i>6.<\/i><\/b> Ju\u017c za dwa tygodnie, tj. <b>20 wrze\u015bnia<\/b>, organizujemy <b>II Festyn Rodzinny<\/b> od has\u0142em: <b>\u201eRodzina g\u00f3r\u0105\u201d.<\/b> Niech b\u0119dzie to nasze wsp\u00f3lne \u015bwi\u0119to: dzieci, m\u0142odzie\u017cy, rodzic\u00f3w i dziadk\u00f3w.\u00a0 My wszyscy mieszkaj\u0105c w tym \u015brodowisku, powinni\u015bmy tworzy\u0107 zgran\u0105 dobr\u0105 rodzin\u0119. Serdecznie prosz\u0119 o przygotowanie pierog\u00f3w i ciasta, aby nikt nie by\u0142 g\u0142odnym, a tak\u017ce fant\u00f3w na loteri\u0119. Fanty mona przynosi\u0107 w sobot\u0119 do biblioteki lub od razu do szko\u0142y.<\/p>\n<p><b><i>7.<\/i><\/b> W dniach <b>16 &#8211; 18 wrzenia<\/b> organizujemy dla dzieci i m\u0142odzie\u017cy <b>Triduum ku czci \u015bw. Stanis\u0142awa Kostki<\/b>, patrona m\u0142odzie\u017cy. Zach\u0119cam do spowiedzi, kto jeszcze nie by\u0142 na pocz\u0105tku roku szkolnego. O 18.00 uroczysta Eucharystia i po niej ognisko wraz z atrakcjami.<\/p>\n<p><b><i>8.<\/i><\/b> Dzi\u0119kuj\u0119 za sprz\u0105tanie ko\u015bcio\u0142a i zapraszam na sobot\u0119: p. Lucyn\u0119 i Bogdana Patoka, Agnieszk\u0119 i Artura Patoka oraz p. Iren\u0119 Zalewsk\u0105 z Jan\u00f3wka. Dzi\u0119kuj\u0119 mieszka\u0144com Jan\u00f3wka za trosk\u0119 o porz\u0105dek w ko\u015bciele i wok\u00f3\u0142 \u015bwi\u0105tyni. Dy\u017cur przejmuje Wygl\u0119d\u00f3wek.<\/p>\n<p><b><i>9.<\/i><\/b> Do <b>sakramentu ma\u0142\u017ce\u0144stwa<\/b> przygotowuj\u0105 si\u0119 nast\u0119puj\u0105ce osoby: <b>Krzysztof<\/b> <b>Ko\u0142ak<\/b>, kawaler zam. w Jan\u00f3wku i <b>Aneta Patoka<\/b>, panna z Jan\u00f3wka, oboje parafii tutejszej, zapowied\u017a trzecia. Otaczajmy narzeczonych modlitw\u0105, aby stworzyli pi\u0119kn\u0105 chrze\u015bcija\u0144sk\u0105 rodzin\u0119.<\/p>\n<p><b><i>10.<\/i><\/b> Zach\u0119cam do lektury nowy nr \u201eEcha Katolickiego\u201d. Znajdziemy ciekawe artyku\u0142y, np. Na czym powinno polega\u0107 na\u015bladowanie Maryi, o katechezie w szkole i wiele innych.<\/p>\n<p><b><i>11.<\/i><\/b> Pan B\u00f3g powo\u0142a\u0142 do wieczno\u015bci <b>\u015bp. Stanis\u0142aw\u0119 Zalewsk\u0105<\/b>. Z ofiar zebranych na pogrzebie b\u0119dzie sprawowanych 10 Mszy \u015bw. o zbawienie jej duszy. <i>Wieczny odpoczynek racz je da\u0107, Panie&#8230;<\/i><\/p>\n","protected":false},"excerpt":{"rendered":"<p>Powr\u00f3t do listy og\u0142osze\u0144 27 wrze\u015bnia &#8211; XXVI Niedziela zwyk\u0142a 1. Dzi\u015b Niedziela Synodalna pod has\u0142em: \u201eSakramentalno\u015b\u0107 ma\u0142\u017ce\u0144stwa\u201d. W sobot\u0119 na Mszy \u015bw. o 17.00 katecheza synodalna o ma\u0142\u017ce\u0144stwie. Zapraszam wszystkich radnych i zesp\u00f3\u0142 synodalny. W naszej wsp\u00f3lnocie parafialnej prze\u017cywamy 40-Godzinne Nabo\u017ce\u0144stwo. Chcemy by\u0107 z Chrystusem w Eucharystii i gor\u0105co modli\u0107 si\u0119 w intencji rodzin, a szczeg\u00f3lnie w intencji m\u0142odzie\u017cy, aby wzrasta\u0142a w wierze i we wsp\u00f3lnocie Ko\u015bcio\u0142a. Czas po\u015bwi\u0119cony modlitwie przed Naj\u015bwi\u0119tszym Sakramentem nigdy nie jest czasem straconym, ale b\u0142ogos\u0142awionym &#8211; tak m\u00f3wi\u0142 \u015bw. Jan Pawe\u0142 II. Program adoracji na poniedzia\u0142ek i wtorek jest wywieszony w gablocie przed ko\u015bcio\u0142em. 2. Z ca\u0142ego serca dzi\u0119kuj\u0119 za zaanga\u017cowanie i udzia\u0142 w II Festynie Rodzinnym \u201eRodzina g\u00f3r\u0105!\u201d Serdeczne \u201eB\u00f3g zap\u0142a\u0107!\u201d wszystkim za przygotowane pierogi i ciasto, dzi\u0119kuj\u0119 so\u0142tysom za ich zr\u0119czno\u015b\u0107 i udzia\u0142 w zawodach. Dzi\u0119kuj\u0119 rodzicom, dzieciom i m\u0142odzie\u017cy oraz druhom stra\u017cakom, bez kt\u00f3rych trudno by zorganizowa\u0107 tak\u0105 imprez\u0119. Pan Tadeusz \u2026 <a class=\"continue-reading-link\" href=\"https:\/\/www.parafiawierzbno.com.pl\/?page_id=3541\">Czytaj dalej <span class=\"meta-nav\">&rarr; <\/span><\/a><\/p>\n","protected":false},"author":1,"featured_media":0,"parent":225,"menu_order":0,"comment_status":"closed","ping_status":"closed","template":"","meta":{"ngg_post_thumbnail":0},"_links":{"self":[{"href":"https:\/\/www.parafiawierzbno.com.pl\/index.php?rest_route=\/wp\/v2\/pages\/3541"}],"collection":[{"href":"https:\/\/www.parafiawierzbno.com.pl\/index.php?rest_route=\/wp\/v2\/pages"}],"about":[{"href":"https:\/\/www.parafiawierzbno.com.pl\/index.php?rest_route=\/wp\/v2\/types\/page"}],"author":[{"embeddable":true,"href":"https:\/\/www.parafiawierzbno.com.pl\/index.php?rest_route=\/wp\/v2\/users\/1"}],"replies":[{"embeddable":true,"href":"https:\/\/www.parafiawierzbno.com.pl\/index.php?rest_route=%2Fwp%2Fv2%2Fcomments&post=3541"}],"version-history":[{"count":5,"href":"https:\/\/www.parafiawierzbno.com.pl\/index.php?rest_route=\/wp\/v2\/pages\/3541\/revisions"}],"predecessor-version":[{"id":3552,"href":"https:\/\/www.parafiawierzbno.com.pl\/index.php?rest_route=\/wp\/v2\/pages\/3541\/revisions\/3552"}],"up":[{"embeddable":true,"href":"https:\/\/www.parafiawierzbno.com.pl\/index.php?rest_route=\/wp\/v2\/pages\/225"}],"wp:attachment":[{"href":"https:\/\/www.parafiawierzbno.com.pl\/index.php?rest_route=%2Fwp%2Fv2%2Fmedia&parent=3541"}],"curies":[{"name":"wp","href":"https:\/\/api.w.org\/{rel}","templated":true}]}}