{"id":4647,"date":"2016-11-07T06:46:15","date_gmt":"2016-11-07T05:46:15","guid":{"rendered":"https:\/\/www.parafiawierzbno.com.pl\/?page_id=4647"},"modified":"2016-11-27T14:52:52","modified_gmt":"2016-11-27T13:52:52","slug":"ogloszenia-listopad-2016","status":"publish","type":"page","link":"https:\/\/www.parafiawierzbno.com.pl\/?page_id=4647","title":{"rendered":"Og\u0142oszenia &#8211; Listopad 2016"},"content":{"rendered":"<p><a title=\"Og\u0142oszenia parafialne\" href=\"https:\/\/www.parafiawierzbno.com.pl\/?page_id=225\">Powr\u00f3t do listy og\u0142osze\u0144<\/a><\/p>\n<h2 style=\"text-align: center;\"><span style=\"color: #800080;\">27 listopada \u2013 I Niedziela Adwentu<\/span><\/h2>\n<p>1. Rozpocz\u0119li\u015bmy Adwent, kt\u00f3ry jest szczeg\u00f3lnym przygotowaniem do Uroczysto\u015bci Narodzenia Pa\u0144skiego. W tym nowym roku liturgicznym b\u0119dziemy korzysta\u0107 w czytaniach mszalnych w niedziel\u0119 i uroczysto\u015bci z cyklu A. Zach\u0119cam do licznego udzia\u0142u w Roratach, czyli porannych Mszach \u015bw. ku czci Naj\u015bwi\u0119tszej Maryi Panny o 7.00 (w poniedzia\u0142ki, \u015brody i soboty). Przede Msz\u0105 \u015bw. \u015bpiewamy Godzinki. B\u0119dziemy poznawa\u0107 \u015bwi\u0119tych, aby bardziej gorliwie d\u0105\u017cy\u0107 do \u015bwi\u0119to\u015bci. Dla dzieci b\u0119dzie uk\u0142adanka drogi do nieba i konkurs znajomo\u015bci \u015bwi\u0119tych. Dla zespo\u0142u liturgicznego jest grafik pos\u0142ugi na grudzie\u0144. Serdecznie dzi\u0119kuj\u0119 p. Krystynie Gog\u0142ozie za przygotowanie wie\u0144ca adwentowego. Rekolekcje Adwentowe w Wierzbnie b\u0119d\u0105 od 16 do 18 grudnia. Dzi\u015b o 18.00 pr\u00f3ba przed Orszakiem Trzech Kr\u00f3li w sali konferencyjnej urz\u0119du gminy.<\/p>\n<p>2. W czasie Adwentu podejmujemy konkretne postanowienia, pomagaj\u0105ce nam uwa\u017cnie s\u0142ucha\u0107 S\u0142owo Bo\u017ce i wprowadza\u0107 je w \u017cycie. W\u0142\u0105czamy si\u0119 w dzie\u0142a mi\u0142osierdzia: Wigilijne Dzie\u0142o Pomocy Dzieciom \u2013 kupuj\u0105c \u015bwiec\u0119 pomagamy dzieciom w trudnych sytuacjach rodzinnych czy dzieciom chorym. Cena \u015bwiec: ma\u0142e \u2013 5 z\u0142, \u015brednie 10 z\u0142, du\u017ce 15 z\u0142 i du\u017ce i grube \u2013 20 z\u0142. Zach\u0119camy do w\u0142\u0105czenia si\u0119 w pomoc \u201eRodzina \u2013 Rodzinie\u201d. Woluntariuszki po ka\u017cdej Mszy \u015bw. b\u0119d\u0105 czeka\u0107 przed ko\u015bcio\u0142em i mo\u017cemy wylosowa\u0107 kopert\u0119, a w niej informacje o osobach potrzebuj\u0105cych, bez podania nazwiska. Przygotowujemy paczk\u0119 (artyku\u0142y spo\u017cywcze, drobne upominki, zabawki dla dzieci i kartk\u0119 z \u017cyczeniami \u015awi\u0105tecznymi). Do 18 grudnia przeka\u017cmy j\u0105 do parafii, a potem woluntariusze przeka\u017c\u0105 je pod w\u0142a\u015bciwy adres.<\/p>\n<p>3. Planujemy 18 grudnia zorganizowa\u0107 Wigili\u0119 dla Senior\u00f3w (od 70 wzwy\u017c) w budynku GSu na dole. Prosz\u0119, o pomoc parafian, poniewa\u017c spodziewamy si\u0119 oko\u0142o 50- 80 os\u00f3b. Mo\u017cna dzi\u015b do woluntariuszy zadeklarowa\u0107 gotowo\u015b\u0107 pomocy w przygotowaniu pierog\u00f3w, krokiet\u00f3w, kapusty wigilijnej, kompotu z suszonych owoc\u00f3w i ciasta (makowiec, dro\u017cd\u017cowce).<\/p>\n<p>4. W \u015brod\u0119 \u015bw. Andrzeja Aposto\u0142a i Msza \u015bw. roratnia rano o 7.00 w intencji zmar\u0142ych polecanych w wypominkach.<\/p>\n<p>5. W czwartek od 16.00 adoracja Naj\u015bwi\u0119tszego Sakramentu i modlitwa o powo\u0142ania kap\u0142a\u0144skie i do \u017cycia konsekrowanego. Mo\u017cliwo\u015b\u0107 skorzystania ze spowiedzi przed I pi\u0105tkiem miesi\u0105ca.<\/p>\n<p>6. Pierwszy pi\u0105tek zapraszam na Msz\u0119 \u015bw. wynagradzaj\u0105c\u0105 o 7.30 i 17.00. Od godz. 9.00 b\u0119d\u0119 odwiedza\u0142 chorych pragn\u0105cych si\u0119 wyspowiada\u0107 i przyj\u0105\u0107 Komuni\u0119 \u015bw.<\/p>\n<p>7. W najbli\u017csz\u0105 niedziel\u0119 zbi\u00f3rka do puszek jako pomoc Ko\u015bcio\u0142owi na Wschodzie. Po sumie adoracja Naj\u015bwi\u0119tszego Sakramentu i zmianka tajemnic r\u00f3\u017ca\u0144cowych.<\/p>\n<p>8. Serdecznie dzi\u0119kuj\u0119 za sprz\u0105tanie ko\u015bcio\u0142a\u00a0 rodzinom z Jaworka. Na sobot\u0119 zapraszam: p. Agnieszk\u0119 i Sylwestra \u0141okietek, p. Wac\u0142awa Zagrodzkiego, p. Ryszarda Pernach oraz p. Agat\u0119 i Waldemara Mr\u00f3z. Dzi\u0119kuj\u0119 za ofiary na remont parkanu cmentarza: p. Stanis\u0142aw Jaworowski \u2013 100 z\u0142.<\/p>\n<p>9. Zapraszam do lektury nowy nr \u201eEcha Katolickiego\u201d i znajdziemy du\u017co informacji o Adwencie, a tak\u017ce jak unikn\u0105\u0107 zatrucia czadem, o \u0107wiczeniach w chorobie zwyrodnieniowej staw\u00f3w.<\/p>\n<p>10. Pan B\u00f3g powo\u0142a\u0142 do siebie \u015bp. Jadwig\u0119 Zagrodzk\u0105. Z ofiar zebranych na pogrzebie b\u0119dzie 8 Mszy \u015bw. za zbawienie jej duszy i jeszcze jedn\u0105 intencj\u0119 zam\u00f3wi\u0142y siostry z KRK z Jaworka zamiast kwiat\u00f3w. Wieczny odpoczynek racz jej da\u0107, Panie&#8230;<\/p>\n<h2 style=\"text-align: center;\"><span style=\"color: #993366;\">20 listopada \u2013 Urocz. Jezusa Chrystusa, Kr\u00f3la Wszech\u015bwiata<\/span><\/h2>\n<p>1. Dzi\u015b zamkni\u0119cie Drzwi \u015awi\u0119tych w bazylice \u015bw. Piotra w Rzymie i zako\u0144czenie Jubileuszu Mi\u0142osierdzia. W ka\u017cdej parafii w naszej Ojczy\u017anie jest proklamowany Jubileuszowy Akt Przyj\u0119cia Jezusa Chrystusa za Kr\u00f3la i Pana. Po sumie wystawienie Naj\u015bwi\u0119tszego Sakramentu i Litania do Naj\u015bwi\u0119tszego serca Pana Jezusa. Po Mszy \u015bw. o 9.00 spotkanie dla rodzic\u00f3w i dzieci klasy III z racji przygotowania do I spowiedzi i Komunii \u015bw. Wieczorem, o 18.00 spotkanie organizacyjne Orszaku Trzech Kr\u00f3li w Sali konferencyjnej Urz\u0119du Gminy w Wierzbnie. Serdecznie zapraszam!<\/p>\n<p>2. We wtorek wspomnienie \u015bw. Cecylii, patronki organist\u00f3w i muzyki ko\u015bcielnej. Zapraszam na Eucharysti\u0119 o godz.17.00.<\/p>\n<p>3. W przysz\u0142\u0105 niedziel\u0119 rozpoczynamy Adwent, czas pobo\u017cnego i radosnego oczekiwania na przyj\u015bcie Chrystusa Pana. Zach\u0119cam do licznego uczestnictwa w Roratach o godz. 7.00 w poniedzia\u0142ki, \u015brody i soboty. Pi\u0119knie by\u0142oby, je\u015bli ca\u0142e rodziny z lampionami b\u0119d\u0105 przychodzi\u0107 na te poranne Msze \u015bw., by czuwa\u0107 z Maryj\u0105.<\/p>\n<p>4. W I Niedziel\u0119 Adwentu zach\u0119cam do czynu mi\u0142o\u015bci wzgl\u0119dem bli\u017aniego. Pomoc Rodzina &#8211; Rodzinie. Mo\u017cemy wylosowa\u0107 rodzin\u0119 potrzebuj\u0105c\u0105 lub osoby samotne (bez podawania nazwiska). Przygotujemy dla nich paczk\u0119 (s\u0142odycze, \u015brodki spo\u017cywcze, zabawki dla dzieci, upominki wykonane w\u0142asnor\u0119cznie) i kartk\u0119 z \u017cyczeniami na \u015awi\u0119ta Bo\u017cego Narodzenia. Przed \u015awi\u0119tami woluntariusze dostarcz\u0105 te paczki konkretnym osobom.<\/p>\n<p>5. M\u0142odzi woluntariusze pragn\u0105 18 grudnia zorganizowa\u0107 wigili\u0119 dla ludzi starszych, chorych i samotnych. Wcze\u015bniej planujemy odwiedzi\u0107 wszystkich szanownych senior\u00f3w, kt\u00f3rzy uko\u0144czyli 75 lat, aby wnie\u015b\u0107 chocia\u017c jeden promyk rado\u015bci i \u017cyczliwo\u015bci.<\/p>\n<p>6. Serdecznie dzi\u0119kuj\u0119 za sprz\u0105tanie ko\u015bcio\u0142a rodzinom z Jaworka i na sobot\u0119 zapraszam: p. Janin\u0119 Lipka, p. Barbar\u0119 i Micha\u0142a Roszkiewicz oraz p. Stanis\u0142aw\u0119 i Kazimierza Ku\u015bmierczyk z Jaworka.<\/p>\n<p>7. Z serca dzi\u0119kuj\u0119 mieszka\u0144com Swidna za wywiezienie li\u015bci i kwiat\u00f3w na kompostownik. Gor\u0105co prosz\u0119, aby wynosz\u0105c chryzantemy na \u015bmietnik, wyjmowa\u0107 je z doniczki. Doniczki sk\u0142adamy do du\u017cego worka. Dzi\u0119kuj\u0119 za ofiary na remont parkanu cmentarza: p. Anna i Wies\u0142aw Chro\u015bciccy \u2013 100 z\u0142, p. Helena Mr\u00f3z \u2013 100 z\u0142, p. Krzysztof Chabiera \u2013 100 z\u0142, p. Tadeusz Dmowski z Sobonia \u2013 100 z\u0142 i p. Henryk Grodzki z Jan\u00f3wka \u2013 100 z\u0142. \u201eB\u00f3g zap\u0142a\u0107!\u201d<\/p>\n<p>8. Dzi\u0119kuj\u0119 tak\u017ce p. Krzysztofowi Zwierzowi i Andrzejowi K\u0105cy za zmian\u0119 nag\u0142o\u015bnienia zewn\u0119trznego oraz mikrofon\u00f3w dla scholi i p. organistki.<\/p>\n<p>9. Mam do rozprowadzenia cegie\u0142ki na budow\u0119 Domu Pielgrzyma w Pratulinie. Cegie\u0142ki po 5, 10, 20 i 50 z\u0142. S\u0105 nawet i po 200 z\u0142. Wsp\u00f3lnymi si\u0142ami ca\u0142a diecezja chce wznosi\u0107 ten dom dla pielgrzym\u00f3w.<\/p>\n<p>10. Zach\u0119cam do lektury nowy nr. \u201eEcha Katolickiego\u201d. Znajdziemy wskaz\u00f3wki \u015bw. Ojca Pio, jak pobo\u017cnie \u017cy\u0107 i osi\u0105gn\u0105\u0107 wieczne szcz\u0119\u015bcie, oraz porady jak prawid\u0142owo si\u0119 od\u017cywia\u0107 i wiele cennych informacji.<\/p>\n<h2 style=\"text-align: center;\"><span style=\"color: #993366;\">13 listopada &#8211; XXXIII Niedziela zwyk\u0142a<\/span><\/h2>\n<p>1. Prze\u017cywamy Dzie\u0144 solidarno\u015bci z Ko\u015bcio\u0142em prze\u015bladowanym w Iraku. Po ka\u017cdej Mszy \u015bw. zbi\u00f3rka do puszek na potrzeby prze\u015bladowanych wsp\u00f3lnot Ko\u015bcio\u0142a. W naszej Diecezji to tak\u017ce kolejna \u201eNiedziela synodalna\u201d, prze\u017cywana pod has\u0142em: \u201eUdzia\u0142 katolik\u00f3w w \u017cyciu spo\u0142ecznym i politycznym\u201d. Po Mszy \u015bw. o 9.00 zmianka tajemnic dla wsp\u00f3lnoty rodzic\u00f3w modl\u0105cych si\u0119 za dzieci.<\/p>\n<p>2. Dzi\u0119kuj\u0119 tym, kt\u00f3rzy do 8 listopada modlili si\u0119 za zmar\u0142ych, uczestnicz\u0105c w procesji na cmentarz i modlitwie r\u00f3\u017ca\u0144cowej, aby pom\u00f3c duszom czy\u015b\u0107cowym. Przez ca\u0142y listopad modlimy si\u0119 za zmar\u0142ych 20 min przed wieczorn\u0105 Msz\u0105 \u015bw. i czytamy wypominki.<\/p>\n<p>3.\u00a0 W najbli\u017csz\u0105 niedziel\u0119 Uroczysto\u015b\u0107 Jezusa Chrystusa, Kr\u00f3la Wszech\u015bwiata. Po Komunii \u015bw. dokonamy Jubileuszowego Aktu Przyj\u0119cia Jezusa Chrystusa za Kr\u00f3la i Pana. Po sumie wystawienie naj\u015bwi\u0119tszego Sakramentu i litania do Naj\u015bwi\u0119tszego Serca Pana Jezusa. Po Mszy \u015bw. o 9.00 zapraszam na spotkanie rodzic\u00f3w i dzieci klasy III w ramach przygotowa\u0144 do I spowiedzi i Komunii \u015bwi\u0119tej.<\/p>\n<p>4. W najbli\u017csz\u0105 niedziel\u0119 o 18.00 spotkanie organizacyjne Orszaku Trzech Kr\u00f3li w Sali konferencyjnej Urz\u0119du Gminy w Wierzbnie. Serdecznie zapraszam wszystkich ch\u0119tnych do wsp\u00f3\u0142pracy.<\/p>\n<p>5. \u201e Akcja Rodzina \u2013 Rodzinie\u201d. Chcemy pom\u00f3c rodzinom w trudniejszej sytuacji materialnej i osobom potrzebuj\u0105cym. W I Niedziel\u0119 Adwentu mo\u017cemy wylosowa\u0107 rodzin\u0119 potrzebuj\u0105c\u0105 lub osoby samotne (bez podawania nazwiska). Przygotujemy dla nich paczk\u0119 i kartk\u0119 z \u017cyczeniami na \u015awi\u0119ta Bo\u017cego Narodzenia jako znak naszej mi\u0142o\u015bci. Przed \u015awi\u0119tami woluntariusze dostarcz\u0105 te paczki konkretnym osobom. Taka pomoc ju\u017c dzia\u0142a w wielu parafiach, np. w W\u0119growie.<\/p>\n<p>6. Dzi\u0119kuj\u0119 za sprz\u0105tanie rodzinom z Helenowa i na sobot\u0119 zapraszam ju\u017c rodziny z Jaworka, a konkretnie: p. Gra\u017cyn\u0119 i Stefana Cichockich, p. Miros\u0142awa Ku\u015bmierczyka oraz p. Katarzyn\u0119 i S\u0142awomira Laskowskich.<\/p>\n<p>7. Zapraszam na sobot\u0119 mieszka\u0144c\u00f3w Swidna do wywiezienia li\u015bci i usch\u0142ych kwiat\u00f3w na kompostownik. Dzi\u0119kuj\u0119 za ofiary na remont parkanu cmentarza: Monika i Robert Matusikowie \u2013 100 z\u0142, Anna i Jaros\u0142aw Bartniccy \u2013 100 z\u0142 i rodzina Krasuskich ze Swidna \u2013 100 z\u0142. Serdeczne \u201eB\u00f3g zap\u0142a\u0107!\u201d<\/p>\n<p>8. Z serca dzi\u0119kuj\u0119 p. Miros\u0142awowi Jachimowiczowi za sfinansowanie zakupu nowych mikrofon\u00f3w dla p. organistki i naszej scholi. W najbli\u017cszych dniach b\u0119d\u0105 wymienione tak\u017ce g\u0142o\u015bniki zewn\u0119trzne, aby poprawi\u0107 jako\u015b\u0107 s\u0142yszalno\u015bci.<\/p>\n<p>9. Zach\u0119cam do lektury nowy nr \u201eEcha Katolickiego\u201d. Przeczytamy o tym, czym s\u0105 odpusty, jak nada\u0107 sens cierpieniu oraz jak praktykowa\u0107 mi\u0142osierdzie w codziennym \u017cyciu.<\/p>\n<p>10. Pan B\u00f3g powo\u0142a\u0142 do wieczno\u015bci \u015bp. Mariann\u0119 Banasik, pogrzeb we wtorek o 9.30 i \u015bp. Czes\u0142awa Mo\u0144ka, pogrzeb w \u015brod\u0119 o 10.30. Wieczny odpoczynek racz im da\u0107, Panie..<\/p>\n<h2 style=\"text-align: center;\"><span style=\"color: #993366;\">6 listopada &#8211; XXXII Niedziela zwyk\u0142a<\/span><\/h2>\n<p>1. Dzi\u015b I niedziela miesi\u0105ca i po sumie adoracja Naj\u015bwi\u0119tszego Sakramentu oraz zmianka tajemnic r\u00f3\u017ca\u0144cowych. Intencje Apostolstwa Modlitwy na listopad: Og\u00f3lna \u2013 Aby kraje, kt\u00f3re przyjmuj\u0105 wielk\u0105 liczb\u0119 uchod\u017ac\u00f3w i uciekinier\u00f3w, by\u0142y wspierane w swoim wysi\u0142ku solidarno\u015bci. Ewangelizacyjna \u2013 Aby w parafiach kap\u0142ani i wierni \u015bwieccy wsp\u00f3\u0142pracowali w s\u0142u\u017cbie wsp\u00f3lnoty, nie ulegaj\u0105c pokusie zniech\u0119cenia. Po sumie tak\u017ce procesja na cmentarz i r\u00f3\u017caniec za zmar\u0142ych, aby wyprasza\u0107 dla nich \u0142ask\u0119 nieba.<\/p>\n<p>2. Codziennie do 8 listopada mo\u017cemy uzyska\u0107 odpust zupe\u0142ny i ofiarowa\u0107 go za zmar\u0142ych, kt\u00f3rzy oczekuj\u0105 na nasz\u0105 pomoc. Do \u015brody po Mszy \u015bw. o 17.00 procesja i r\u00f3\u017caniec za zmar\u0142ych na naszym cmentarzu. A przez ca\u0142y listopad modlimy si\u0119 przed Msz\u0105 \u015bw. o 17.00 za zmar\u0142ych polecanych Bo\u017cemu Mi\u0142osierdziu w wypominkach: w poniedzia\u0142ek \u2013Swidno, W\u00f3lka, Adam\u00f3w i kartki bez adresu, we wtorek \u2013 Wierzbno, cz.I, w \u015brod\u0119 \u2013 Sobo\u0144 i Wygl\u0119d\u00f3wek, w czwartek \u2013 Jaworek i kartki spoza parafii, w pi\u0105tek \u2013 Las Jaworski, Helen\u00f3w, Cierpi\u0119ta i Wierzbno cz.II, w sobot\u0119 \u2013 Jan\u00f3wek i kartki bez adresu.<\/p>\n<p>3. W pi\u0105tek 11 listopada \u015awi\u0119to Niepodleg\u0142o\u015bci. Gor\u0105co zach\u0119cam do modlitwy w intencji Ojczyzny. Zapraszam starszych i m\u0142odych, druh\u00f3w stra\u017cak\u00f3w i ministrant\u00f3w na uroczyst\u0105 Msz\u0119 \u015bw. o godz. 9.00. Po niej m\u0142odzie\u017c gimnazjalna przedstawi program artystyczny i przejdziemy pod pomnik marsza\u0142ka J\u00f3zefa Pi\u0142sudskiego. Zako\u0144czymy \u015bpiewem pie\u015bni patriotycznych i kie\u0142bask\u0105 pieczon\u0105 na ognisku na placu za plebani\u0105. Informuj\u0119, \u017ce 11 listopada obowi\u0105zuje dyspensa dotycz\u0105ca wstrzemi\u0119\u017aliwo\u015bci od pokarm\u00f3w mi\u0119snych.<\/p>\n<p>4. Od pi\u0105tku po Mszy wieczorowej rozpoczynamy nowenn\u0119 przed Jubileuszowym Aktem Przyj\u0119cia Jezusa Chrystusa za Kr\u00f3la i Pana. Zach\u0119cam do licznego udzia\u0142u w nowennie, aby przygotowa\u0107 si\u0119 duchowo do tej uroczysto\u015bci.<\/p>\n<p>5. Najbli\u017csza niedziela, 13 pa\u017adziernika, to w naszej Diecezji kolejna \u201eNiedziela synodalna\u201d, prze\u017cywana pod has\u0142em: \u201eUdzia\u0142 katolik\u00f3w w \u017cyciu spo\u0142ecznym i politycznym\u201d. To r\u00f3wnie\u017c Dzie\u0144 solidarno\u015bci z Ko\u015bcio\u0142em prze\u015bladowanym. Po Mszy \u015bw. zbi\u00f3rka do puszek na potrzeby prze\u015bladowanych wsp\u00f3lnot Ko\u015bcio\u0142a w Iraku.<\/p>\n<p>6. Planujemy organizacj\u0119 Orszaku Trzech Kr\u00f3li w dniu 6 stycznia 2017 r. Gor\u0105co prosz\u0119 do wpisania si\u0119 na list\u0119 tych, kt\u00f3rzy pragn\u0105 zaanga\u017cowa\u0107 si\u0119 w tym spektaklu.<\/p>\n<p>7. Serdecznie dzi\u0119kuj\u0119 rodzinom z Helenowa za sprz\u0105tanie ko\u015bcio\u0142a i na sobot\u0119 zapraszam: p. Ew\u0119 i Miros\u0142awa Patoka oraz p. Monik\u0119 i Krzysztofa Zalewskich z Helenowa.<\/p>\n<p>8. Serdecznie dzi\u0119kuj\u0119 za ofiary na remont parkanu cmentarza: p. Mariola i Tomasz Jachimowicz \u2013 100 z\u0142, p. Sledziewscy z W\u00f3lki \u2013 100 z\u0142, p. Kazimierz Ku\u015bmierczyk \u2013 100 z\u0142, p. Sabina Brzuszkiewicz \u2013 100 z\u0142, p. Henryka i Witold Wiel\u0105dek \u2013 100 z\u0142, p. Witold Pi\u00f3rek \u2013 200 z\u0142, p. Halina i Eugeniusz Szatkowscy z Sobonia \u2013 100 z\u0142, p. Henryka i Andrzej Miklaszewscy \u2013 100 z\u0142, p. Dorota i Dariusz Wr\u00f3blewscy \u2013 100 z\u0142. Z serca \u201eB\u00f3g zap\u0142a\u0107!\u201d<\/p>\n<p>9. Zach\u0119cam do lektury nowy nr \u201eEcha Katolickiego\u201d. Przeczytamy m.in. jak wygl\u0105da\u0142y pierwsze dni odzyskania niepodleg\u0142o\u015bci przez Polsk\u0119 w 1918 r. oraz o cudach jakie dziej\u0105 si\u0119 za wstawiennictwem b\u0142. ks. Jerzego Popie\u0142uszki.<\/p>\n","protected":false},"excerpt":{"rendered":"<p>Powr\u00f3t do listy og\u0142osze\u0144 27 listopada \u2013 I Niedziela Adwentu 1. Rozpocz\u0119li\u015bmy Adwent, kt\u00f3ry jest szczeg\u00f3lnym przygotowaniem do Uroczysto\u015bci Narodzenia Pa\u0144skiego. W tym nowym roku liturgicznym b\u0119dziemy korzysta\u0107 w czytaniach mszalnych w niedziel\u0119 i uroczysto\u015bci z cyklu A. Zach\u0119cam do licznego udzia\u0142u w Roratach, czyli porannych Mszach \u015bw. ku czci Naj\u015bwi\u0119tszej Maryi Panny o 7.00 (w poniedzia\u0142ki, \u015brody i soboty). Przede Msz\u0105 \u015bw. \u015bpiewamy Godzinki. B\u0119dziemy poznawa\u0107 \u015bwi\u0119tych, aby bardziej gorliwie d\u0105\u017cy\u0107 do \u015bwi\u0119to\u015bci. Dla dzieci b\u0119dzie uk\u0142adanka drogi do nieba i konkurs znajomo\u015bci \u015bwi\u0119tych. Dla zespo\u0142u liturgicznego jest grafik pos\u0142ugi na grudzie\u0144. Serdecznie dzi\u0119kuj\u0119 p. Krystynie Gog\u0142ozie za przygotowanie wie\u0144ca adwentowego. Rekolekcje Adwentowe w Wierzbnie b\u0119d\u0105 od 16 do 18 grudnia. Dzi\u015b o 18.00 pr\u00f3ba przed Orszakiem Trzech Kr\u00f3li w sali konferencyjnej urz\u0119du gminy. 2. W czasie Adwentu podejmujemy konkretne postanowienia, pomagaj\u0105ce nam uwa\u017cnie s\u0142ucha\u0107 S\u0142owo Bo\u017ce i wprowadza\u0107 je w \u017cycie. W\u0142\u0105czamy si\u0119 w dzie\u0142a mi\u0142osierdzia: Wigilijne Dzie\u0142o \u2026 <a class=\"continue-reading-link\" href=\"https:\/\/www.parafiawierzbno.com.pl\/?page_id=4647\">Czytaj dalej <span class=\"meta-nav\">&rarr; <\/span><\/a><\/p>\n","protected":false},"author":1,"featured_media":0,"parent":225,"menu_order":0,"comment_status":"closed","ping_status":"closed","template":"","meta":{"ngg_post_thumbnail":0},"_links":{"self":[{"href":"https:\/\/www.parafiawierzbno.com.pl\/index.php?rest_route=\/wp\/v2\/pages\/4647"}],"collection":[{"href":"https:\/\/www.parafiawierzbno.com.pl\/index.php?rest_route=\/wp\/v2\/pages"}],"about":[{"href":"https:\/\/www.parafiawierzbno.com.pl\/index.php?rest_route=\/wp\/v2\/types\/page"}],"author":[{"embeddable":true,"href":"https:\/\/www.parafiawierzbno.com.pl\/index.php?rest_route=\/wp\/v2\/users\/1"}],"replies":[{"embeddable":true,"href":"https:\/\/www.parafiawierzbno.com.pl\/index.php?rest_route=%2Fwp%2Fv2%2Fcomments&post=4647"}],"version-history":[{"count":6,"href":"https:\/\/www.parafiawierzbno.com.pl\/index.php?rest_route=\/wp\/v2\/pages\/4647\/revisions"}],"predecessor-version":[{"id":4679,"href":"https:\/\/www.parafiawierzbno.com.pl\/index.php?rest_route=\/wp\/v2\/pages\/4647\/revisions\/4679"}],"up":[{"embeddable":true,"href":"https:\/\/www.parafiawierzbno.com.pl\/index.php?rest_route=\/wp\/v2\/pages\/225"}],"wp:attachment":[{"href":"https:\/\/www.parafiawierzbno.com.pl\/index.php?rest_route=%2Fwp%2Fv2%2Fmedia&parent=4647"}],"curies":[{"name":"wp","href":"https:\/\/api.w.org\/{rel}","templated":true}]}}