{"id":4725,"date":"2017-01-01T18:06:41","date_gmt":"2017-01-01T17:06:41","guid":{"rendered":"https:\/\/www.parafiawierzbno.com.pl\/?page_id=4725"},"modified":"2017-01-29T21:08:57","modified_gmt":"2017-01-29T20:08:57","slug":"ogloszenia-styczen-2017","status":"publish","type":"page","link":"https:\/\/www.parafiawierzbno.com.pl\/?page_id=4725","title":{"rendered":"Og\u0142oszenia &#8211; Stycze\u0144 2017"},"content":{"rendered":"<p style=\"text-align: left;\"><a title=\"Og\u0142oszenia parafialne\" href=\"https:\/\/www.parafiawierzbno.com.pl\/?page_id=225\">Powr\u00f3t do listy og\u0142osze\u0144<\/a><\/p>\n<h2 style=\"text-align: center;\"><span style=\"color: #ff0000;\">29 stycznia \u2013 IV Niedziela zwyk\u0142a<\/span><\/h2>\n<p>1. Dzi\u015b po Mszy \u015bw. o 9.00 spotkanie dla rodzic\u00f3w i dzieci klasy III, przygotowuj\u0105cych si\u0119 do I spowiedzi i Komunii \u015bw. Pani katechetka przekazuje informacj\u0119, \u017ce we wtorek 31 stycznia o 17.00 na starej plebanii spotkanie z pani\u0105 krawcow\u0105 i przymiarka stroj\u00f3w pierwszokomunijnych. Prosz\u0119 przygotowa\u0107 zaliczk\u0119 w wysoko\u015bci 40 z\u0142.<\/p>\n<p>Pan Tadeusz Jaczewski po Mszy \u015bw. b\u0119dzie rozprowadza\u0142 kasety z filmem z naszego Orszaku. Serdecznie zach\u0119cam do wzi\u0119cia udzia\u0142u w kuligu w Jaworku, pocz\u0105tek o 14.30, potem ognisko, pieczona kie\u0142basa i \u015bpiewanie kol\u0119d.<\/p>\n<p>2. Dzi\u0119kuj\u0119 tym, kt\u00f3rzy nabyli w ostatni\u0105 niedziel\u0119 cegie\u0142ki (\u0142\u0105cznie 695 z\u0142) na budow\u0119 Domu Pielgrzyma w Pratulinie. Mamy jako parafia Wierzbno rozprowadzi\u0107 cegie\u0142ki na kwot\u0119 4200 z\u0142. W zakrystii mo\u017cna z\u0142o\u017cy\u0107 ofiar\u0119 na ten cel i otrzyma\u0107 cegie\u0142k\u0119. Jest nowy grafik czytaj\u0105cych s\u0142owo Bo\u017ce na miesi\u0105c luty. Przepraszam, \u017ce nie poinformowa\u0142em o ofiarach (\u0142\u0105cznie 900 z\u0142) na ko\u015bci\u00f3\u0142 z wizyty duszpasterskiej w Wygl\u0119d\u00f3wku.<\/p>\n<p>3. W czwartek \u015awi\u0119to Ofiarowania Pa\u0144skiego i dzie\u0144 \u017bycia Konsekrowanego. Zapraszam na Eucharysti\u0119 o 9.00 i 17.00. Ofiarami na tac\u0119 wesprzemy zakony klauzurowe w naszej diecezji. Od 16.00 adoracja Naj\u015bwi\u0119tszego Sakramentu i modlitwa za powo\u0142anych do kap\u0142a\u0144stwa i \u017cycia konsekrowanego.<\/p>\n<p>4. Pierwszy pi\u0105tek miesi\u0105ca, od 9.00 odwiedzam chorych pragn\u0105cych si\u0119 wyspowiada\u0107 i przyj\u0105\u0107 Chrystusa w Komunii \u015bw. Od 16.30 spowied\u017a i o 17.00 Msza \u015bw. wynagradzaj\u0105ca Naj\u015bwi\u0119tszemu Sercu Pana Jezusa za grzechy nasze i ca\u0142ego \u015bwiata.<\/p>\n<p>5. W pi\u0105tek od 14.30 zapraszam doros\u0142ych i m\u0142odzie\u017c do rozebrania dekoracji Bo\u017conarodzeniowej i choinek.<\/p>\n<p>6. W najbli\u017csz\u0105 niedziel\u0119 b\u0119dziemy go\u015bcili misjonarza ks. Wojciecha Matuszewskiego, pos\u0142uguj\u0105cego w Kazachstanie. Modlitw\u0105 i ofiarami na tac\u0119 wesprzemy jego prac\u0119 misyjn\u0105. Z racji pierwszej niedzieli po sumie adoracja Naj\u015bwi\u0119tszego Sakramentu i zmianka tajemnic r\u00f3\u017ca\u0144cowych. W Naszej diecezji jest to r\u00f3wnie\u017c Niedziela synodalna, prze\u017cywana pod has\u0142em: \u201ePowo\u0142anie i misja wiernych \u015bwieckich\u201d. Na plebani\u0119 o 15.00 zapraszam na spotkanie dla m\u0119\u017cczyzn, by\u015bmy tworzyli wsp\u00f3lnot\u0119 zatroskanych o Ko\u015bci\u00f3\u0142 i Ojczyzn\u0119.<\/p>\n<p>7. Katolicka Poradnia Rodzinna w Gr\u0119bkowie zaprasza na Katechezy Przedma\u0142\u017ce\u0144skie w dniach 4 i 11 marca. Bli\u017csze informacje w gablocie przy ko\u015bciele.<\/p>\n<p>8. Serdecznie dzi\u0119kuj\u0119 mieszka\u0144com Jaworka za sprz\u0105tanie ko\u015bcio\u0142a i zapraszam na najbli\u017csz\u0105 sobot\u0119 ju\u017c rodziny z Jan\u00f3wka: p. Agnieszk\u0119 i Artura Patoka, p. Bo\u017cen\u0119 i Zbigniewa Patoka oraz p. Iren\u0119 Zalewsk\u0105.<\/p>\n<p>9. Zach\u0119cam do lektury nowy Nr \u201eEcha Katolickiego\u201d. Przeczytamy o roli gromnicy i o wierze w sta\u0142\u0105 opiek\u0119 Matki Bo\u017cej, o kulcie b\u0142. M\u0119czennik\u00f3w Pratuli\u0144skich oraz o \u015bwieckich konsekrowanych.<\/p>\n<h2 style=\"text-align: center;\"><span style=\"color: #ff0000;\">22 stycznia \u2013 III Niedziela zwyk\u0142a<\/span><\/h2>\n<p>1. Pozdrawiam z ca\u0142ego serca wszystkich Szanownych Dziadk\u00f3w i Babcie, dzi\u0119kuj\u0119 za wasze modlitwy, kt\u00f3re zanosicie w intencji swoich rodzin i naszej Parafii. \u017bycz\u0119 Wam wieli lat w zdrowiu, pogody ducha i serdeczno\u015bci ze strony dzieci i wnuk\u00f3w.<\/p>\n<p>2. Jutro liturgiczne wspomnienie b\u0142. Wincentego Lewoniuka i Towarzyszy, M\u0119czennik\u00f3w z Pratulina. Ks. Biskup gor\u0105co zach\u0119ca do nabywania cegie\u0142ek (od 5 z\u0142 do 200 z\u0142) na budow\u0119 \u201eDomu Pielgrzyma\u201d w Pratulinie. Pierwszy etap prac, czyli wykonanie fundament\u00f3w, zosta\u0142 ju\u017c uko\u0144czony. Ten dom b\u0119dzie s\u0142u\u017cy\u0142 wszystkim przybywaj\u0105cym do Pratulina, aby u B\u0142. M\u0119czennik\u00f3w szuka\u0107 wstawiennictwa w r\u00f3\u017cnych intencjach. Dzi\u015b po Mszy \u015bw. ministranci b\u0119d\u0105 rozprowadza\u0107 cegie\u0142ki na budow\u0119 Domu Pielgrzyma w Pratulinie. Ofiarnie wspom\u00f3\u017cmy to wielkie dzie\u0142o.<\/p>\n<p>3. W \u015brod\u0119 \u015bwi\u0119to Nawr\u00f3cenia \u015bw. Paw\u0142a Aposto\u0142a. Zapraszam na Msz\u0119 \u015bw. o 17.00.<\/p>\n<p>4. W niedziel\u0119 29 stycznia po Mszy \u015bw. o 9.00 spotkanie dla rodzic\u00f3w i dzieci klasy III, przygotowuj\u0105cych si\u0119 do I spowiedzi i Komunii \u015bw. Chc\u0119 sprawdzi\u0107 na ile dzieci nauczy\u0142y si\u0119 ju\u017c podstawowych modlitw. Ofiary na tac\u0119 b\u0119d\u0105 przeznaczone na zakup oleju opa\u0142owego, aby ogrzewa\u0107 nasz\u0105 \u015bwi\u0105tyni\u0119. Tak\u017ce w niedziel\u0119 o godz. 14.30 kulig i ognisko w Jaworku. Spotykamy si\u0119 przy remizie OSP w Jaworku, a potem przeja\u017cd\u017cka na saniach, ognisko i kie\u0142baski oraz czas na \u015bpiew kol\u0119d.<\/p>\n<p>5. Pan Tadeusz Jaczewski w najbli\u017csz\u0105 niedziel\u0119 po Mszy \u015bw. o 9.00 i 12.00 b\u0119dzie rozprowadza\u0142 kasety z filmem o naszym Orszaku. Cena kasety 25 z\u0142. Pierwsze\u0144stwo maj\u0105 ci, kt\u00f3rzy si\u0119 zapisali na list\u0119, ale kaset b\u0119dzie wi\u0119cej.<\/p>\n<p>6. Dzi\u0119kuj\u0119 za sprz\u0105tanie ko\u015bcio\u0142a rodzinom z Jaworka i na sobot\u0119 zapraszam: p. El\u017cbiet\u0119 Mr\u00f3z, p. Monik\u0119 i Andrzeja Mr\u00f3z oraz p. Iren\u0119 Koszewsk\u0105. Z serca dzi\u0119kuj\u0119 mieszka\u0144com Jaworka za wype\u0142nienie dy\u017curu troski o ko\u015bci\u00f3\u0142. W najbli\u017cszej kolejno\u015bci prosz\u0119 o zaanga\u017cowanie rodzin z Jan\u00f3wka.<\/p>\n<p>7. Proponuj\u0119 raz w miesi\u0105cu Spotkanie dla m\u0119\u017cczyzn, aby wsp\u00f3lnie dyskutowa\u0107 na wa\u017cne tematy dotycz\u0105ce \u015bwiatopogl\u0105du chrze\u015bcija\u0144skiego. Pierwsze spotkanie na plebanii w niedziel\u0119 5 lutego o 15.00\u00a0 i b\u0119dziemy go\u015bcili ks. Wojciecha Matuszewskiego, pos\u0142uguj\u0105cego w Kazachstanie.<\/p>\n<p>8. Zach\u0119cam do lektury nowy nr \u201eEcha Katolickiego\u201d. Przeczytamy o \u015bwiadectwie wiary unit\u00f3w podlaskich w kolejn\u0105 rocznic\u0119 m\u0119cze\u0144stwa, o \u017cyciu Andre Frosarda i o tym jaka powinna by\u0107 \u201ezdrowa\u201d pobo\u017cno\u015b\u0107.<\/p>\n<h2 style=\"text-align: center;\"><span style=\"color: #ff0000;\">15 stycznia \u2013 II Niedziela zwyk\u0142a<\/span><\/h2>\n<p>1. W \u015brod\u0119 rozpoczynamy Tydzie\u0144 Modlitw o Jedno\u015b\u0107 Chrze\u015bcijan. B\u0119dziemy go obchodzi\u0107 pod has\u0142em: \u201ePojednanie \u2013 mi\u0142o\u015b\u0107 Chrystusa przynagla nas\u201d. Potrzeba modlitwy i konkretnych krok\u00f3w ku jedno\u015bci chrze\u015bcijan, aby nas zespala\u0142a mi\u0142o\u015b\u0107 Chrystusa w jednym Ko\u015bciele. Mam zaproszenie, aby podzieli\u0107 si\u0119 z alumnami do\u015bwiadczeniem pos\u0142ugi na Syberii.<\/p>\n<p>2. Planujemy po 22 stycznia, kulig i ognisko w Jaworku dla naszych artyst\u00f3w i tych wszystkich, kt\u00f3rzy anga\u017cowali si\u0119 w organizacj\u0119 Orszaku Trzech Kr\u00f3li. B\u0119dzie jeszcze okazja po\u015bpiewa\u0107 kol\u0119dy. Zach\u0119cam do zapisywania si\u0119 na kasety, kt\u00f3re b\u0119d\u0105 cenn\u0105 pami\u0105tk\u0105 z naszego Orszaku.<\/p>\n<p>3. Dzi\u0119kuj\u0119 za sprz\u0105tanie ko\u015bcio\u0142a rodzinom z Jaworka i na sobot\u0119 zapraszam: p. Sabin\u0119 Brzuszkiewicz, p. Ew\u0119 i Adama Brzuszkiewicz oraz p. Danut\u0119 i Grzegorza Ku\u015bmierczyk.<\/p>\n<p>4. Informujemy, \u017ce w sobot\u0119 4 i 11 marca odb\u0119d\u0105 si\u0119 w Gr\u0119bkowie nauki dla narzeczonych. Pocz\u0105tek zaj\u0119\u0107 o godz. 10.00.<\/p>\n<p>5. Zach\u0119cam do lektury nowy Nr \u201eEcha Katolickiego\u201d. Przeczytamy jak ustrzec dzieci przed zgubnym wp\u0142ywem telewizji i Internetu, o stanie wiary w kraju i naszej diecezji\u00a0 oraz o tym, jak odnosi\u0107 si\u0119 do zwierz\u0105t.<\/p>\n<h2 style=\"text-align: center;\"><span style=\"color: #ff0000;\">8 stycznia \u2013 Niedziela Chrztu Pa\u0144skiego<\/span><\/h2>\n<p>1. Dzisiejsze \u015awi\u0119to\u00a0 Chrztu Pa\u0144skiego ko\u0144czy okres Narodzenia Pa\u0144skiego. Dzi\u0119kujemy za dar Sakramentu Chrztu \u015bwi\u0119tego, dzi\u0119ki kt\u00f3remu zostali\u015bmy w\u0142\u0105czeni w wielk\u0105 rodzin\u0119 dzieci Bo\u017cych. Po Mszy \u015bw. o 9.00 zmianka tajemnic dla wsp\u00f3lnoty rodzic\u00f3w modl\u0105cych si\u0119 za dzieci.<\/p>\n<p>2. Z ca\u0142ego serca dzi\u0119kuj\u0119 wszystkim za zaanga\u017cowanie i za uczestnictwo w Orszaku Trzech Kr\u00f3li, pomimo sporego mrozu. W szczeg\u00f3lny spos\u00f3b wyra\u017cam wdzi\u0119czno\u015b\u0107\u00a0 p. Micha\u0142owi W\u0105sowskiemu i p. Andrzejowi Staniszewskiemu za przygotowanie stajenki i du\u017cy wk\u0142ad swojego czasu, dzi\u0119kuj\u0119 za wypo\u017cyczenie przyczep na mansjony i ich dekoracj\u0119, p. Wies\u0142awie \u0141ukasiak i p. Wiechowskiej dzi\u0119kuj\u0119 za pyszny bigos i groch\u00f3wk\u0119. Dzi\u0119kuj\u0119 wszystkim aktorom za wcielenie si\u0119 w role postaci biblijnych: trzech kr\u00f3li, Heroda, Maryi i J\u00f3zefa, arcykap\u0142ana i innych. Wielkie \u201eB\u00f3g zap\u0142a\u0107!\u201d p. Ma\u0142gorzacie W\u0105sowskiej za serce w\u0142o\u017cone w organizacj\u0119 Orszaku: za stroje, za mobilizowanie uczni\u00f3w naszej szko\u0142y do uczestnictwa w Orszaku, serdecznie dzi\u0119kuj\u0119 moderatorowi p. Andrzejowi K\u0105cy i p. Krzysztofowi Zwierzowi za nag\u0142o\u015bnienie ca\u0142ej imprezy. Z serca dzi\u0119kuj\u0119 anio\u0142om pod przewodnictwem p. Anety Miklaszewskiej i \u201eJaworkom\u201d z p. Monik\u0105 Mr\u00f3z za pi\u0119kny koncert kol\u0119d przy stajence; dzi\u0119kuj\u0119 druhom stra\u017cakom z OSP Wierzbno i OSP Jaworek oraz policji za czuwanie nad spokojnym przemarszem ca\u0142ej kolumny orszakowej, dzi\u0119kuj\u0119 p. Rafa\u0142owi Okrzei za kucyka dla Maryi i p. Kazimierzowi W\u0105sowskiemu za owieczki do \u017cywej szopki. Dzi\u0119kuj\u0119 p. Wojciechowi Popowskiemu za posypanie piaskiem drogi, po kt\u00f3rej kroczy\u0142a kolumna orszakowa i nie by\u0142o \u017cadnych upadk\u00f3w. Dzi\u0119kuj\u0119 p. Tadeuszowi Jaczewskiemu i p. Rafa\u0142owi Miklaszewskiemu za filmowanie i fotografowanie. Wkr\u00f3tce b\u0119dzie film o naszym Orszaku i ci, kt\u00f3rzy pragn\u0105 mie\u0107 tak\u0105 pami\u0105tk\u0119 niech zapisz\u0105 si\u0119 na list\u0119.<\/p>\n<p>3. Jutro od 9.00 wizyta duszpasterska w Wygl\u0119d\u00f3wku. Z serca dzi\u0119kuj\u0119 za ofiary na potrzeby ko\u015bcio\u0142a przy okazji kol\u0119dy.<\/p>\n<p>4. Serdecznie dzi\u0119kuj\u0119 za sprz\u0105tanie ko\u015bcio\u0142a rodzinom z Jaworka i zapraszam na sobot\u0119 nast\u0119puj\u0105ce osoby: p. Alin\u0119 i S\u0142awomira Mr\u00f3z, p. Jolant\u0119 Ol\u0119dzk\u0105 oraz p. Zbigniewa i Leszka Szatkowskich<\/p>\n<p>5. Zach\u0119cam do lektury nowy Nr \u201eEcha Katolickiego\u201d. Znajdziemy \u015bwiadectwo \u017cycia niezwyk\u0142ego kap\u0142ana, jak budowa\u0107 relacje z bliskimi, o sytuacji chrze\u015bcijan na Bliskim Wschodzie i jak im konkretnie mo\u017cemy pom\u00f3c.<\/p>\n<h2 style=\"text-align: center;\"><span style=\"color: #ff0000;\">1 stycznia \u2013 Urocz. \u015awi\u0119tej Bo\u017cej Rodzicielki Maryi<\/span><\/h2>\n<p>1. W nowy 2017 rok wprowadza nas \u015bwi\u0119ta Bo\u017ca Rodzicielka Maryja i Jej zawierzamy ten czas, prosz\u0105c o pok\u00f3j na \u015bwiecie, w naszej Ojczy\u017anie i w ka\u017cdej rodzinie. Starajmy si\u0119 prze\u017cywa\u0107 pi\u0119knie z mi\u0142o\u015bci\u0105 i dla Bo\u017cej chwa\u0142y ka\u017cdy dzie\u0144 Nowego 2017 Roku.<\/p>\n<p>\u017beby doceni\u0107 warto\u015b\u0107 jednego roku, zapytaj studenta, kt\u00f3ry obla\u0142 ko\u0144cowe egzaminy.<br \/>\n\u017beby doceni\u0107 warto\u015b\u0107 miesi\u0105ca, spytaj matk\u0119, kt\u00f3rej dziecko przysz\u0142o na \u015bwiat za wcze\u015bnie.<br \/>\n\u017beby doceni\u0107 warto\u015b\u0107 godziny, zapytaj zakochanych czekaj\u0105cych na to, \u017ceby si\u0119 zobaczy\u0107.<br \/>\n\u017beby doceni\u0107 warto\u015b\u0107 minuty, zapytaj kogo\u015b, kto przegapi\u0142 autobus lub samolot.<br \/>\n\u017beby doceni\u0107 warto\u015b\u0107 sekundy, zapytaj kogo\u015b, kto prze\u017cy\u0142 wypadek.<br \/>\n\u017beby doceni\u0107 warto\u015b\u0107 setnej sekundy, zapytaj sportowca, kt\u00f3ry na olimpiadzie zdoby\u0142 srebrny medal.<br \/>\nCzas na nikogo nie czeka. \u0141ap ka\u017cdy moment, kt\u00f3ry ci zosta\u0142, bo jest warto\u015bciowy. Dziel go ze szczeg\u00f3lnym cz\u0142owiekiem &#8211;\u00a0 &#8211; b\u0119dzie jeszcze wi\u0119cej wart.<\/p>\n<p>Dzi\u015b po Mszy \u015bw. o 9.00 spotkanie op\u0142atkowe z radnymi, zapraszam na plebani\u0119. Po sumie adoracja Naj\u015bwi\u0119tszego Sakramentu z racji I niedzieli miesi\u0105ca. O 13.30 generalna pr\u00f3ba przed Orszakiem Trzech Kr\u00f3li. Intencja Apostolstwa Modlitwy: Aby wszyscy chrze\u015bcijanie, dochowuj\u0105c wierno\u015bci nauczaniu Pana, anga\u017cowali si\u0119, przez modlitw\u0119 i mi\u0142o\u015b\u0107 bratersk\u0105, na rzecz przywr\u00f3cenia pe\u0142nej jedno\u015bci ko\u015bcielnej i wsp\u00f3\u0142pracowali, mierz\u0105c si\u0119 z aktualnymi wyzwaniami stoj\u0105cymi przed ludzko\u015bci\u0105.<\/p>\n<p>2. W czwartek od 16.00 adoracja Naj\u015bwi\u0119tszego Sakramentu i modlitwa o powo\u0142ania kap\u0142a\u0144skie i do \u017cycia konsekrowanego. Tak\u017ce mo\u017cliwo\u015b\u0107 spowiedzi.<\/p>\n<p>3. W pi\u0105tek uroczysto\u015b\u0107 Objawienia Pa\u0144skiego, tradycyjnie zwana \u015bwi\u0119tem Trzech Kr\u00f3li. Msza \u015bw. o 9.00, 11.00 i 17.00. Ofiary na tac\u0119 s\u0105 przeznaczone na misje. Z racji uroczysto\u015bci mo\u017cna spo\u017cywa\u0107 pokarmy mi\u0119sne. Wszystkich parafian i go\u015bci zach\u0119cam do wzi\u0119cia w udzia\u0142u w Orszaku Trzech Kr\u00f3li, aby tworzy\u0107 radosn\u0105 wsp\u00f3lnot\u0119 Ko\u015bcio\u0142a. Wymarsz o godz. 12.30 z placu przy pieczarkarni, a zako\u0144czenie na parkingu przy ko\u015bciele, wsp\u00f3lnym \u015bpiewem kol\u0119d i gor\u0105cym posi\u0142kiem.<\/p>\n<p>4. Dzi\u0119kuj\u0119 za serdeczno\u015b\u0107 i otwarto\u015b\u0107 rozm\u00f3w podczas wizyt duszpasterskich. W tym tygodniu pragn\u0119 odwiedzi\u0107: w poniedzia\u0142ek od 9.00 \u2013 Swidno, w \u015brod\u0119 \u2013 W\u00f3lk\u0119, a w sobot\u0119 \u2013 Wierzbno, cz.II. (od p. Gog\u0142ozy do ko\u0144ca miejscowo\u015bci). W poniedzia\u0142ek 9 stycznia planuj\u0119 odwiedzi\u0107 mieszka\u0144c\u00f3w Wygl\u0119d\u00f3wka.<\/p>\n<p>5. W niedziel\u0119 8 stycznia \u015bwi\u0119to Chrztu Pa\u0144skiego i oficjalnie ko\u0144czy si\u0119 czas Narodzenia Pa\u0144skiego.<\/p>\n<p>6. W dniach od 16 do 24 lutego b\u0119d\u0119 na Pielgrzymce do Ziemi \u015awi\u0119tej.<\/p>\n<p>7. Dzi\u0119kuj\u0119 za sprz\u0105tanie rodzinom z Jaworka i na sobot\u0119 zapraszam: p. Stanis\u0142aw\u0119 i Kazimierza W\u0105sowskich, p. Miros\u0142aw\u0119 i S\u0142awomira Chrupek oraz p. Ew\u0119 i Hipolita Patoka.<\/p>\n<p>8. Zach\u0119cam do lektury nowy nr \u201eEcha Katolickiego\u201d. Przeczytamy o nowej tradycji Orszak\u00f3w Trzech Kr\u00f3li, a tak\u017ce dlaczego warto wspiera\u0107 misje.<\/p>\n","protected":false},"excerpt":{"rendered":"<p>Powr\u00f3t do listy og\u0142osze\u0144 29 stycznia \u2013 IV Niedziela zwyk\u0142a 1. Dzi\u015b po Mszy \u015bw. o 9.00 spotkanie dla rodzic\u00f3w i dzieci klasy III, przygotowuj\u0105cych si\u0119 do I spowiedzi i Komunii \u015bw. Pani katechetka przekazuje informacj\u0119, \u017ce we wtorek 31 stycznia o 17.00 na starej plebanii spotkanie z pani\u0105 krawcow\u0105 i przymiarka stroj\u00f3w pierwszokomunijnych. Prosz\u0119 przygotowa\u0107 zaliczk\u0119 w wysoko\u015bci 40 z\u0142. Pan Tadeusz Jaczewski po Mszy \u015bw. b\u0119dzie rozprowadza\u0142 kasety z filmem z naszego Orszaku. Serdecznie zach\u0119cam do wzi\u0119cia udzia\u0142u w kuligu w Jaworku, pocz\u0105tek o 14.30, potem ognisko, pieczona kie\u0142basa i \u015bpiewanie kol\u0119d. 2. Dzi\u0119kuj\u0119 tym, kt\u00f3rzy nabyli w ostatni\u0105 niedziel\u0119 cegie\u0142ki (\u0142\u0105cznie 695 z\u0142) na budow\u0119 Domu Pielgrzyma w Pratulinie. Mamy jako parafia Wierzbno rozprowadzi\u0107 cegie\u0142ki na kwot\u0119 4200 z\u0142. W zakrystii mo\u017cna z\u0142o\u017cy\u0107 ofiar\u0119 na ten cel i otrzyma\u0107 cegie\u0142k\u0119. Jest nowy grafik czytaj\u0105cych s\u0142owo Bo\u017ce na miesi\u0105c luty. Przepraszam, \u017ce nie poinformowa\u0142em o ofiarach (\u0142\u0105cznie 900 \u2026 <a class=\"continue-reading-link\" href=\"https:\/\/www.parafiawierzbno.com.pl\/?page_id=4725\">Czytaj dalej <span class=\"meta-nav\">&rarr; <\/span><\/a><\/p>\n","protected":false},"author":1,"featured_media":0,"parent":225,"menu_order":0,"comment_status":"closed","ping_status":"closed","template":"","meta":{"ngg_post_thumbnail":0},"_links":{"self":[{"href":"https:\/\/www.parafiawierzbno.com.pl\/index.php?rest_route=\/wp\/v2\/pages\/4725"}],"collection":[{"href":"https:\/\/www.parafiawierzbno.com.pl\/index.php?rest_route=\/wp\/v2\/pages"}],"about":[{"href":"https:\/\/www.parafiawierzbno.com.pl\/index.php?rest_route=\/wp\/v2\/types\/page"}],"author":[{"embeddable":true,"href":"https:\/\/www.parafiawierzbno.com.pl\/index.php?rest_route=\/wp\/v2\/users\/1"}],"replies":[{"embeddable":true,"href":"https:\/\/www.parafiawierzbno.com.pl\/index.php?rest_route=%2Fwp%2Fv2%2Fcomments&post=4725"}],"version-history":[{"count":8,"href":"https:\/\/www.parafiawierzbno.com.pl\/index.php?rest_route=\/wp\/v2\/pages\/4725\/revisions"}],"predecessor-version":[{"id":4757,"href":"https:\/\/www.parafiawierzbno.com.pl\/index.php?rest_route=\/wp\/v2\/pages\/4725\/revisions\/4757"}],"up":[{"embeddable":true,"href":"https:\/\/www.parafiawierzbno.com.pl\/index.php?rest_route=\/wp\/v2\/pages\/225"}],"wp:attachment":[{"href":"https:\/\/www.parafiawierzbno.com.pl\/index.php?rest_route=%2Fwp%2Fv2%2Fmedia&parent=4725"}],"curies":[{"name":"wp","href":"https:\/\/api.w.org\/{rel}","templated":true}]}}