{"id":9093,"date":"2019-02-10T22:27:57","date_gmt":"2019-02-10T21:27:57","guid":{"rendered":"https:\/\/www.parafiawierzbno.com.pl\/?page_id=9093"},"modified":"2019-02-27T09:25:27","modified_gmt":"2019-02-27T08:25:27","slug":"ogloszenia-luty-2019","status":"publish","type":"page","link":"https:\/\/www.parafiawierzbno.com.pl\/?page_id=9093","title":{"rendered":"Og\u0142oszenia &#8211; Luty 2019"},"content":{"rendered":"<p><a title=\"Og\u0142oszenia parafialne\" href=\"https:\/\/www.parafiawierzbno.com.pl\/?page_id=225\">Powr\u00f3t do listy og\u0142osze\u0144<\/a><\/p>\n<h2 style=\"text-align: center;\"><span style=\"color: #333399;\">24 luty \u2013 7 Niedziela zwyk\u0142a<\/span><\/h2>\n<p>1. Dzi\u015b po Mszy \u015bw. o 9.00 katecheza dla rodzic\u00f3w i kandydat\u00f3w do Sakramentu Bierzmowania. Serdecznie dzi\u0119kuj\u0119 za ofiary na tac\u0119, kt\u00f3re s\u0105 przeznaczone na remont elewacji ko\u015bcio\u0142a i dzwonnicy. Jest \u201eOremus\u201d i grafik na marzec dla czytaj\u0105cych S\u0142owo Bo\u017ce podczas Eucharystii.<\/p>\n<p>2. W tym tygodniu pierwszy pi\u0105tek miesi\u0105ca. O 7.30 Msza \u015bw. wynagradzaj\u0105ca Naj\u015bw. Sercu Pana Jezusa za grzechy nasze i ca\u0142ego \u015bwiata, a od 9.00 odwiedzam chorych pragn\u0105cych przyj\u0105\u0107 Chrystusa w Komunii \u015bw.<\/p>\n<p>3. Pierwsza sobota miesi\u0105ca, po Mszy \u015bw. o 7.30 \u2013 nabo\u017ce\u0144stwo wynagradzaj\u0105ce Niepokalanemu Sercu Maryi za grzechy nasze i ca\u0142ego \u015bwiata.<\/p>\n<p>4. Pierwsza niedziela miesi\u0105ca. Po sumie wystawienie Naj\u015bwi\u0119tszego Sakramentu, adoracja i zmianka tajemnic r\u00f3\u017ca\u0144cowych.<\/p>\n<p>5. W czwartek 21 lutego br. Pan wezwa\u0142 do wieczno\u015bci Ksi\u0119dza Biskupa Alojzego Orszulika SAC, biskupa pomocniczego Diecezji Siedleckiej w latach 1989-1992, a nast\u0119pnie pierwszego biskupa diecezji \u0142owieckiej. Prze\u017cy\u0142 on 90 lat, w tym 62 w kap\u0142a\u0144stwie i 30 w pos\u0142ugiwaniu biskupim.<\/p>\n<p>6.&nbsp; W sobot\u0119 16 marca jest organizowany wyjazd na Kongres R\u00f3\u017ca\u0144cowy do Radzynia Podlaskiego. Zach\u0119cam do wzi\u0119cia udzia\u0142u i prosz\u0119 zg\u0142asza\u0107 si\u0119 do pani Czes\u0142awy Gryglas z Wycz\u00f3\u0142ek.<\/p>\n<p>7. Dzi\u0119kuj\u0119 rodzinom ze \u015awidna za sprz\u0105tanie ko\u015bcio\u0142a i na sobot\u0119 zapraszam: p. Halin\u0119 i Krzysztofa Chabiera, p. Edyt\u0119 i Daniela Chabiera oraz p. Leszka Kodyma.<\/p>\n<p>8. Zach\u0119cam do lektury nowy Nr \u201eEcha Katolickiego\u201d. Przeczytamy o zadaniach, jakie stoj\u0105 przed radami parafialnymi, o objawieniach prywatnych, o powstaj\u0105cym w Siedlcach hospicjum dla dzieci a tak\u017ce parafii, kt\u00f3ra ufundowa\u0142a studni\u0119 dla mieszka\u0144c\u00f3w Czadu. Znajdziemy materia\u0142y formacyjne dla k\u00f3\u0142 \u017cywego r\u00f3\u017ca\u0144ca.<\/p>\n<h2 style=\"text-align: center;\"><span style=\"color: #333399;\">17 luty \u2013 6 Niedziela zwyk\u0142a<\/span><\/h2>\n<p>1. Dzi\u015b po Mszy \u015bw. o 9.00 katecheza dla rodzic\u00f3w i dzieci klasy III, przygotowuj\u0105cych si\u0119 do pierwszej spowiedzi i Komunii \u015bw. Wczoraj z przedstawicielami naszej Rady parafialnej byli\u015bmy na rejonowym spotkaniu w Siedlcach.<\/p>\n<p>2. Od jutra do \u015brody jestem na og\u00f3lnopolskim spotkaniu referent\u00f3w misyjnych na G\u00f3rze \u015bw. Anny. We wtorek zast\u0105pi mnie ks. Stanis\u0142aw Abramczuk, a w nag\u0142ych sytuacjach duszpasterskich prosz\u0119 zwraca\u0107 si\u0119 do ks. dziekana w Gr\u0119bkowie.<\/p>\n<p>3. W pi\u0105tek \u015bwi\u0119to Katedry \u015bw. Piotra i zapraszam na Msz\u0119 \u015bw. o 7.00 rano.<\/p>\n<p>4. W najbli\u017csz\u0105 niedziel\u0119 po Mszy \u015bw. o 9.00 katecheza dla rodzic\u00f3w i m\u0142odzie\u017cy przygotowuj\u0105cej si\u0119 do Sakramentu Bierzmowania. Ofiary na tac\u0119 b\u0119d\u0105 przeznaczone na remont elewacji ko\u015bcio\u0142a i dzwonnicy. Wsp\u00f3lnie z Urz\u0119dem Gminy przygotowujemy wniosek do konserwatora wojew\u00f3dzkiego o dofinansowanie prac renowacyjnych przy ko\u015bciele i dzwonnicy.<\/p>\n<p>5. Dzi\u0119kuj\u0119 za sprz\u0105tanie ko\u015bcio\u0142a i na sobot\u0119 zapraszam: p. J\u00f3zefa Sobiepanek i p. Honorat\u0119 Sobiepanek, p. Mariann\u0119 i W\u0142odzimierza Jasi\u0144skich oraz p. Ann\u0119 i Rafa\u0142a Jasi\u0144skich.<\/p>\n<p>6.<\/p>\n<p>7. Powiatowy Zesp\u00f3\u0142 Doradztwa Rolniczego w W\u0119growie zaprasza w dniu 19 lutego o 10.00 w Urz\u0119dzie Gminy na szkolenie na temat: \u201eProgram rozwoju obszar\u00f3w wiejskich na lata 2014-2020\u201d.<\/p>\n<p>8. Zach\u0119cam do lektury nowy Nr \u201eEcha Katolickiego\u201d. Przeczytamy, jak w\u0142a\u015bciwie rozumie\u0107 tre\u015b\u0107 o\u015bmiu b\u0142ogos\u0142awie\u0144stw, o rych\u0142ej beatyfikacji Stefana kardyna\u0142a Wyszy\u0144skiego, czym najcz\u0119\u015bciej kieruj\u0105 si\u0119 rodzice przy wyborze imienia dla swojego dziecka oraz jak walczy\u0107 z senno\u015bci\u0105.<\/p>\n<h2 style=\"text-align: center;\"><span style=\"color: #000080;\">10 lutego \u2013 5 Niedziela zwyk\u0142a<\/span><\/h2>\n<p>1. Z racji Dnia Chorego podczas Mszy \u015bw. o godz. 9.00 zosta\u0142 udzielony sakrament chorych osobom ci\u0119\u017cko chorym i w starszym wieku. Po Mszy \u015bw. zmianka tajemnic r\u00f3\u017ca\u0144cowych dla rodzic\u00f3w modl\u0105cych si\u0119 za swoje dzieci.<\/p>\n<p>2. Jutro \u015awiatowy Dzie\u0144 Chorego b\u0119dzie prze\u017cywany pod has\u0142em: \u201eDarmo otrzymali\u015bcie, darmo dawajcie\u201d. Papie\u017c Franciszek pisze: \u201eOpieka nad chorymi wymaga czu\u0142o\u015bci i bezinteresownych prostych gest\u00f3w, przez kt\u00f3re daje si\u0119 odczu\u0107 drugiemu, \u017ce jest wa\u017cny\u201d.<\/p>\n<p>3. W czwartek \u015bw. Cyryla i Metodego, patron\u00f3w Europy i zapraszam na Msz\u0119 \u015bw. o 17.00.<\/p>\n<p>4. W najbli\u017csz\u0105 niedziel\u0119 po Mszy \u015bw. o 9.00 katecheza dla rodzic\u00f3w i dzieci klasy III, przygotowuj\u0105cych si\u0119 do pierwszej spowiedzi i Komunii \u015bw.<\/p>\n<p>5. W dniach 18-20 lutego b\u0119d\u0119 na og\u00f3lnopolskim zje\u017adzie referent\u00f3w misyjnych na G\u00f3rze \u015bw. Anny. We wtorek 19 lutego Msz\u0119 \u015bw. odprawi ks. Stanis\u0142aw Abramczuk.<\/p>\n<p>6. Przypominam, \u017ce w dwie soboty: 16 i 23 lutego w Gr\u0119bkowie odb\u0119d\u0105 si\u0119 nauki dla narzeczonych z naszego dekanatu. Pocz\u0105tek zaj\u0119\u0107 o godz. 10.00 w sali katechetycznej przy plebanii.<\/p>\n<p>7. Dzi\u0119kuj\u0119 za sprz\u0105tanie ko\u015bcio\u0142a rodzinom ze \u015awidna i na sobot\u0119 zapraszam: p. Mariana Drabarka, p. Mieczys\u0142awa Grabowskiego oraz p. Ew\u0119 i Zenona \u0141abarzewskich.<\/p>\n<p>8. Zach\u0119cam do lektury nowego Nr \u201eEcha Katolickiego\u201d. Przeczytamy list misjonarki Katarzyny Parnickiej, jak reagowa\u0107 na ludzi, kt\u00f3rzy wnosz\u0105 z\u0142e emocje oraz o sile wiary pozwalaj\u0105cej przyj\u0105\u0107 krzy\u017c choroby.<\/p>\n<h2 style=\"text-align: center;\"><span style=\"color: #000080;\">3 lutego \u2013 4 Niedziela zwyk\u0142a<\/span><\/h2>\n<p>1. Dzi\u015b z racji pierwszej niedzieli miesi\u0105ca po sumie wystawienie Naj\u015bwi\u0119tszego Sakramentu, adoracja i zmianka tajemnic r\u00f3\u017ca\u0144cowych. Ofiarami do puszek wspieramy misjonarza ks. Jaros\u0142awa Dziedzica i misje w Boliwii. Intencja Apostolstwa Modlitwy na luty: O wspania\u0142omy\u015blne przyj\u0119cie ofiar handlu lud\u017ami i przymusowej prostytucji oraz wszelkiej innej przemocy.<\/p>\n<p>2. W poniedzia\u0142ek 14 rocznica \u015bwi\u0119ce\u0144 biskupich Pasterza diecezji ks. Biskupa Kazimierza. Zawierzajmy go w naszych modlitwach.<\/p>\n<p>3. W czwartek od 16.00 adoracja Naj\u015bwi\u0119tszego Sakramentu i modlitwa o powo\u0142ania kap\u0142a\u0144skie, misyjne i do \u017cycia konsekrowanego.<\/p>\n<p>4. W pi\u0105tek 15 rocznica \u015bmierci ks. Wies\u0142awa G\u0142owackiego, a w sobot\u0119 o 17.30 Msza \u015bw. o \u0142ask\u0119 nieba dla \u015bp. ks. Stanis\u0142awa Dadasa w 1 r. \u015bm.<\/p>\n<p>5. W najbli\u017csz\u0105 niedziel\u0119 na Mszy \u015bw. o 9.00 modlimy si\u0119 za chorych i starszych. Z okazji dnia chorego po homilii b\u0119dzie udzielony sakrament chorych, a po Mszy \u015bw. zmianka tajemnic dla wsp\u00f3lnoty rodzic\u00f3w modl\u0105cych si\u0119 za dzieci. Prosz\u0119 o dowiezienie ludzi chorych i starszych do ko\u015bcio\u0142a na Msz\u0119 \u015bw. o 9.00, a tak\u017ce zatroszczmy si\u0119 by przede Msz\u0105 mogli skorzysta\u0107 ze spowiedzi.<\/p>\n<p>6. Dzi\u0119kuj\u0119 za sprz\u0105tanie ko\u015bcio\u0142a rodzinom z Wygl\u0119d\u00f3wka i na sobot\u0119 zapraszam ju\u017c rodziny ze \u015awidna: p. Albin\u0119 i Dariusza Wojty\u0144skich, p. Mari\u0119 i Bronis\u0142awa Sobiepanek oraz p. Hann\u0119 i Jana Tomkiewicz.<\/p>\n<p>7. Zach\u0119cam do lektury nowy Nr \u201eEcha Katolickiego\u201d. Przeczytamy o francuskiej stygmatyczce Marcie Robin, o wielkim znaczeniu os\u00f3b konsekrowanych oraz komu przeszkadza religia w szkole.<\/p>\n","protected":false},"excerpt":{"rendered":"<p>Powr\u00f3t do listy og\u0142osze\u0144 24 luty \u2013 7 Niedziela zwyk\u0142a 1. Dzi\u015b po Mszy \u015bw. o 9.00 katecheza dla rodzic\u00f3w i kandydat\u00f3w do Sakramentu Bierzmowania. Serdecznie dzi\u0119kuj\u0119 za ofiary na tac\u0119, kt\u00f3re s\u0105 przeznaczone na remont elewacji ko\u015bcio\u0142a i dzwonnicy. Jest \u201eOremus\u201d i grafik na marzec dla czytaj\u0105cych S\u0142owo Bo\u017ce podczas Eucharystii. 2. W tym tygodniu pierwszy pi\u0105tek miesi\u0105ca. O 7.30 Msza \u015bw. wynagradzaj\u0105ca Naj\u015bw. Sercu Pana Jezusa za grzechy nasze i ca\u0142ego \u015bwiata, a od 9.00 odwiedzam chorych pragn\u0105cych przyj\u0105\u0107 Chrystusa w Komunii \u015bw. 3. Pierwsza sobota miesi\u0105ca, po Mszy \u015bw. o 7.30 \u2013 nabo\u017ce\u0144stwo wynagradzaj\u0105ce Niepokalanemu Sercu Maryi za grzechy nasze i ca\u0142ego \u015bwiata. 4. Pierwsza niedziela miesi\u0105ca. Po sumie wystawienie Naj\u015bwi\u0119tszego Sakramentu, adoracja i zmianka tajemnic r\u00f3\u017ca\u0144cowych. 5. W czwartek 21 lutego br. Pan wezwa\u0142 do wieczno\u015bci Ksi\u0119dza Biskupa Alojzego Orszulika SAC, biskupa pomocniczego Diecezji Siedleckiej w latach 1989-1992, a nast\u0119pnie pierwszego biskupa diecezji \u0142owieckiej. Prze\u017cy\u0142 on \u2026 <a class=\"continue-reading-link\" href=\"https:\/\/www.parafiawierzbno.com.pl\/?page_id=9093\">Czytaj dalej <span class=\"meta-nav\">&rarr; <\/span><\/a><\/p>\n","protected":false},"author":1,"featured_media":0,"parent":225,"menu_order":0,"comment_status":"closed","ping_status":"closed","template":"","meta":{"ngg_post_thumbnail":0},"_links":{"self":[{"href":"https:\/\/www.parafiawierzbno.com.pl\/index.php?rest_route=\/wp\/v2\/pages\/9093"}],"collection":[{"href":"https:\/\/www.parafiawierzbno.com.pl\/index.php?rest_route=\/wp\/v2\/pages"}],"about":[{"href":"https:\/\/www.parafiawierzbno.com.pl\/index.php?rest_route=\/wp\/v2\/types\/page"}],"author":[{"embeddable":true,"href":"https:\/\/www.parafiawierzbno.com.pl\/index.php?rest_route=\/wp\/v2\/users\/1"}],"replies":[{"embeddable":true,"href":"https:\/\/www.parafiawierzbno.com.pl\/index.php?rest_route=%2Fwp%2Fv2%2Fcomments&post=9093"}],"version-history":[{"count":5,"href":"https:\/\/www.parafiawierzbno.com.pl\/index.php?rest_route=\/wp\/v2\/pages\/9093\/revisions"}],"predecessor-version":[{"id":9100,"href":"https:\/\/www.parafiawierzbno.com.pl\/index.php?rest_route=\/wp\/v2\/pages\/9093\/revisions\/9100"}],"up":[{"embeddable":true,"href":"https:\/\/www.parafiawierzbno.com.pl\/index.php?rest_route=\/wp\/v2\/pages\/225"}],"wp:attachment":[{"href":"https:\/\/www.parafiawierzbno.com.pl\/index.php?rest_route=%2Fwp%2Fv2%2Fmedia&parent=9093"}],"curies":[{"name":"wp","href":"https:\/\/api.w.org\/{rel}","templated":true}]}}